{"id":21838,"date":"2018-01-02T01:04:22","date_gmt":"2018-01-02T01:04:22","guid":{"rendered":"http:\/\/biblian.is\/videy\/lukasargudspjall-16-kafli\/"},"modified":"2018-01-02T01:04:22","modified_gmt":"2018-01-02T01:04:22","slug":"lukasargudspjall-16-kafli","status":"publish","type":"page","link":"https:\/\/biblian.is\/videy\/lukasargudspjall-16-kafli\/","title":{"rendered":"L\u00fakasargu\u00f0spjall 16. kafli"},"content":{"rendered":"<div class=\"fyrirsognVidey\">D\u00e6misagan um hinn \u00f3tr\u00faa r\u00e1\u00f0smann; Jes\u00fas \u00e1v\u00edtar far\u00edseana, og segir d\u00e6mis\u00f6gu um Lasarus og hinn r\u00edka.<\/div>\n<p><a name=\"1\"><span class=\"versanumer\">1<\/span><\/a>En hann kom og svo \u00feannig a\u00f0 m\u00e1li vi\u00f0 l\u00e6risveina s\u00edna: ma\u00f0ur nokkur r\u00edkur haf\u00f0i s\u00e9r r\u00e1\u00f0smann \u00feann, er r\u00e6g\u00f0ur var fyrir honum um \u00fea\u00f0, a\u00f0 hann hef\u00f0i s\u00f3a\u00f0 hans g\u00f3ssi,<a name=\"2\"><span class=\"versanumer\">2<\/span><\/a>kalla\u00f0i hann \u00fe\u00e1 \u00feennan fyrir sig og sag\u00f0i: hv\u00ed heyri eg \u00feetta um \u00feig? gj\u00f6r \u00fe\u00fa reikningskap r\u00e1\u00f0smennsku \u00feinnar, \u00fev\u00ed \u00fe\u00fa getur ekki lengur veri\u00f0 r\u00e1\u00f0sma\u00f0ur minn.<a name=\"3\"><span class=\"versanumer\">3<\/span><\/a>\u00de\u00e1 hugsa\u00f0i r\u00e1\u00f0sma\u00f0urinn: hva\u00f0 skal eg n\u00fa til brag\u00f0s taka? h\u00fasb\u00f3ndi minn sviptir mig r\u00e1\u00f0smennskunni, eg megna ekki a\u00f0 grafa <span class='VideyAth'>a)<\/span>, en skammast m\u00edn a\u00f0 fara \u00e1 vonarv\u00f6l.<a name=\"4\"><span class=\"versanumer\">4<\/span><\/a>S\u00e9 eg, hva\u00f0 eg skal gj\u00f6ra, svo a\u00f0 \u00feeir, n\u00e6r eg ver\u00f0 settur fr\u00e1 r\u00e1\u00f0smennskunni, skj\u00f3ti skj\u00f3lsh\u00fasi yfir mig.<a name=\"5\"><span class=\"versanumer\">5<\/span><\/a>Kalla\u00f0i hann \u00fe\u00e1 \u00e1 hvern og einn af skuldunautum h\u00fasb\u00f3nda s\u00edns; hinn fyrsta spur\u00f0i hann: hva\u00f0 miki\u00f0 ert \u00fe\u00fa skuldugur h\u00fasb\u00f3nda m\u00ednum?<a name=\"6\"><span class=\"versanumer\">6<\/span><\/a>Hann sag\u00f0i: hundra\u00f0 tunnur vi\u00f0smj\u00f6rs. Hinn m\u00e6lti: tak skrift \u00fe\u00edna, set \u00feig ni\u00f0ur og skrifa \u00fe\u00fa snarlega fimmt\u00edu.<a name=\"7\"><span class=\"versanumer\">7<\/span><\/a>\u00dear eftir sag\u00f0i hann vi\u00f0 annan: en hva\u00f0 miki\u00f0 ert \u00fe\u00fa skuldugur? hann sag\u00f0i: hundra\u00f0 st\u00f3rm\u00e6lira hveitis; \u00fe\u00e1 sag\u00f0i hann: tak \u00fe\u00fa handskrift \u00fe\u00edna, og skrifa \u00fe\u00fa \u00e1ttat\u00edu.<a name=\"8\"><span class=\"versanumer\">8<\/span><\/a>\u00de\u00e1 hr\u00f3sa\u00f0i h\u00fasb\u00f3ndinn \u00feeim rangl\u00e1ta r\u00e1\u00f0smanni, a\u00f0 hann hef\u00f0i breytt svo k\u00e6nlega, \u00fev\u00ed \u00feessa heims b\u00f6rn eru k\u00e6nari vi\u00f0 samt\u00ed\u00f0amenn s\u00edna, en synir lj\u00f3ssins;<a name=\"9\"><span class=\"versanumer\">9<\/span><\/a>\u00fea\u00f0 segi eg y\u00f0ur: gj\u00f6ri\u00f0 y\u00f0ur vini af hinum sviks\u00f6mu au\u00f0\u00e6fum, svo n\u00e6r \u00fe\u00e9r fari\u00f0 h\u00e9\u00f0an, a\u00f0 \u00fe\u00e9r \u00fe\u00e1 ver\u00f0i\u00f0 me\u00f0teknir \u00ed \u00fe\u00e6r eil\u00edfu tjaldb\u00fa\u00f0ir.<a name=\"10\"><span class=\"versanumer\">10<\/span><\/a>S\u00e1, sem er tr\u00far yfir litlu, mun einnig vera tr\u00far yfir miklu, og s\u00e1, sem er \u00f3tr\u00far yfir litlu, mun og \u00f3tr\u00far vera yfir miklu.<a name=\"11\"><span class=\"versanumer\">11<\/span><\/a>Ef a\u00f0 \u00fe\u00e9r \u00fev\u00ed ekki eru\u00f0 tr\u00fair yfir hinum sviks\u00f6mu au\u00f0\u00e6fum, hver mundi \u00fe\u00e1 tr\u00faa y\u00f0ur fyrir sannarlegum g\u00e6\u00f0um?<a name=\"12\"><span class=\"versanumer\">12<\/span><\/a>Og ef \u00fe\u00e9r ekki s\u00fdni\u00f0 tr\u00famennsku \u00ed me\u00f0fer\u00f0 \u00feess, sem a\u00f0rir eiga, hver mun \u00fe\u00e1 gefa y\u00f0ur \u00fea\u00f0, sem y\u00f0vart er <span class='VideyAth'>b)<\/span>?<a name=\"13\"><span class=\"versanumer\">13<\/span><\/a>Enginn kann tveimur Herrum a\u00f0 \u00fej\u00f3na, \u00fev\u00ed anna\u00f0hv\u00f6rt hl\u00fdtur hann a\u00f0 meta \u00feann eina mi\u00f0ur, og hinn annan meira, e\u00f0ur a\u00f0hyllast \u00feann eina og afr\u00e6kja hinn. \u00deannig geti\u00f0 \u00fe\u00e9r ekki veri\u00f0 b\u00e6\u00f0i \u00fej\u00f3nar Gu\u00f0s og au\u00f0sins.<br \/><a name=\"14\"><span class=\"versanumer\">14<\/span><\/a>\u00de\u00e1 far\u00edsearnir, sem voru menn \u00e1gjarnir, heyr\u00f0u allt \u00feetta, gj\u00f6r\u00f0u \u00feeir gys a\u00f0 honum;<a name=\"15\"><span class=\"versanumer\">15<\/span><\/a>h\u00e9r til svara\u00f0i hann \u00feeim: \u00fe\u00e9r keppist eftir a\u00f0 s\u00fdnast r\u00e9ttl\u00e1tir fyrir \u00f6\u00f0rum, en Gu\u00f0 \u00feekkir y\u00f0ar hj\u00f6rtu; \u00fev\u00ed oft er \u00fea\u00f0, sem menn \u00e1l\u00edta \u00e1g\u00e6tt, Gu\u00f0i andstyggilegt.<a name=\"16\"><span class=\"versanumer\">16<\/span><\/a>L\u00f6gm\u00e1li\u00f0 og sp\u00e1mennirnir giltu allt til J\u00f3hannesar t\u00edma; s\u00ed\u00f0an hefir kenndur veri\u00f0 l\u00e6rd\u00f3murinn um Gu\u00f0s r\u00edki, og hver ma\u00f0ur vill \u00ferengja s\u00e9r \u00fear inn me\u00f0 valdi;<a name=\"17\"><span class=\"versanumer\">17<\/span><\/a>en au\u00f0veldara er \u00fea\u00f0, a\u00f0 himinn og j\u00f6r\u00f0 forgangi, en a\u00f0 hi\u00f0 minnsta atri\u00f0i af l\u00f6gm\u00e1linu t\u00fdnist.<a name=\"18\"><span class=\"versanumer\">18<\/span><\/a>Hver, sem segir skili\u00f0 vi\u00f0 konu s\u00edna og gengur a\u00f0 eiga a\u00f0ra, dr\u00fdgir h\u00f3r, og hv\u00f6r, sem tekur \u00fe\u00e1 konu, sem skili\u00f0 hefir sig fr\u00e1 manni s\u00ednum, dr\u00fdgir h\u00f3r.<br \/><a name=\"19\"><span class=\"versanumer\">19<\/span><\/a>\u00dea\u00f0 var einu sinni r\u00edkisma\u00f0ur, sem kl\u00e6ddist purpura og d\u00fdrindis l\u00edni, og lif\u00f0i dag hvern \u00ed d\u00fdr\u00f0legum fagna\u00f0i.<a name=\"20\"><span class=\"versanumer\">20<\/span><\/a>Fyrir dyrum hans l\u00e1 f\u00e1t\u00e6kur ma\u00f0ur, er Lasarus h\u00e9t, hla\u00f0inn kaunum;<a name=\"21\"><span class=\"versanumer\">21<\/span><\/a>hann girntist a\u00f0 se\u00f0ja sig af molum \u00feeim, er f\u00e9llu af bor\u00f0um ens r\u00edka, og jafnvel hundar komu og sleiktu s\u00e1r hans.<a name=\"22\"><span class=\"versanumer\">22<\/span><\/a>En svo bar vi\u00f0 a\u00f0 hinn f\u00e1t\u00e6ki d\u00f3 og var borinn af englum \u00ed fa\u00f0m Abrahams; s\u00f6mulei\u00f0is d\u00f3 hinn r\u00edki og var grafinn.<a name=\"23\"><span class=\"versanumer\">23<\/span><\/a>En er hann var \u00ed helv\u00edtiskv\u00f6lum, \u00fe\u00e1 h\u00f3f hann upp augu s\u00edn, og s\u00e1 Abraham \u00e1lengdar, og Lasarus \u00ed fa\u00f0mi hans.<a name=\"24\"><span class=\"versanumer\">24<\/span><\/a>\u00de\u00e1 kalla\u00f0i hann og sag\u00f0i: Fa\u00f0ir Abraham! miskunna \u00fe\u00fa m\u00e9r og send Lasarus, a\u00f0 hann d\u00fdfi fingurg\u00f3mi s\u00ednum \u00ed vatn og k\u00e6li tungu m\u00edna, \u00fev\u00ed eg kvelst \u00ed \u00feessum loga.<a name=\"25\"><span class=\"versanumer\">25<\/span><\/a>\u00de\u00e1 sag\u00f0i Abraham: minnstu \u00feess, sonur! a\u00f0 \u00fe\u00fa naust hins g\u00f3\u00f0a \u00ed l\u00edfinu, en Lasarus ens vonda, \u00fev\u00ed ver\u00f0ur hann n\u00fa hugga\u00f0ur en \u00fe\u00fa kvalinn.<a name=\"26\"><span class=\"versanumer\">26<\/span><\/a>Auk alls \u00feessa er \u00fev\u00ed svo vari\u00f0, a\u00f0 \u00e1 me\u00f0al vor og y\u00f0ar er st\u00f3r geimur, svo hv\u00f6rki \u00feeir, sem vilja h\u00e9\u00f0an til y\u00f0ar, e\u00f0ur fr\u00e1 y\u00f0ur til vor, geta komist yfir.<a name=\"27\"><span class=\"versanumer\">27<\/span><\/a>\u00de\u00e1 sag\u00f0i hann: \u00fe\u00e1 bi\u00f0 eg \u00feig, Fa\u00f0ir! a\u00f0 \u00fe\u00fa sendir hann \u00ed h\u00fas f\u00f6\u00f0ur m\u00edns,<a name=\"28\"><span class=\"versanumer\">28<\/span><\/a>\u00fev\u00ed eg hefi fimm br\u00e6\u00f0ur, a\u00f0 hann vari \u00fe\u00e1 vi\u00f0 a\u00f0 ekki komi \u00feeir l\u00edka \u00ed \u00feenna kvalasta\u00f0.<a name=\"29\"><span class=\"versanumer\">29<\/span><\/a>\u00de\u00e1 sag\u00f0i Abraham: \u00feeir hafa M\u00f3ses og sp\u00e1mennina, hl\u00fd\u00f0i \u00feeir \u00feeim.<a name=\"30\"><span class=\"versanumer\">30<\/span><\/a>Hinn m\u00e6lti: nei, Fa\u00f0ir Abraham! heldur ef nokkur dau\u00f0ra k\u00e6mi til \u00feeirra, \u00fe\u00e1 mundu \u00feeir b\u00e6ta r\u00e1\u00f0 sitt.<a name=\"31\"><span class=\"versanumer\">31<\/span><\/a>\u00de\u00e1 svara\u00f0i Abraham: ef \u00feeir ekki vilja hl\u00fd\u00f0nast M\u00f3si og sp\u00e1m\u00f6nnunum, munu \u00feeir ekki heldur tr\u00faa, \u00fe\u00f3tt einhv\u00f6r dau\u00f0ur upprisi.<\/p>\n<div class=\"footnoteVidey\">V. 3. a. Grafa, \u00fe. e. vinna stritvinnu.  V. 6. Tunna (bat), lagarm\u00e6lir, h\u00e9r um bil 72 pottar.  V. 7. St\u00f3rm\u00e6lir (k\u00f3r), \u00feurram\u00e6lir, t\u00edu sinnum st\u00e6rri en bat.  V. 12. b. Y\u00f0vart, \u00fe. e. \u00fea\u00f0 sem \u00fe\u00e9r eigi\u00f0 eil\u00edflega a\u00f0 a\u00f0 b\u00faa.  V. 13. Matt. 6,24.  V. 16. Matt. 11,12.  V. 17. Matt. 5,17\u201318.  V. 18. Matt. 5,32.<\/div>\n","protected":false},"excerpt":{"rendered":"<p>D\u00e6misagan um hinn \u00f3tr\u00faa r\u00e1\u00f0smann; Jes\u00fas \u00e1v\u00edtar far\u00edseana, og segir d\u00e6mis\u00f6gu um Lasarus og hinn r\u00edka. 1En hann kom og svo \u00feannig a\u00f0 m\u00e1li vi\u00f0 l\u00e6risveina s\u00edna: ma\u00f0ur nokkur r\u00edkur haf\u00f0i s\u00e9r r\u00e1\u00f0smann \u00feann, er r\u00e6g\u00f0ur var fyrir honum um \u00fea\u00f0, a\u00f0 hann hef\u00f0i s\u00f3a\u00f0 hans g\u00f3ssi,2kalla\u00f0i hann \u00fe\u00e1 \u00feennan fyrir sig og sag\u00f0i: hv\u00ed heyri eg \u00feetta um \u00feig? gj\u00f6r \u00fe\u00fa reikningskap r\u00e1\u00f0smennsku \u00feinnar, \u00fev\u00ed \u00fe\u00fa getur ekki lengur veri\u00f0 r\u00e1\u00f0sma\u00f0ur minn.3\u00de\u00e1 hugsa\u00f0i r\u00e1\u00f0sma\u00f0urinn: hva\u00f0 skal eg n\u00fa til brag\u00f0s taka? h\u00fasb\u00f3ndi minn sviptir mig r\u00e1\u00f0smennskunni, eg megna ekki a\u00f0 grafa a), en skammast m\u00edn a\u00f0 fara \u00e1 vonarv\u00f6l.4S\u00e9 <a href=\"https:\/\/biblian.is\/videy\/lukasargudspjall-16-kafli\/\"> [&#8230;]<\/a><\/p>\n","protected":false},"author":1,"featured_media":0,"parent":0,"menu_order":0,"comment_status":"open","ping_status":"open","template":"bibliukaflar.php","meta":{"footnotes":""},"class_list":["post-21838","page","type-page","status-publish","hentry"],"_links":{"self":[{"href":"https:\/\/biblian.is\/videy\/wp-json\/wp\/v2\/pages\/21838","targetHints":{"allow":["GET"]}}],"collection":[{"href":"https:\/\/biblian.is\/videy\/wp-json\/wp\/v2\/pages"}],"about":[{"href":"https:\/\/biblian.is\/videy\/wp-json\/wp\/v2\/types\/page"}],"author":[{"embeddable":true,"href":"https:\/\/biblian.is\/videy\/wp-json\/wp\/v2\/users\/1"}],"replies":[{"embeddable":true,"href":"https:\/\/biblian.is\/videy\/wp-json\/wp\/v2\/comments?post=21838"}],"version-history":[{"count":0,"href":"https:\/\/biblian.is\/videy\/wp-json\/wp\/v2\/pages\/21838\/revisions"}],"wp:attachment":[{"href":"https:\/\/biblian.is\/videy\/wp-json\/wp\/v2\/media?parent=21838"}],"curies":[{"name":"wp","href":"https:\/\/api.w.org\/{rel}","templated":true}]}}