{"id":21827,"date":"2018-01-02T01:04:15","date_gmt":"2018-01-02T01:04:15","guid":{"rendered":"http:\/\/biblian.is\/videy\/lukasargudspjall-5-kafli\/"},"modified":"2018-01-02T01:04:15","modified_gmt":"2018-01-02T01:04:15","slug":"lukasargudspjall-5-kafli","status":"publish","type":"page","link":"https:\/\/biblian.is\/videy\/lukasargudspjall-5-kafli\/","title":{"rendered":"L\u00fakasargu\u00f0spjall 5. kafli"},"content":{"rendered":"<div class=\"fyrirsognVidey\">Jes\u00fas kennir af skipinu; l\u00e6knar einn l\u00edk\u00fer\u00e1an og fleiri; l\u00e6knar visinn mann, og sannar \u00fear me\u00f0 a\u00f0 hann hafi vald til a\u00f0 fyrirgefa syndir; kve\u00f0ur Lev\u00ed til a\u00f0 fylgja s\u00e9r, og forsvarar, a\u00f0 hann eti me\u00f0 tollheimtum\u00f6nnum, talar um f\u00f6stu.<\/div>\n<p><a name=\"1\"><span class=\"versanumer\">1<\/span><\/a>Einhv\u00f6rju sinni bar svo vi\u00f0, er f\u00f3lki\u00f0 \u00ferengdist a\u00f0 honum til a\u00f0 heyra Gu\u00f0s or\u00f0, en hann st\u00f3\u00f0 vi\u00f0 vatni\u00f0 Genesaret,<a name=\"2\"><span class=\"versanumer\">2<\/span><\/a>a\u00f0 hann leit tv\u00f6 skip vi\u00f0 vatni\u00f0, en fiskimennirnir voru farnir \u00ed land og voru a\u00f0 \u00fevo net s\u00edn,<a name=\"3\"><span class=\"versanumer\">3<\/span><\/a>f\u00f3r hann \u00fe\u00e1 \u00ed anna\u00f0 skipi\u00f0, sem S\u00edmon \u00e1tti, og ba\u00f0 hann leggja l\u00edti\u00f0 fr\u00e1 landi; settist hann \u00fe\u00e1 ni\u00f0ur og kenndi f\u00f3lkinu af skipinu;<a name=\"4\"><span class=\"versanumer\">4<\/span><\/a>en er hann h\u00e6tti a\u00f0 kenna, sag\u00f0i hann vi\u00f0 S\u00edmon: legg \u00fe\u00fa \u00fat \u00e1 dj\u00fapi\u00f0, og leggi\u00f0 net y\u00f0ar til fiski.<a name=\"5\"><span class=\"versanumer\">5<\/span><\/a>S\u00edmon m\u00e6lti: Meistari! v\u00e9r h\u00f6fum seti\u00f0 \u00ed alla n\u00f3tt og ekkert fiska\u00f0; en a\u00f0 \u00fe\u00ednu bo\u00f0i vil eg leggja neti\u00f0.<a name=\"6\"><span class=\"versanumer\">6<\/span><\/a>\u00deeir gj\u00f6r\u00f0u svo; kom \u00fe\u00e1 svo mikill fiskur \u00ed neti\u00f0, a\u00f0 \u00fea\u00f0 t\u00f3k a\u00f0 rifna;<a name=\"7\"><span class=\"versanumer\">7<\/span><\/a>\u00fe\u00e1 bentu \u00feeir f\u00e9l\u00f6gum s\u00ednum \u00e1 hinu skipinu, a\u00f0 \u00feeir k\u00e6mu \u00feeim til li\u00f0s; \u00feeir komu og s\u00f6kkhl\u00f3\u00f0u b\u00e6\u00f0i skipin.<a name=\"8\"><span class=\"versanumer\">8<\/span><\/a>\u00deegar n\u00fa S\u00edmon P\u00e9tur s\u00e1 \u00feetta, f\u00e9ll hann til f\u00f3ta Jes\u00fa og sag\u00f0i: far \u00fe\u00fa fr\u00e1 m\u00e9r, Herra! \u00fev\u00ed eg er ma\u00f0ur syndugur;<a name=\"9\"><span class=\"versanumer\">9<\/span><\/a>\u00fev\u00ed felmtur var kominn yfir hann og alla \u00fe\u00e1, sem me\u00f0 honum voru af \u00feeim mikla afla, sem \u00feeir h\u00f6f\u00f0u fengi\u00f0;<a name=\"10\"><span class=\"versanumer\">10<\/span><\/a>eins yfir Jakob og J\u00f3hannes, sonu Sebedeusar, sem voru f\u00e9lagar hans. \u00de\u00e1 sag\u00f0i Jes\u00fas vi\u00f0 S\u00edmon: \u00f3ttast \u00fe\u00fa ekki! h\u00e9\u00f0an \u00ed fr\u00e1 skalt\u00fa menn vei\u00f0a.<a name=\"11\"><span class=\"versanumer\">11<\/span><\/a>Dr\u00f3gu \u00feeir s\u00ed\u00f0an skip s\u00edn \u00e1 land, yfirg\u00e1fu allt og fylgdu honum.<br \/><a name=\"12\"><span class=\"versanumer\">12<\/span><\/a>Einhv\u00f6rju sinni bar svo vi\u00f0, \u00fe\u00e1 hann var \u00ed borg nokkurri, a\u00f0 l\u00edk\u00fer\u00e1r ma\u00f0ur var \u00fear; en sem hann s\u00e1 hann, f\u00e9ll hann fram \u00e1 \u00e1sj\u00f3nu s\u00edna og ba\u00f0 hann svofelldum or\u00f0um: ef \u00fe\u00fa vilt, Herra! getur \u00fe\u00fa l\u00e6kna\u00f0 mig.<a name=\"13\"><span class=\"versanumer\">13<\/span><\/a>Jes\u00fas r\u00e9tti \u00fat h\u00f6ndina, hr\u00e6r\u00f0i vi\u00f0 honum og m\u00e6lti: eg vil, vert\u00fa heilbrig\u00f0ur; og strax hvarf l\u00edk\u00fer\u00e1in fr\u00e1 honum.<a name=\"14\"><span class=\"versanumer\">14<\/span><\/a>Fr\u00e1 \u00feessu banna\u00f0i Jes\u00fas honum a\u00f0 segja nokkrum manni, heldur far og s\u00fdn \u00feig prestinum og f\u00e6r f\u00f3rn fyrir fengna heilbrig\u00f0i, eins og M\u00f3ses hefir bo\u00f0i\u00f0, \u00f6\u00f0rum til sannindamerkis.<a name=\"15\"><span class=\"versanumer\">15<\/span><\/a>En or\u00f0st\u00edr hans \u00fatbreiddist meir og meir, og fj\u00f6ldi f\u00f3lks kom a\u00f0 heyra kenningu hans, og til a\u00f0 l\u00e6knast af honum af sj\u00fakleika s\u00ednum;<a name=\"16\"><span class=\"versanumer\">16<\/span><\/a>en sj\u00e1lfur veik hann til ey\u00f0ista\u00f0a og var \u00fear \u00e1 b\u00e6n.<br \/><a name=\"17\"><span class=\"versanumer\">17<\/span><\/a>Svo bar vi\u00f0 \u00e1 einum degi, er hann kenndi, og \u00fear s\u00e1tu far\u00eds\u00e6ar og l\u00f6gl\u00e6r\u00f0ir, er komnir voru \u00far \u00f6llum \u00feorpum \u00ed Gal\u00edleu, J\u00fadeu og fr\u00e1 Jer\u00fasalem, og kraftur Gu\u00f0s au\u00f0s\u00fdndi sig \u00ed a\u00f0 l\u00e6kna marga;<a name=\"18\"><span class=\"versanumer\">18<\/span><\/a>a\u00f0 \u00fear komu nokkrir menn, er b\u00e1ru visinn mann \u00e1 s\u00e6ng. \u00deeir leitu\u00f0ust vi\u00f0 a\u00f0 bera hann inn, og leggja hann fram fyrir Jes\u00fam;<a name=\"19\"><span class=\"versanumer\">19<\/span><\/a>en \u00e1ttu ekki kost \u00e1 \u00fev\u00ed fyrir mann\u00fer\u00f6nginni. F\u00f3ru \u00feeir \u00fe\u00e1 upp \u00e1 \u00feaki\u00f0, og l\u00e9tu hann s\u00edga ni\u00f0ur gegnum \u00fea\u00f0 \u00ed s\u00e6nginni frammi fyrir Jes\u00fa;<a name=\"20\"><span class=\"versanumer\">20<\/span><\/a>og er hann s\u00e1 tr\u00fa \u00feeirra, sag\u00f0i hann: \u00fe\u00fa, ma\u00f0ur! syndir \u00fe\u00ednar eru \u00fe\u00e9r fyrirgefnar.<a name=\"21\"><span class=\"versanumer\">21<\/span><\/a>\u00de\u00e1 t\u00f3ku far\u00eds\u00e6ar og \u00feeir l\u00f6gl\u00e6r\u00f0ir a\u00f0 hugsa me\u00f0 s\u00e9r, hv\u00f6r s\u00e1 v\u00e6ri, er f\u00e6ri me\u00f0 sl\u00edka gu\u00f0l\u00f6stun, \u00fear enginn kynni a\u00f0 fyrirgefa syndirnar, nema Gu\u00f0 einn.<a name=\"22\"><span class=\"versanumer\">22<\/span><\/a>\u00de\u00e1 sag\u00f0i Jes\u00fas, sem vissi hva\u00f0 \u00feeir hugsu\u00f0u, vi\u00f0 \u00fe\u00e1: hva\u00f0 er \u00fea\u00f0, sem \u00fe\u00e9r hug um lei\u00f0i\u00f0?<a name=\"23\"><span class=\"versanumer\">23<\/span><\/a>hv\u00f6rt er au\u00f0veldara a\u00f0 segja: \u00fe\u00e9r eru \u00fe\u00ednar syndir fyrirgefnar, e\u00f0a: statt upp og gakk?<a name=\"24\"><span class=\"versanumer\">24<\/span><\/a>En til \u00feess a\u00f0 \u00fe\u00e9r viti\u00f0 a\u00f0 Mannsins Sonur hefir vald \u00e1 j\u00f6r\u00f0u a\u00f0 fyrirgefa syndirnar, \u00fe\u00e1\u00f0 statt \u00fe\u00fa upp, segir hann til \u00feess visna, tak \u00fe\u00fa s\u00e6ng \u00fe\u00edna, og far \u00fe\u00fa heim til \u00fe\u00edn.<a name=\"25\"><span class=\"versanumer\">25<\/span><\/a>F\u00f3r hann \u00fe\u00e1 strax \u00e1 f\u00e6tur, svo allir s\u00e1u, t\u00f3k \u00fea\u00f0, sem hann haf\u00f0i legi\u00f0 \u00e1, og f\u00f3r til h\u00fass s\u00edns, lofandi Gu\u00f0.<a name=\"26\"><span class=\"versanumer\">26<\/span><\/a>\u00deetta \u00fe\u00f3tti \u00f6llum en mestu undur, og vegs\u00f6mu\u00f0u Gu\u00f0 \u00f3ttafullir, og s\u00f6g\u00f0u: fur\u00f0ulegir hlutir eru \u00fea\u00f0, sem v\u00e9r h\u00f6fum s\u00e9\u00f0 \u00ed dag. <br \/><a name=\"27\"><span class=\"versanumer\">27<\/span><\/a>S\u00ed\u00f0an f\u00f3r hann burt; \u00fe\u00e1 s\u00e1 hann tollheimtumann, er sat hj\u00e1 b\u00fa\u00f0 sinni, Lev\u00ed a\u00f0 nafni;<a name=\"28\"><span class=\"versanumer\">28<\/span><\/a>\u00feenna kvaddi hann til fylgdar vi\u00f0 sig; hann yfirgaf allt og fylgdi honum.<a name=\"29\"><span class=\"versanumer\">29<\/span><\/a>Nokkru s\u00ed\u00f0ar bj\u00f3 Lev\u00ed honum veislu mikla \u00ed h\u00fasi s\u00ednu, var \u00fear a\u00f0 bo\u00f0um margt tollheimtumanna og annarra.<a name=\"30\"><span class=\"versanumer\">30<\/span><\/a>Af \u00feessu kurru\u00f0u far\u00edsear og \u00feeir l\u00f6gl\u00e6r\u00f0u vi\u00f0 l\u00e6risveina hans og spur\u00f0u: hv\u00ed \u00feeir hef\u00f0u samneyti vi\u00f0 tollheimtara og bersynduga.<a name=\"31\"><span class=\"versanumer\">31<\/span><\/a>Jes\u00fas svara\u00f0i: ekki \u00feurfa heilbrig\u00f0ir l\u00e6knis vi\u00f0, heldur \u00feeir, sem vanheilir eru;<a name=\"32\"><span class=\"versanumer\">32<\/span><\/a>ekki er eg kominn a\u00f0 kalla r\u00e9ttl\u00e1ta, heldur synduga til lifna\u00f0arb\u00f3ta. <br \/><a name=\"33\"><span class=\"versanumer\">33<\/span><\/a>\u00de\u00e1 s\u00f6g\u00f0u \u00feeir til hans: \u00fev\u00ed fasta l\u00e6risveinar J\u00f3hannesar oftlega og eru \u00e1 b\u00e6num, eins l\u00e6risveinar far\u00edseanna, en \u00fe\u00ednir neyta matar og drykkjar?<a name=\"34\"><span class=\"versanumer\">34<\/span><\/a>Jes\u00fas m\u00e6lti: trautt munu br\u00fa\u00f0mennirnir fasta, me\u00f0an br\u00fa\u00f0guminn er me\u00f0 \u00feeim;<a name=\"35\"><span class=\"versanumer\">35<\/span><\/a>en s\u00e1 t\u00edmi mun koma, a\u00f0 br\u00fa\u00f0guminn ver\u00f0ur tekinn fr\u00e1 \u00feeim, og \u00fe\u00e1 munu \u00feeir fasta;<a name=\"36\"><span class=\"versanumer\">36<\/span><\/a>s\u00ed\u00f0an sag\u00f0i hann \u00feeim \u00feetta til d\u00e6mis: enginn leggur n\u00fdja b\u00f3t \u00e1 gamalt fat, \u00fev\u00ed annars r\u00edfur b\u00e6\u00f0i n\u00fdja b\u00f3tin gamla fati\u00f0, og samb\u00fd\u00f0ur \u00fev\u00ed ekki heldur, af \u00fev\u00ed h\u00fan er tekin af n\u00fdju.<a name=\"37\"><span class=\"versanumer\">37<\/span><\/a>Ekki heldur plaga menn a\u00f0 l\u00e1ta n\u00fdtt v\u00edn \u00ed gamla belgi, annars sprengir hi\u00f0 n\u00fdja v\u00edni\u00f0 g\u00f6mlu belgina;<a name=\"38\"><span class=\"versanumer\">38<\/span><\/a>heldur ber a\u00f0 l\u00e1ta n\u00fdtt v\u00edn \u00e1 n\u00fdja belgi og var\u00f0veitist \u00fe\u00e1 hv\u00f6rttveggja.<a name=\"39\"><span class=\"versanumer\">39<\/span><\/a>Ekki heldur plagar s\u00e1, sem drekkur gamalt v\u00edn, a\u00f0 girnast strax n\u00fdtt v\u00edn, \u00fev\u00ed honum \u00feykir \u00fea\u00f0 gamla betra.<\/p>\n<div class=\"footnoteVidey\">V. 1\u201311. sbr. Matt. 4,18\u201322. Mark. 1,16\u201320.  V. 12\u201316. Matt. 8,2\u20135. Mark. 1,40\u201345.  V. 14. 3 M\u00f3s. 14,10. ff.  V. 17\u201326. sbr. Matt. 9,2\u20138. Mark. 2,1\u201312.  V. 27\u201330. sbr. Matt. 9,9\u201317. Mark. 2,13\u201322.<\/div>\n","protected":false},"excerpt":{"rendered":"<p>Jes\u00fas kennir af skipinu; l\u00e6knar einn l\u00edk\u00fer\u00e1an og fleiri; l\u00e6knar visinn mann, og sannar \u00fear me\u00f0 a\u00f0 hann hafi vald til a\u00f0 fyrirgefa syndir; kve\u00f0ur Lev\u00ed til a\u00f0 fylgja s\u00e9r, og forsvarar, a\u00f0 hann eti me\u00f0 tollheimtum\u00f6nnum, talar um f\u00f6stu. 1Einhv\u00f6rju sinni bar svo vi\u00f0, er f\u00f3lki\u00f0 \u00ferengdist a\u00f0 honum til a\u00f0 heyra Gu\u00f0s or\u00f0, en hann st\u00f3\u00f0 vi\u00f0 vatni\u00f0 Genesaret,2a\u00f0 hann leit tv\u00f6 skip vi\u00f0 vatni\u00f0, en fiskimennirnir voru farnir \u00ed land og voru a\u00f0 \u00fevo net s\u00edn,3f\u00f3r hann \u00fe\u00e1 \u00ed anna\u00f0 skipi\u00f0, sem S\u00edmon \u00e1tti, og ba\u00f0 hann leggja l\u00edti\u00f0 fr\u00e1 landi; settist hann \u00fe\u00e1 ni\u00f0ur og kenndi <a href=\"https:\/\/biblian.is\/videy\/lukasargudspjall-5-kafli\/\"> [&#8230;]<\/a><\/p>\n","protected":false},"author":1,"featured_media":0,"parent":0,"menu_order":0,"comment_status":"open","ping_status":"open","template":"bibliukaflar.php","meta":{"footnotes":""},"class_list":["post-21827","page","type-page","status-publish","hentry"],"_links":{"self":[{"href":"https:\/\/biblian.is\/videy\/wp-json\/wp\/v2\/pages\/21827","targetHints":{"allow":["GET"]}}],"collection":[{"href":"https:\/\/biblian.is\/videy\/wp-json\/wp\/v2\/pages"}],"about":[{"href":"https:\/\/biblian.is\/videy\/wp-json\/wp\/v2\/types\/page"}],"author":[{"embeddable":true,"href":"https:\/\/biblian.is\/videy\/wp-json\/wp\/v2\/users\/1"}],"replies":[{"embeddable":true,"href":"https:\/\/biblian.is\/videy\/wp-json\/wp\/v2\/comments?post=21827"}],"version-history":[{"count":0,"href":"https:\/\/biblian.is\/videy\/wp-json\/wp\/v2\/pages\/21827\/revisions"}],"wp:attachment":[{"href":"https:\/\/biblian.is\/videy\/wp-json\/wp\/v2\/media?parent=21827"}],"curies":[{"name":"wp","href":"https:\/\/api.w.org\/{rel}","templated":true}]}}