{"id":21816,"date":"2018-01-02T01:04:15","date_gmt":"2018-01-02T01:04:15","guid":{"rendered":"http:\/\/biblian.is\/videy\/markusargudspjall-10-kafli\/"},"modified":"2018-01-02T01:04:15","modified_gmt":"2018-01-02T01:04:15","slug":"markusargudspjall-10-kafli","status":"publish","type":"page","link":"https:\/\/biblian.is\/videy\/markusargudspjall-10-kafli\/","title":{"rendered":"Mark\u00fasargu\u00f0spjall 10. kafli"},"content":{"rendered":"<div class=\"fyrirsognVidey\">Jes\u00fas talar um hj\u00f3naband; tekur ungb\u00f6rn s\u00e9r \u00ed fa\u00f0m; talar um hina r\u00edku, um t\u00edmanleg ver\u00f0laun, um dau\u00f0a sinn; \u00e1minnir til l\u00edtil\u00e6tis, l\u00e6knar blindan.<\/div>\n<p><a name=\"1\"><span class=\"versanumer\">1<\/span><\/a>S\u00ed\u00f0an f\u00f3r hann \u00fea\u00f0an og kom \u00ed landsbygg\u00f0ir J\u00fadeu fyrir handan J\u00f3rdan, kom \u00fe\u00e1 enn til hans fj\u00f6ldi f\u00f3lks, og kenndi hann \u00feeim enn, eins og hans var si\u00f0ur.<a name=\"2\"><span class=\"versanumer\">2<\/span><\/a>H\u00e9r komu til hans far\u00edsear og spur\u00f0u hann, til a\u00f0 freista hans: hv\u00f6rt ma\u00f0ur m\u00e6tti segja skili\u00f0 vi\u00f0 konu s\u00edna?<a name=\"3\"><span class=\"versanumer\">3<\/span><\/a>hann svara\u00f0i: hva\u00f0 hefir M\u00f3ses bo\u00f0i\u00f0 y\u00f0ur \u00ed \u00feessu efni?<a name=\"4\"><span class=\"versanumer\">4<\/span><\/a>\u00feeir s\u00f6g\u00f0u: a\u00f0 M\u00f3ses hef\u00f0i leyft a\u00f0 rita skilna\u00f0arskr\u00e1 og segja skili\u00f0 vi\u00f0 hana.<a name=\"5\"><span class=\"versanumer\">5<\/span><\/a>Jes\u00fas m\u00e6lti: \u00feetta hefir M\u00f3ses leyft y\u00f0ur s\u00f6kum har\u00f0\u00fa\u00f0ar y\u00f0ar;<a name=\"6\"><span class=\"versanumer\">6<\/span><\/a>en fr\u00e1 fyrstu sk\u00f6pun gj\u00f6r\u00f0i Gu\u00f0 \u00feau mann og konu;<a name=\"7\"><span class=\"versanumer\">7<\/span><\/a>\u00fear fyrir \u00e1 ma\u00f0urinn a\u00f0 yfirgefa f\u00f6\u00f0ur og m\u00f3\u00f0ur, og lifa svo sameina\u00f0ur me\u00f0 konu sinni,<a name=\"8\"><span class=\"versanumer\">8<\/span><\/a>sem v\u00e6ru \u00feau einn ma\u00f0ur; \u00feau eru \u00fev\u00ed ekki framar tveir, heldur einn ma\u00f0ur;<a name=\"9\"><span class=\"versanumer\">9<\/span><\/a>en hva\u00f0 Gu\u00f0 hefir sameina\u00f0, mega menn ekki a\u00f0skilja.<a name=\"10\"><span class=\"versanumer\">10<\/span><\/a>\u00deegar \u00feeir voru heimkomnir, spur\u00f0u l\u00e6risveinarnir hann \u00e1 n\u00fd um \u00feetta sama efni;<a name=\"11\"><span class=\"versanumer\">11<\/span><\/a>\u00feeim sag\u00f0i hann: hv\u00f6r sem segir skili\u00f0 vi\u00f0 konu s\u00edna og gengur a\u00f0 eiga a\u00f0ra, hann dr\u00fdgir h\u00f3r m\u00f3t henni,<a name=\"12\"><span class=\"versanumer\">12<\/span><\/a>og ef kona skilur vi\u00f0 mann sinn og giftist \u00f6\u00f0rum, \u00fe\u00e1 dr\u00fdgir h\u00fan l\u00edka h\u00f3r. <br \/><a name=\"13\"><span class=\"versanumer\">13<\/span><\/a>N\u00fa f\u00e6r\u00f0u menn b\u00f6rn til hans, til \u00feess a\u00f0 hann skyldi hr\u00e6ra vi\u00f0 \u00feeim, en l\u00e6risveinarnir \u00e1v\u00edtu\u00f0u \u00fe\u00e1, sem \u00feetta gj\u00f6r\u00f0u.<a name=\"14\"><span class=\"versanumer\">14<\/span><\/a>\u00deegar Jes\u00fas var\u00f0 \u00feess v\u00eds, l\u00edka\u00f0i honum \u00fea\u00f0 illa og m\u00e6lti: l\u00e1ti\u00f0 b\u00f6rnin koma til m\u00edn og banni\u00f0 \u00feeim \u00fea\u00f0 ekki, \u00fev\u00ed sl\u00edkum heyrir Gu\u00f0s r\u00edki til;<a name=\"15\"><span class=\"versanumer\">15<\/span><\/a>tr\u00fai\u00f0 m\u00e9r! hv\u00f6r, sem ekki me\u00f0tekur Gu\u00f0s r\u00edki eins og barn, mun aldrei \u00feanga\u00f0 koma.<a name=\"16\"><span class=\"versanumer\">16<\/span><\/a>S\u00ed\u00f0an fa\u00f0ma\u00f0i hann b\u00f6rnin a\u00f0 s\u00e9r, lag\u00f0i hendur yfir \u00feau og blessa\u00f0i \u00feau.<br \/><a name=\"17\"><span class=\"versanumer\">17<\/span><\/a>En \u00feegar hann var kominn \u00fat \u00e1 veginn, kom ma\u00f0ur hlaupandi, laut honum og m\u00e6lti: g\u00f3\u00f0i meistari! hva\u00f0 skal eg gj\u00f6ra til \u00feess eg \u00f6\u00f0list eil\u00edft l\u00edf?<a name=\"18\"><span class=\"versanumer\">18<\/span><\/a>Jes\u00fas m\u00e6lti: \u00fev\u00ed kallar \u00fe\u00fa mig g\u00f3\u00f0an? Enginn er g\u00f3\u00f0ur nema Gu\u00f0 einn.<a name=\"19\"><span class=\"versanumer\">19<\/span><\/a>Bo\u00f0or\u00f0in veist\u00fa: \u00fe\u00fa skalt ekki dr\u00fdgja h\u00f3r; ekki mann vega; ekki stela; ekki bera lj\u00fagvitni; ekki sv\u00edkja; hei\u00f0ra f\u00f6\u00f0ur \u00feinn og m\u00f3\u00f0ur.<a name=\"20\"><span class=\"versanumer\">20<\/span><\/a>Hinn svara\u00f0i: Meistari! allt \u00feetta hefi eg haldi\u00f0 fr\u00e1 barn\u00e6sku minni.<a name=\"21\"><span class=\"versanumer\">21<\/span><\/a>Jes\u00fas leit \u00fe\u00e1 til hans, elska\u00f0i hann og m\u00e6lti: eins er \u00fe\u00e9r enn vant: sel \u00fe\u00fa allar eigur \u00fe\u00ednar og gef f\u00e1t\u00e6kum, og munt \u00fe\u00fa fj\u00e1rsj\u00f3\u00f0 hafa \u00e1 himni; kom s\u00ed\u00f0an, tak minn kross og fylg m\u00e9r.<a name=\"22\"><span class=\"versanumer\">22<\/span><\/a>En er hann heyr\u00f0i \u00feetta, kom sorgarsvipur yfir hann, og f\u00f3r hryggur \u00ed burtu, \u00fev\u00ed hann var ma\u00f0ur au\u00f0ugur.<a name=\"23\"><span class=\"versanumer\">23<\/span><\/a>\u00de\u00e1 lita\u00f0ist Jes\u00fas um og m\u00e6lti vi\u00f0 l\u00e6risveina s\u00edna: hv\u00f6rsu torvelt er \u00feeim r\u00edku a\u00f0 \u00f6\u00f0last Gu\u00f0s r\u00edki!<a name=\"24\"><span class=\"versanumer\">24<\/span><\/a>Vi\u00f0 \u00feetta hnykkti l\u00e6risveinum hans: \u00fe\u00e1 m\u00e6lti Jes\u00fas: b\u00f6rn m\u00edn! hve torvelt er \u00feeim, sem setja traust sitt \u00e1 au\u00f0inn, a\u00f0 innganga \u00ed Gu\u00f0s r\u00edki;<a name=\"25\"><span class=\"versanumer\">25<\/span><\/a>au\u00f0veldara er \u00falfaldanum a\u00f0 ganga \u00ed gegnum n\u00e1larauga\u00f0, en r\u00edkum manni a\u00f0 komast \u00ed Gu\u00f0s r\u00edki.<a name=\"26\"><span class=\"versanumer\">26<\/span><\/a>Vi\u00f0 \u00feetta br\u00e1 \u00feeim enn \u00fe\u00e1 meir, og s\u00f6g\u00f0u s\u00edn \u00e1 milli: hv\u00f6r mun \u00fe\u00e1 ver\u00f0a h\u00f3lpinn?<a name=\"27\"><span class=\"versanumer\">27<\/span><\/a>Jes\u00fas leit til \u00feeirra og m\u00e6lti: fyrir manna sj\u00f3num er \u00fea\u00f0 \u00f3m\u00f6gulegt, en ekki fyrir Gu\u00f0i; honum er ekkert um megn.<br \/><a name=\"28\"><span class=\"versanumer\">28<\/span><\/a>\u00de\u00e1 t\u00f3k P\u00e9tur svo til or\u00f0s: v\u00e9r yfirg\u00e1fum allt og g\u00e1fumst \u00fe\u00e9r til fylgdar.<a name=\"29\"><span class=\"versanumer\">29<\/span><\/a>Jes\u00fas m\u00e6lti: tr\u00fai\u00f0 m\u00e9r! enginn hefir svo yfirgefi\u00f0 heimili sitt, br\u00e6\u00f0ur e\u00f0ur systur, f\u00f6\u00f0ur e\u00f0ur m\u00f3\u00f0ur, konu e\u00f0ur b\u00f6rn e\u00f0ur fasteign, m\u00edn e\u00f0ur n\u00e1\u00f0arbo\u00f0skaparins vegna,<a name=\"30\"><span class=\"versanumer\">30<\/span><\/a>a\u00f0 honum ekki veitist n\u00fa \u00feegar \u00ed \u00feessu l\u00edfi, og \u00fea\u00f0 jafnvel mitt \u00ed ofs\u00f3knunum, hundra\u00f0falt aftur, heimili, br\u00e6\u00f0ur, systur, m\u00e6\u00f0ur, b\u00f6rn og fasteign; og h\u00e9r \u00e1 ofan \u00ed \u00f6\u00f0rum heimi eil\u00edft l\u00edf;<a name=\"31\"><span class=\"versanumer\">31<\/span><\/a>en \u00fe\u00e1 munu margir \u00feeir, er fyrstir eru, ver\u00f0a s\u00ed\u00f0astir, og enir s\u00ed\u00f0ustu fyrstir.<br \/><a name=\"32\"><span class=\"versanumer\">32<\/span><\/a>N\u00fa h\u00e9ldu \u00feeir til Jer\u00fasalem, f\u00f3r \u00fe\u00e1 Jes\u00fas fyrir, \u00fev\u00ed l\u00e6risveinar hans v\u00f3ru felmtursfullir og fylgdu honum me\u00f0 \u00f3tta; \u00fe\u00e1 t\u00f3k hann \u00fe\u00e1 t\u00f3lf aftur til s\u00edn, og sag\u00f0i \u00feeim hva\u00f0 fyrir s\u00e9r l\u00e6gi.<a name=\"33\"><span class=\"versanumer\">33<\/span><\/a>V\u00e9r f\u00f6rum n\u00fa\u2014sag\u00f0i hann\u2014til Jer\u00fasalem; \u00fear mun Mannsins Sonur ver\u00f0a framseldur \u00feeim \u00e6\u00f0stu prestum og skriftl\u00e6r\u00f0um; \u00feeir munu d\u00e6ma hann til dau\u00f0a og framselja hann hei\u00f0num m\u00f6nnum;<a name=\"34\"><span class=\"versanumer\">34<\/span><\/a>\u00feeir munu h\u00e6\u00f0a hann, h\u00fa\u00f0str\u00fdkja, hr\u00e6kja \u00e1 hann og taka hann af l\u00edfi, en \u00e1 \u00feri\u00f0ja degi mun hann uppr\u00edsa.<br \/><a name=\"35\"><span class=\"versanumer\">35<\/span><\/a>\u00de\u00e1 komu til hans \u00feeir synir Sebedeusar, Jakob og J\u00f3hannes, og m\u00e6ltu: Meistari! veitt\u00fa okkur eina b\u00e6n;<a name=\"36\"><span class=\"versanumer\">36<\/span><\/a>hann spur\u00f0i hv\u00f6rs \u00feeir beiddust?<a name=\"37\"><span class=\"versanumer\">37<\/span><\/a>veitt\u00fa okkur\u2014s\u00f6g\u00f0u \u00feeir\u2014a\u00f0 vi\u00f0 megum sitja hv\u00f6r til sinnar hli\u00f0ar \u00fe\u00e9r, \u00feegar \u00fe\u00fa sest a\u00f0 r\u00edki \u00fe\u00ednu.<a name=\"38\"><span class=\"versanumer\">38<\/span><\/a>Jes\u00fas m\u00e6lti: \u00fe\u00e9r viti\u00f0 ekki hv\u00f6rs \u00fe\u00e9r bei\u00f0ist; hv\u00f6rt treysti\u00f0 \u00fei\u00f0 ykkur a\u00f0 drekka \u00feann bikar, sem m\u00e9r er \u00e6tla\u00f0ur, e\u00f0ur sk\u00edrast sk\u00edrn \u00feeirri, sem eg \u00e1 fyrir h\u00f6ndum?<a name=\"39\"><span class=\"versanumer\">39<\/span><\/a>\u00feeir kv\u00e1\u00f0ust \u00fea\u00f0 geta. Jes\u00fas m\u00e6lti: \u00feann bikar, sem m\u00e9r er \u00e6tla\u00f0ur, munu\u00f0 \u00fei\u00f0 a\u00f0 s\u00f6nnu drekka, og sk\u00edrast sk\u00edrn \u00feeirri, sem m\u00e9r er fyrir h\u00f6ndum;<a name=\"40\"><span class=\"versanumer\">40<\/span><\/a>en a\u00f0 sitja m\u00e9r til h\u00e6gri e\u00f0ur vinstri handar, stendur ekki \u00ed m\u00ednu valdi a\u00f0 veita; \u00feeir einir munu \u00fea\u00f0 hlj\u00f3ta, sem \u00fea\u00f0 er \u00e6tla\u00f0.<a name=\"41\"><span class=\"versanumer\">41<\/span><\/a>\u00deegar hinir t\u00edu heyr\u00f0u \u00feetta, misl\u00edka\u00f0i \u00feeim mj\u00f6g vi\u00f0 \u00fe\u00e1 Jakob og J\u00f3hannes.<a name=\"42\"><span class=\"versanumer\">42<\/span><\/a>\u00de\u00e1 kalla\u00f0i Jes\u00fas \u00fe\u00e1 til s\u00edn og m\u00e6lti: \u00fe\u00e9r viti\u00f0, a\u00f0 \u00feeir, sem l\u00f6ndum r\u00e1\u00f0a, drottna har\u00f0lega yfir undirs\u00e1tum s\u00ednum og g\u00e6\u00f0ingar \u00feeirra s\u00fdna sitt maktarveldi \u00e1 \u00feeim,<a name=\"43\"><span class=\"versanumer\">43<\/span><\/a>en \u00feetta skal ekki svo vera me\u00f0 y\u00f0ur; \u00fev\u00ed hv\u00f6r y\u00f0ar, sem mestur vill vera, hann s\u00e9 hinna \u00fej\u00f3nustuma\u00f0ur;<a name=\"44\"><span class=\"versanumer\">44<\/span><\/a>og hv\u00f6r, sem vill vera \u00e6\u00f0stur y\u00f0ar \u00e1 me\u00f0al, hann skal allra y\u00f0ar \u00fej\u00f3n vera;<a name=\"45\"><span class=\"versanumer\">45<\/span><\/a>\u00fev\u00ed ekki kom Mannsins Sonur til \u00feess a\u00f0 l\u00e1ta \u00fej\u00f3na s\u00e9r, heldur til \u00feess \u00f6\u00f0rum a\u00f0 \u00fej\u00f3na og til a\u00f0 l\u00e1ta l\u00edf sitt sem lausnargjald fyrir marga.<br \/><a name=\"46\"><span class=\"versanumer\">46<\/span><\/a>N\u00fa komu \u00feeir til Jer\u00edk\u00f3borgar. \u00deegar hann f\u00f3r \u00fea\u00f0an, fylgdu honum l\u00e6risveinar hans og mikill fj\u00f6ldi f\u00f3lks. \u00de\u00e1 sat Bart\u00edmeus Timausson hinn blindi vi\u00f0 veginn og beiddist \u00f6lmusu;<a name=\"47\"><span class=\"versanumer\">47<\/span><\/a>\u00feegar hann heyr\u00f0i, a\u00f0 Jes\u00fas na\u00f0verski f\u00e6ri \u00fear hj\u00e1, kalla\u00f0i hann h\u00e1tt og m\u00e6lti: Jes\u00fa, ni\u00f0ji Dav\u00ed\u00f0s, miskunna \u00fe\u00fa m\u00e9r!<a name=\"48\"><span class=\"versanumer\">48<\/span><\/a>Margir skipu\u00f0u honum \u00fe\u00e1 a\u00f0 \u00feegja, en hann kalla\u00f0i \u00feess h\u00e6rra, og sag\u00f0i: ni\u00f0ji Dav\u00ed\u00f0s, miskunna \u00fe\u00fa m\u00e9r!<a name=\"49\"><span class=\"versanumer\">49<\/span><\/a>\u00de\u00e1 nam Jes\u00fas sta\u00f0ar og l\u00e9t kalla \u00e1 hann; \u00feeir gj\u00f6r\u00f0u svo og m\u00e6ltu: vert\u00fa vong\u00f3\u00f0ur, statt\u00fa upp, hann kallar \u00e1 \u00feig.<a name=\"50\"><span class=\"versanumer\">50<\/span><\/a>Hann kasta\u00f0i \u00fe\u00e1 yfirh\u00f6fn sinni, st\u00f3\u00f0 \u00e1 f\u00e6tur og kom til Jes\u00fa.<a name=\"51\"><span class=\"versanumer\">51<\/span><\/a>Jes\u00fas m\u00e6lti: hva\u00f0 vilt\u00fa a\u00f0 eg gj\u00f6ri vi\u00f0 \u00feig? hinn blindi m\u00e6lti: Meistari! \u00fea\u00f0, a\u00f0 eg f\u00e1i sj\u00f3n m\u00edna.<a name=\"52\"><span class=\"versanumer\">52<\/span><\/a>Jes\u00fas m\u00e6lti: far \u00fe\u00fa lei\u00f0ar \u00feinnar, \u00fe\u00edn tr\u00fa hefir hj\u00e1lpa\u00f0 \u00fe\u00e9r. Strax f\u00e9kk hann aftur sj\u00f3n s\u00edna, og fylgdi honum \u00e1 fer\u00f0inni.<\/p>\n<div class=\"footnoteVidey\">V. 1\u201312, sbr. Matt. 19,1\u201312.  V. 4, sbr. 5 M\u00f3s. 24,1.  V. 6. sbr. 1 M\u00f3s. 2,24.  V. 13\u201316, sbr. Matt. 19,13\u201315.  V. 17\u201331, sbr. Matt. 19,16\u201330. L\u00fak. 18,18\u201331.  V. 32\u201345, sbr. Matt. 20,17\u201320. L\u00fak. 18,31\u201334. 22,24\u201326.  V. 46\u201352, sbr. Matt. 20,29\u201334. L\u00fak. 18,35\u201343.<\/div>\n","protected":false},"excerpt":{"rendered":"<p>Jes\u00fas talar um hj\u00f3naband; tekur ungb\u00f6rn s\u00e9r \u00ed fa\u00f0m; talar um hina r\u00edku, um t\u00edmanleg ver\u00f0laun, um dau\u00f0a sinn; \u00e1minnir til l\u00edtil\u00e6tis, l\u00e6knar blindan. 1S\u00ed\u00f0an f\u00f3r hann \u00fea\u00f0an og kom \u00ed landsbygg\u00f0ir J\u00fadeu fyrir handan J\u00f3rdan, kom \u00fe\u00e1 enn til hans fj\u00f6ldi f\u00f3lks, og kenndi hann \u00feeim enn, eins og hans var si\u00f0ur.2H\u00e9r komu til hans far\u00edsear og spur\u00f0u hann, til a\u00f0 freista hans: hv\u00f6rt ma\u00f0ur m\u00e6tti segja skili\u00f0 vi\u00f0 konu s\u00edna?3hann svara\u00f0i: hva\u00f0 hefir M\u00f3ses bo\u00f0i\u00f0 y\u00f0ur \u00ed \u00feessu efni?4\u00feeir s\u00f6g\u00f0u: a\u00f0 M\u00f3ses hef\u00f0i leyft a\u00f0 rita skilna\u00f0arskr\u00e1 og segja skili\u00f0 vi\u00f0 hana.5Jes\u00fas m\u00e6lti: \u00feetta hefir M\u00f3ses leyft y\u00f0ur <a href=\"https:\/\/biblian.is\/videy\/markusargudspjall-10-kafli\/\"> [&#8230;]<\/a><\/p>\n","protected":false},"author":1,"featured_media":0,"parent":0,"menu_order":0,"comment_status":"open","ping_status":"open","template":"bibliukaflar.php","meta":{"footnotes":""},"class_list":["post-21816","page","type-page","status-publish","hentry"],"_links":{"self":[{"href":"https:\/\/biblian.is\/videy\/wp-json\/wp\/v2\/pages\/21816","targetHints":{"allow":["GET"]}}],"collection":[{"href":"https:\/\/biblian.is\/videy\/wp-json\/wp\/v2\/pages"}],"about":[{"href":"https:\/\/biblian.is\/videy\/wp-json\/wp\/v2\/types\/page"}],"author":[{"embeddable":true,"href":"https:\/\/biblian.is\/videy\/wp-json\/wp\/v2\/users\/1"}],"replies":[{"embeddable":true,"href":"https:\/\/biblian.is\/videy\/wp-json\/wp\/v2\/comments?post=21816"}],"version-history":[{"count":0,"href":"https:\/\/biblian.is\/videy\/wp-json\/wp\/v2\/pages\/21816\/revisions"}],"wp:attachment":[{"href":"https:\/\/biblian.is\/videy\/wp-json\/wp\/v2\/media?parent=21816"}],"curies":[{"name":"wp","href":"https:\/\/api.w.org\/{rel}","templated":true}]}}