{"id":21815,"date":"2018-01-02T01:04:15","date_gmt":"2018-01-02T01:04:15","guid":{"rendered":"http:\/\/biblian.is\/videy\/markusargudspjall-9-kafli\/"},"modified":"2018-01-02T01:04:15","modified_gmt":"2018-01-02T01:04:15","slug":"markusargudspjall-9-kafli","status":"publish","type":"page","link":"https:\/\/biblian.is\/videy\/markusargudspjall-9-kafli\/","title":{"rendered":"Mark\u00fasargu\u00f0spjall 9. kafli"},"content":{"rendered":"<div class=\"fyrirsognVidey\">Jes\u00fas ummyndast \u00e1 fjallinu; \u00fatrekur m\u00e1lleysis- og heyrnarleysisanda; talar um dau\u00f0a sinn; straffar metor\u00f0agirnd l\u00e6risveina sinna, o. s. frv.<\/div>\n<p><a name=\"1\"><span class=\"versanumer\">1<\/span><\/a>\u00deegar li\u00f0nir voru sex dagar, t\u00f3k Jes\u00fas P\u00e9tur, Jakob og J\u00f3hannes me\u00f0 s\u00e9r eina saman, og f\u00f3r me\u00f0 \u00feeim upp \u00e1 h\u00e1tt fjall. H\u00e9r breyttist yfirlitur hans fyrir \u00feeirra augum;<a name=\"2\"><span class=\"versanumer\">2<\/span><\/a>ur\u00f0u kl\u00e6\u00f0i hans sk\u00ednandi og hv\u00edt, sem snj\u00f3r; hv\u00edtari en nokkur \u00fevottama\u00f0ur \u00ed heimi kann a\u00f0 gj\u00f6ra.<a name=\"3\"><span class=\"versanumer\">3<\/span><\/a>\u00de\u00e1 birtist \u00feeim El\u00edas og M\u00f3ses, og v\u00f3ru \u00feeir \u00e1 tali vi\u00f0 hann.<a name=\"4\"><span class=\"versanumer\">4<\/span><\/a>\u00de\u00e1 t\u00f3k P\u00e9tur svo til or\u00f0a vi\u00f0 Jes\u00fam: Meistari! h\u00e9r er oss gott a\u00f0 vera, v\u00e9r viljum reisa h\u00e9r \u00ferj\u00e1r tjaldb\u00fa\u00f0ir, eina handa \u00fe\u00e9r, a\u00f0ra handa M\u00f3se, og hina \u00feri\u00f0ju handa El\u00edasi;<a name=\"5\"><span class=\"versanumer\">5<\/span><\/a>en hann vissi ekki, hva\u00f0 hann sag\u00f0i, \u00fev\u00ed felmtur var yfir \u00fe\u00e1 kominn.<a name=\"6\"><span class=\"versanumer\">6<\/span><\/a>\u00de\u00e1 dr\u00f3 yfir \u00fe\u00e1 sk\u00fd, og \u00far \u00fev\u00ed heyr\u00f0ist r\u00f6dd, er m\u00e6lti: \u00feessi er sonur minn elskulegur, hl\u00fd\u00f0i\u00f0 \u00fe\u00e9r honum!<a name=\"7\"><span class=\"versanumer\">7<\/span><\/a>Strax litu\u00f0ust \u00feeir um, og s\u00e1u engan framar hj\u00e1 s\u00e9r, nema Jes\u00fam einan.<a name=\"8\"><span class=\"versanumer\">8<\/span><\/a>N\u00fa er \u00feeir gengu ni\u00f0ur eftir fjallinu, \u00fe\u00e1 banna\u00f0i hann \u00feeim a\u00f0 segja nokkrum fr\u00e1 \u00fev\u00ed, er \u00feeir hef\u00f0u s\u00e9\u00f0, fyrr en Mannsins Sonur v\u00e6ri upprisinn fr\u00e1 dau\u00f0um.<a name=\"9\"><span class=\"versanumer\">9<\/span><\/a>\u00deeir hugfestu \u00feetta or\u00f0, og spur\u00f0u hv\u00f6r annan, hva\u00f0 \u00fea\u00f0 \u00e6tti a\u00f0 \u00fe\u00fd\u00f0a, a\u00f0 uppr\u00edsa fr\u00e1 dau\u00f0um?<a name=\"10\"><span class=\"versanumer\">10<\/span><\/a>og spur\u00f0u hann: \u00fev\u00ed segja hinir skriftl\u00e6r\u00f0u: a\u00f0 El\u00edas eigi \u00e1\u00f0ur a\u00f0 koma?<a name=\"11\"><span class=\"versanumer\">11<\/span><\/a>Jes\u00fas m\u00e6lti: El\u00edas kemur a\u00f0 s\u00f6nnu fyrst, og lagf\u00e6rir allt; og \u00fea\u00f0 mun fara, eins og skrifa\u00f0 er um Mannsins Son, a\u00f0 hann l\u00ed\u00f0i margt og ver\u00f0i fyrirlitinn;<a name=\"12\"><span class=\"versanumer\">12<\/span><\/a>en tr\u00fai\u00f0 m\u00e9r, El\u00edas er kominn, og \u00feeir breyttu vi\u00f0 hann, sem \u00feeim l\u00edka\u00f0i, eins og sp\u00e1\u00f0 er um hann. <br \/><a name=\"13\"><span class=\"versanumer\">13<\/span><\/a>\u00deegar hann kom til l\u00e6risveina sinna, s\u00e1 hann, a\u00f0 mikill fj\u00f6ldi f\u00f3lks var hj\u00e1 \u00feeim, og hinir skriftl\u00e6r\u00f0u sem spur\u00f0ust \u00e1 vi\u00f0 \u00fe\u00e1;<a name=\"14\"><span class=\"versanumer\">14<\/span><\/a>en strax, sem f\u00f3lki\u00f0 s\u00e1 hann, hnykkti \u00fev\u00ed vi\u00f0, hlj\u00f3p til og heilsa\u00f0i honum.<a name=\"15\"><span class=\"versanumer\">15<\/span><\/a>Jes\u00fas spur\u00f0i \u00fe\u00e1: um hva\u00f0 \u00feeir v\u00e6ru a\u00f0 f\u00e1st?<a name=\"16\"><span class=\"versanumer\">16<\/span><\/a>honum svara\u00f0i einn af f\u00f3lkinu \u00e1 \u00feessa lei\u00f0: Meistari! eg hefi flutt son minn til \u00fe\u00edn, hann er \u00fej\u00e1\u00f0ur af m\u00e1lleysis anda;<a name=\"17\"><span class=\"versanumer\">17<\/span><\/a>n\u00e6r andinn hr\u00edfur hann, kastar hann honum ni\u00f0ur, og \u00fe\u00e1 fro\u00f0ufellir hann og gn\u00edstir t\u00f6nnum og ver\u00f0ur m\u00e1ttvana. Eg ba\u00f0 l\u00e6risveina \u00fe\u00edna a\u00f0 reka hann \u00fat, en \u00feeir orku\u00f0u \u00feess ekki.<a name=\"18\"><span class=\"versanumer\">18<\/span><\/a>\u00de\u00e1 sag\u00f0i Jes\u00fas: \u00fe\u00fa tr\u00faarlausa \u00fej\u00f3\u00f0! hv\u00f6rsu lengi skal eg hj\u00e1 y\u00f0ur vera? hv\u00f6rsu lengi skal eg umbera y\u00f0ur? f\u00e6ri\u00f0 m\u00e9r hann!<a name=\"19\"><span class=\"versanumer\">19<\/span><\/a>\u00feeir gj\u00f6r\u00f0u svo; en strax, sem hann s\u00e1 Jes\u00fam, teyg\u00f0i andinn hann sundur og saman, f\u00e9ll hann \u00fe\u00e1 til jar\u00f0ar, veltist um og fro\u00f0ufelldi.<a name=\"20\"><span class=\"versanumer\">20<\/span><\/a>Jes\u00fas spur\u00f0i \u00fe\u00e1 f\u00f6\u00f0ur hans: hv\u00f6rsu langt v\u00e6ri, s\u00ed\u00f0an \u00feetta hef\u00f0i vilja\u00f0 honum til? hann kva\u00f0 hann hafa haft \u00feenna sj\u00fakd\u00f3m fr\u00e1 barn\u00e6sku.<a name=\"21\"><span class=\"versanumer\">21<\/span><\/a>Oft hefir andinn\u2014sag\u00f0i hann\u2014kasta\u00f0 honum b\u00e6\u00f0i \u00e1 eld og \u00ed vatn til a\u00f0 fyrirfara honum; en ef \u00fe\u00fa ert nokkurs orkandi, \u00fe\u00e1 hj\u00e1lpa \u00fe\u00fa okkur, og kenn \u00fe\u00fa \u00ed brj\u00f3sti um okkur!<a name=\"22\"><span class=\"versanumer\">22<\/span><\/a>Jes\u00fas m\u00e6lti: \u00fea\u00f0 skal ske, ef \u00fe\u00fa getur tr\u00faa\u00f0; tr\u00fau\u00f0um er allt m\u00f6gulegt.<a name=\"23\"><span class=\"versanumer\">23<\/span><\/a>Strax gr\u00e9t fa\u00f0ir sveinsins h\u00e1st\u00f6fum og sag\u00f0i: j\u00e1! eg tr\u00fai, en hj\u00e1lpa \u00fe\u00fa tr\u00faarleysu minni!<a name=\"24\"><span class=\"versanumer\">24<\/span><\/a>N\u00fa er Jes\u00fas s\u00e1, a\u00f0 f\u00f3lki\u00f0 \u00feyrptist a\u00f0, tala\u00f0i hann svo til hins illa anda: eg b\u00fd\u00f0 \u00fe\u00e9r, \u00fe\u00fa andi! sem veldur m\u00e1l- og heyrnarleysi manns \u00feessa, a\u00f0 \u00fe\u00fa farir \u00fat af honum, og komir aldrei aftur.<a name=\"25\"><span class=\"versanumer\">25<\/span><\/a>Hann hrein \u00fe\u00e1 og teyg\u00f0i hann mj\u00f6g sundur og saman, s\u00ed\u00f0an f\u00f3r hann \u00fat; en sveinninn l\u00e1 eftir, sem v\u00e6ri hann dau\u00f0ur, svo margir s\u00f6g\u00f0u, a\u00f0 hann v\u00e6ri l\u00e1tinn;<a name=\"26\"><span class=\"versanumer\">26<\/span><\/a>Jes\u00fas t\u00f3k \u00fe\u00e1 \u00ed h\u00f6nd hans og reisti hann \u00e1 f\u00e6tur, og \u00fe\u00e1 st\u00f3\u00f0 hann upp.<a name=\"27\"><span class=\"versanumer\">27<\/span><\/a>\u00deegar Jes\u00fas var kominn heim, spur\u00f0u l\u00e6risveinar hans einslega: \u00fev\u00ed \u00feeir ekki hef\u00f0u geta\u00f0 reki\u00f0 hann \u00fat?<a name=\"28\"><span class=\"versanumer\">28<\/span><\/a>Jes\u00fas m\u00e6lti: \u00feetta kyn ver\u00f0ur ekki \u00fatreki\u00f0, nema me\u00f0 b\u00e6n og f\u00f6stu. <br \/><a name=\"29\"><span class=\"versanumer\">29<\/span><\/a>\u00deegar \u00feeir f\u00f3ru \u00fea\u00f0an yfir Gal\u00edleu, vildi Jes\u00fas ekki a\u00f0 nokkur skyldi vita \u00fea\u00f0;<a name=\"30\"><span class=\"versanumer\">30<\/span><\/a>\u00fev\u00ed hann var \u00fe\u00e1 a\u00f0 kenna s\u00ednum l\u00e6risveinum, og sag\u00f0i \u00feeim a\u00f0 mannsins sonur \u00e6tti a\u00f0 ofurseljast \u00ed manna hendur, sem mundu taka hann af l\u00edfi, en eftir \u00fea\u00f0 hann v\u00e6ri l\u00edfl\u00e1tinn, mundi hann uppr\u00edsa \u00e1 \u00feri\u00f0ja degi.<a name=\"31\"><span class=\"versanumer\">31<\/span><\/a>En \u00feeir skildu \u00fea\u00f0 ekki, en \u00feor\u00f0u \u00fe\u00f3 ekki a\u00f0 spyrja hann um \u00fea\u00f0.<br \/><a name=\"32\"><span class=\"versanumer\">32<\/span><\/a>Hann kom til Kapernaum, og \u00feegar hann kom til herbergis s\u00edns, spur\u00f0i hann l\u00e6risveina s\u00edna, hva\u00f0 \u00fea\u00f0 hef\u00f0i veri\u00f0, sem \u00feeir hef\u00f0u veri\u00f0 a\u00f0 tala um \u00e1 veginum s\u00edn \u00e1 milli;<a name=\"33\"><span class=\"versanumer\">33<\/span><\/a>en \u00feeir \u00fe\u00f6g\u00f0u, \u00fev\u00ed \u00feeir h\u00f6f\u00f0u veri\u00f0 a\u00f0 tala um \u00e1 veginum, hv\u00f6r \u00feeirra mestur v\u00e6ri.<a name=\"34\"><span class=\"versanumer\">34<\/span><\/a>Hann settist \u00fe\u00e1 ni\u00f0ur, og kalla\u00f0i til s\u00edn \u00fe\u00e1 t\u00f3lf, og m\u00e6lti svo til \u00feeirra: hv\u00f6r y\u00f0ar, sem vill vera mest metinn, veri hann l\u00e6gstur allra og allra hinna \u00fej\u00f3n.<a name=\"35\"><span class=\"versanumer\">35<\/span><\/a>S\u00ed\u00f0an t\u00f3k hann barn eitt, og setti \u00fea\u00f0 me\u00f0al \u00feeirra, fa\u00f0ma\u00f0i \u00fea\u00f0, og m\u00e6lti:<a name=\"36\"><span class=\"versanumer\">36<\/span><\/a>hv\u00f6r, sem me\u00f0tekur \u00fev\u00edl\u00edkt barn m\u00edn vegna, \u00fea\u00f0 er sem me\u00f0t\u00e6ki hann sj\u00e1lfan mig; en hv\u00f6r hann me\u00f0tekur mig, hann me\u00f0tekur ekki mig einungis, heldur \u00feann, sem mig sendi.<a name=\"37\"><span class=\"versanumer\">37<\/span><\/a>\u00de\u00e1 t\u00f3k J\u00f3hannes til or\u00f0a og m\u00e6lti: Meistari! v\u00e9r s\u00e1um mann einn, sem \u00ed \u00fe\u00ednu nafni rak dj\u00f6fla \u00fat, og v\u00e9r b\u00f6nnu\u00f0um honum \u00fea\u00f0, af \u00fev\u00ed hann var ekki af vorum flokki.<a name=\"38\"><span class=\"versanumer\">38<\/span><\/a>Jes\u00fas sag\u00f0i: banni\u00f0 honum \u00fea\u00f0 ekki; \u00fev\u00ed enginn s\u00e1, sem gj\u00f6rir kraftaverk \u00ed m\u00ednu nafni, talar strax \u00e1 eftir illa um mig.<a name=\"39\"><span class=\"versanumer\">39<\/span><\/a>Hv\u00f6r, sem ekki er \u00e1 m\u00f3ti y\u00f0ur, hann er me\u00f0 y\u00f0ur;<a name=\"40\"><span class=\"versanumer\">40<\/span><\/a>hv\u00f6r, sem gefur y\u00f0ur vatnsdrykk vegna m\u00edn, vegna \u00feess, a\u00f0 \u00fe\u00e9r heyri\u00f0 Kristi til, honum mun \u00fea\u00f0 ekki \u00f3launa\u00f0 vera.<a name=\"41\"><span class=\"versanumer\">41<\/span><\/a>T\u00e6li einhv\u00f6r nokkurn til ills af \u00feessum sm\u00e6lingjum, sem tr\u00faa \u00e1 m\u00edg, betra v\u00e6ri honum, a\u00f0 myllusteinn h\u00e9ngi um h\u00e1ls honum, og honum v\u00e6ri \u00ed sj\u00f3 s\u00f6kkt.<a name=\"42\"><span class=\"versanumer\">42<\/span><\/a>Ef \u00fe\u00edn h\u00e6gri h\u00f6nd lokkar \u00feig til ills, \u00fe\u00e1 h\u00f6gg \u00fe\u00fa hana af; betra er \u00fe\u00e9r a\u00f0 innganga handarvana til l\u00edfsins, en a\u00f0 hafa b\u00e1\u00f0ar hendur heilar og fara til helv\u00edtis \u00ed \u00feann \u00f3sl\u00f6kkvanda eld,<a name=\"43\"><span class=\"versanumer\">43<\/span><\/a>hvar ormur \u00feeirra ekki deyr og eldur aldrei slokknar.<a name=\"44\"><span class=\"versanumer\">44<\/span><\/a>Ef a\u00f0 f\u00f3tur \u00feinn lokkar \u00feig til ills, \u00fe\u00e1 h\u00f6gg \u00fe\u00fa hann af; betra er \u00fe\u00e9r h\u00f6ltum a\u00f0 innganga til l\u00edfsins, en a\u00f0 \u00fe\u00fa hafir b\u00e1\u00f0ar f\u00e6tur heila, og \u00fe\u00e9r ver\u00f0i kasta\u00f0 \u00ed helv\u00edti \u00ed \u00feann \u00f3sl\u00f6kkvanda eld,<a name=\"45\"><span class=\"versanumer\">45<\/span><\/a>hvar ormur \u00feeirra aldrei deyr og eldur aldrei slokknar.<a name=\"46\"><span class=\"versanumer\">46<\/span><\/a>Ef auga \u00feitt t\u00e6lir \u00feig til ills, \u00fe\u00e1 sl\u00edt \u00fe\u00fa \u00fea\u00f0 \u00fat; bera er \u00fe\u00e9r a\u00f0 koma eineyg\u00f0um \u00ed Gu\u00f0s r\u00edki, en a\u00f0 \u00fe\u00fa hafir b\u00e6\u00f0i augu \u00fe\u00edn, og \u00fe\u00e9r ver\u00f0i kasta\u00f0 \u00ed helv\u00edtis eld,<a name=\"47\"><span class=\"versanumer\">47<\/span><\/a>hvar ormur \u00feeirra ekki deyr, og eldur ekki slokknar.<a name=\"48\"><span class=\"versanumer\">48<\/span><\/a>\u00dev\u00ed s\u00e9rhv\u00f6r \u00e1 a\u00f0 saltast me\u00f0 eldi, eins og s\u00e9rhv\u00f6r f\u00f3rn \u00e1 a\u00f0 saltast me\u00f0 salti.<a name=\"49\"><span class=\"versanumer\">49<\/span><\/a>Salti\u00f0 er g\u00f3\u00f0ur hlutur, en l\u00e1ti \u00fea\u00f0 kraft sinn, me\u00f0 hv\u00f6rju vilji\u00f0 \u00fe\u00e9r \u00fe\u00e1 selta \u00fea\u00f0? Haldi\u00f0 seltunni \u00ed y\u00f0ur, og veri\u00f0 samlyndir innbyr\u00f0is.<\/p>\n<div class=\"footnoteVidey\">V. 1\u201312. Matt. 17,1\u201313. L\u00fak. 9,28\u201336.  V. 12. S\u00e1lm. 22. Esa. 53. Dan. 9,26.  V. 13\u201323, sbr. Matt. 17,14\u201321. L\u00fak. 9,37\u201343.  V. 29\u201331, sbr. Matt. 9,22.23. L\u00fak. 9,44.45.  V. 32\u201347, sbr. Matt. 18,1\u201311. 20,26.27. 10,40\u201342. L\u00fak. 9,46\u201350.  V. 43, sbr. Es. 66,24.  V. 48. Saltast me\u00f0 eldi, \u00fe. e. me\u00f0 \u00fev\u00ed a\u00f0 str\u00ed\u00f0a m\u00f3ti s\u00ednum r\u00e1\u00f0r\u00edkustu girndum. (V. 42\u201346), eiga menn a\u00f0 undirb\u00faa sig til eil\u00edfs l\u00edfs eins og s\u00e9rhv\u00f6r f\u00f3rn undirbj\u00f3st til \u00feess a\u00f0 ver\u00f0a Gu\u00f0i vel\u00fe\u00f3knanleg, me\u00f0 saltinu, 3 M\u00f3s. 2,13.  V. 49, sbr. Matt. 5,13. L\u00fak. 14,34\u201335.<\/div>\n","protected":false},"excerpt":{"rendered":"<p>Jes\u00fas ummyndast \u00e1 fjallinu; \u00fatrekur m\u00e1lleysis- og heyrnarleysisanda; talar um dau\u00f0a sinn; straffar metor\u00f0agirnd l\u00e6risveina sinna, o. s. frv. 1\u00deegar li\u00f0nir voru sex dagar, t\u00f3k Jes\u00fas P\u00e9tur, Jakob og J\u00f3hannes me\u00f0 s\u00e9r eina saman, og f\u00f3r me\u00f0 \u00feeim upp \u00e1 h\u00e1tt fjall. H\u00e9r breyttist yfirlitur hans fyrir \u00feeirra augum;2ur\u00f0u kl\u00e6\u00f0i hans sk\u00ednandi og hv\u00edt, sem snj\u00f3r; hv\u00edtari en nokkur \u00fevottama\u00f0ur \u00ed heimi kann a\u00f0 gj\u00f6ra.3\u00de\u00e1 birtist \u00feeim El\u00edas og M\u00f3ses, og v\u00f3ru \u00feeir \u00e1 tali vi\u00f0 hann.4\u00de\u00e1 t\u00f3k P\u00e9tur svo til or\u00f0a vi\u00f0 Jes\u00fam: Meistari! h\u00e9r er oss gott a\u00f0 vera, v\u00e9r viljum reisa h\u00e9r \u00ferj\u00e1r tjaldb\u00fa\u00f0ir, eina handa \u00fe\u00e9r, <a href=\"https:\/\/biblian.is\/videy\/markusargudspjall-9-kafli\/\"> [&#8230;]<\/a><\/p>\n","protected":false},"author":1,"featured_media":0,"parent":0,"menu_order":0,"comment_status":"open","ping_status":"open","template":"bibliukaflar.php","meta":{"footnotes":""},"class_list":["post-21815","page","type-page","status-publish","hentry"],"_links":{"self":[{"href":"https:\/\/biblian.is\/videy\/wp-json\/wp\/v2\/pages\/21815","targetHints":{"allow":["GET"]}}],"collection":[{"href":"https:\/\/biblian.is\/videy\/wp-json\/wp\/v2\/pages"}],"about":[{"href":"https:\/\/biblian.is\/videy\/wp-json\/wp\/v2\/types\/page"}],"author":[{"embeddable":true,"href":"https:\/\/biblian.is\/videy\/wp-json\/wp\/v2\/users\/1"}],"replies":[{"embeddable":true,"href":"https:\/\/biblian.is\/videy\/wp-json\/wp\/v2\/comments?post=21815"}],"version-history":[{"count":0,"href":"https:\/\/biblian.is\/videy\/wp-json\/wp\/v2\/pages\/21815\/revisions"}],"wp:attachment":[{"href":"https:\/\/biblian.is\/videy\/wp-json\/wp\/v2\/media?parent=21815"}],"curies":[{"name":"wp","href":"https:\/\/api.w.org\/{rel}","templated":true}]}}