{"id":21811,"date":"2018-01-02T01:04:15","date_gmt":"2018-01-02T01:04:15","guid":{"rendered":"http:\/\/biblian.is\/videy\/markusargudspjall-5-kafli\/"},"modified":"2018-01-02T01:04:15","modified_gmt":"2018-01-02T01:04:15","slug":"markusargudspjall-5-kafli","status":"publish","type":"page","link":"https:\/\/biblian.is\/videy\/markusargudspjall-5-kafli\/","title":{"rendered":"Mark\u00fasargu\u00f0spjall 5. kafli"},"content":{"rendered":"<div class=\"fyrirsognVidey\">Jes\u00fas rekur dj\u00f6ful \u00fat. L\u00e6knar sj\u00faka.<\/div>\n<p><a name=\"1\"><span class=\"versanumer\">1<\/span><\/a>\u00deeir komu yfirum sj\u00f3inn \u00ed h\u00e9ra\u00f0 \u00feeirra Gadaramanna;<a name=\"2\"><span class=\"versanumer\">2<\/span><\/a>og strax, sem hann var st\u00edginn af skipi, hlj\u00f3p m\u00f3ti honum ma\u00f0ur nokkur, kvalinn af \u00f3hreinum anda;<a name=\"3\"><span class=\"versanumer\">3<\/span><\/a>hann kom \u00far gr\u00f6fum dau\u00f0ra manna, hvar hann haf\u00f0i a\u00f0setur sitt, og var svo \u00f3\u00f0ur a\u00f0 ekki tj\u00e1\u00f0i a\u00f0 setja hann \u00ed fj\u00f6tur;<a name=\"4\"><span class=\"versanumer\">4<\/span><\/a>\u00fev\u00ed oft haf\u00f0i hann veri\u00f0 bundinn me\u00f0 fj\u00f6trum og hlekkjum, en hann sleit af s\u00e9r hlekkina og braut fj\u00f6turin, og enginn gat r\u00e1\u00f0i\u00f0 vi\u00f0 hann;<a name=\"5\"><span class=\"versanumer\">5<\/span><\/a>um allar n\u00e6tur og daga var hann \u00e1 fj\u00f6llum, e\u00f0ur \u00ed gr\u00f6fum dau\u00f0ra manna, hrein og lamdi sj\u00e1lfan sig me\u00f0 grj\u00f3ti.<a name=\"6\"><span class=\"versanumer\">6<\/span><\/a>N\u00fa er hann s\u00e1 Jes\u00fam \u00e1lengdar, hlj\u00f3p hann \u00feanga\u00f0, heilsa\u00f0i honum, kalla\u00f0i h\u00e1tt og m\u00e6lti:<a name=\"7\"><span class=\"versanumer\">7<\/span><\/a>hva\u00f0 hefi eg me\u00f0 \u00feig a\u00f0 gj\u00f6ra, Jes\u00fas, Sonur Gu\u00f0s ens h\u00e6sta? eg s\u00e6ri \u00feig vi\u00f0 Gu\u00f0, a\u00f0 \u00fe\u00fa kveljir mig ekki.<a name=\"8\"><span class=\"versanumer\">8<\/span><\/a><span class='VideyAth'>(\u00fev\u00ed Jes\u00fas haf\u00f0i skipa\u00f0 \u00feeim \u00f3hreina anda a\u00f0 fara \u00fat af honum)<\/span>.<a name=\"9\"><span class=\"versanumer\">9<\/span><\/a>\u00de\u00e1 spur\u00f0i Jes\u00fas hann a\u00f0 nafni, en hann segir: L e g \u00ed \u00f3 a heiti eg; \u00fev\u00ed v\u00e9r erum margir.<a name=\"10\"><span class=\"versanumer\">10<\/span><\/a>\u00de\u00e1 ba\u00f0 hann Jes\u00fam innilega, a\u00f0 hann ekki r\u00e6ki \u00fe\u00e1 burt \u00far \u00fev\u00ed h\u00e9ra\u00f0i.<a name=\"11\"><span class=\"versanumer\">11<\/span><\/a>En \u00fear var vi\u00f0 fjalli\u00f0 st\u00f3r sv\u00ednahj\u00f6r\u00f0 \u00e1 beit;<a name=\"12\"><span class=\"versanumer\">12<\/span><\/a>\u00fe\u00e1 b\u00e1\u00f0u dj\u00f6flarnir hann, a\u00f0 hann vildi leyfa \u00feeim a\u00f0 fara \u00ed sv\u00ednin.<a name=\"13\"><span class=\"versanumer\">13<\/span><\/a>Jes\u00fas leyf\u00f0i \u00feeim \u00feetta strax, og f\u00f3ru hinir \u00f3hreinu andar \u00ed sv\u00ednin, og \u00f6ll hj\u00f6r\u00f0in hlj\u00f3p fyrir bj\u00f6rg ofan \u00ed sj\u00f3inn, og kafna\u00f0i \u00fear; var \u00fea\u00f0 h\u00e9r um tv\u00f6 \u00fe\u00fasund sv\u00edna;<a name=\"14\"><span class=\"versanumer\">14<\/span><\/a>en \u00feeir, er g\u00e6ttu \u00feeirra, fl\u00fd\u00f0u, og s\u00f6g\u00f0u fr\u00e1 \u00feessu b\u00e6\u00f0i \u00ed borginni og \u00e1 landsbygg\u00f0inni.<a name=\"15\"><span class=\"versanumer\">15<\/span><\/a>\u00de\u00e1 f\u00f3ru menn a\u00f0 sj\u00e1, hva\u00f0 ske\u00f0 haf\u00f0i, komu til Jes\u00fa, og s\u00e1u \u00fear \u00feann dj\u00f6ful\u00f3\u00f0a sitjanda, kl\u00e6ddan og heilvita, \u00feann, er dj\u00f6flas\u00e6gurinn haf\u00f0i \u00ed veri\u00f0.<a name=\"16\"><span class=\"versanumer\">16<\/span><\/a>Vi\u00f0 \u00feetta ur\u00f0u \u00feeir hr\u00e6ddir, en \u00feeir, sem vi\u00f0 h\u00f6f\u00f0u veri\u00f0, s\u00f6g\u00f0u \u00feeim, hv\u00f6rnig fari\u00f0 hef\u00f0i b\u00e6\u00f0i fyrir \u00feeim \u00f3\u00f0a og sv\u00ednunum.<a name=\"17\"><span class=\"versanumer\">17<\/span><\/a>\u00de\u00e1 b\u00e1\u00f0u \u00feeir hann, a\u00f0 hann f\u00e6ri \u00far \u00feeirra h\u00e9r\u00f6\u00f0um.<a name=\"18\"><span class=\"versanumer\">18<\/span><\/a>N\u00fa er hann steig \u00e1 skip, beiddi s\u00e1, sem \u00f3\u00f0ur haf\u00f0i veri\u00f0, hann leyfis a\u00f0 fara me\u00f0 honum;<a name=\"19\"><span class=\"versanumer\">19<\/span><\/a>\u00feessa synja\u00f0i Jes\u00fas honum, og sag\u00f0i: far \u00fe\u00fa heim til \u00fe\u00edn og \u00feinna, og sk\u00fdr \u00feeim fr\u00e1, hva\u00f0 miki\u00f0 gott Gu\u00f0 hefir gj\u00f6rt \u00fe\u00e9r, og hv\u00f6rsu hann hefir miskunna\u00f0 \u00fe\u00e9r.<a name=\"20\"><span class=\"versanumer\">20<\/span><\/a>Hann f\u00f3r og sk\u00fdr\u00f0i fr\u00e1 \u00fev\u00ed \u00ed Dekap\u00f3l\u00ed, sem Jes\u00fas haf\u00f0i gj\u00f6rt vi\u00f0 hann, og undru\u00f0ust \u00fea\u00f0 allir. <br \/><a name=\"21\"><span class=\"versanumer\">21<\/span><\/a>\u00deegar Jes\u00fas var kominn yfir um \u00e1 skipinu aftur, safna\u00f0ist a\u00f0 honum mikill mannfj\u00f6ldi, var hann \u00fe\u00e1 staddur vi\u00f0 sj\u00f3inn.<a name=\"22\"><span class=\"versanumer\">22<\/span><\/a>\u00deanga\u00f0 kom til hans einn af samkunduh\u00f6f\u00f0ingjunum, er h\u00e9t Ja\u00edrus, og \u00feegar hann s\u00e1 Jes\u00fam, f\u00e9ll hann til f\u00f3ta honum,<a name=\"23\"><span class=\"versanumer\">23<\/span><\/a>og ba\u00f0 hann mj\u00f6g innilega og sag\u00f0i: d\u00f3ttir m\u00edn er a\u00f0 fram komin; kom og legg hendur \u00fe\u00ednar yfir hana, svo henni batni; \u00fe\u00e1 mun h\u00fan lifa.<a name=\"24\"><span class=\"versanumer\">24<\/span><\/a>Jes\u00fas f\u00f3r me\u00f0 honum; honum fylgdi m\u00fagur manns, er \u00ferengdi s\u00e9r a\u00f0 honum.<a name=\"25\"><span class=\"versanumer\">25<\/span><\/a>\u00dear var kona nokkur, sem um t\u00f3lf \u00e1r haf\u00f0i veri\u00f0 sj\u00fak af bl\u00f3\u00f0l\u00e1ti;<a name=\"26\"><span class=\"versanumer\">26<\/span><\/a>h\u00fan haf\u00f0i miki\u00f0 \u00feola\u00f0 af m\u00f6rgum l\u00e6knum, og kosta\u00f0 \u00fear til aleigu sinni, og \u00fe\u00f3 ekki batna\u00f0, heldur var\u00f0 henni \u00e6 \u00feyngra.<a name=\"27\"><span class=\"versanumer\">27<\/span><\/a>H\u00fan haf\u00f0i heyrt fr\u00e1 Jes\u00fa, kom \u00ed mann\u00fer\u00f6nginni a\u00f0 baki honum, og snart kl\u00e6\u00f0i hans;<a name=\"28\"><span class=\"versanumer\">28<\/span><\/a>\u00fev\u00ed h\u00fan hugsa\u00f0i, a\u00f0 g\u00e6ti h\u00fan snert \u00feau, mundi h\u00fan heil ver\u00f0a.<a name=\"29\"><span class=\"versanumer\">29<\/span><\/a>Og strax st\u00f6\u00f0va\u00f0ist bl\u00f3\u00f0l\u00e1t hennar, og h\u00fan fann \u00e1 s\u00e9r, a\u00f0 h\u00fan var heil or\u00f0in meina sinna.<a name=\"30\"><span class=\"versanumer\">30<\/span><\/a>Strax fann Jes\u00fas \u00e1 s\u00e9r, a\u00f0 kraftur var \u00fat af honum genginn, snerist vi\u00f0 \u00ed mann\u00fer\u00f6nginni, og spur\u00f0i, hv\u00f6r hef\u00f0i hr\u00e6rt vi\u00f0 kl\u00e6\u00f0um hans?<a name=\"31\"><span class=\"versanumer\">31<\/span><\/a>\u00de\u00e1 t\u00f3ku l\u00e6risveinar hans til or\u00f0a: \u00fe\u00fa s\u00e9r a\u00f0 mannfj\u00f6ldinn \u00ferengir a\u00f0 \u00fe\u00e9r, og \u00fe\u00f3 spyr \u00fe\u00fa: hv\u00f6r hafi hr\u00e6rt vi\u00f0 \u00fe\u00e9r?<a name=\"32\"><span class=\"versanumer\">32<\/span><\/a>\u00de\u00e1 skyggndist Jes\u00fas um eftir \u00feeirri, sem \u00feetta haf\u00f0i gj\u00f6rt,<a name=\"33\"><span class=\"versanumer\">33<\/span><\/a>en h\u00fan var hr\u00e6dd og skj\u00e1lfandi, \u00fev\u00ed h\u00fan vissi, hva\u00f0 vi\u00f0 sig haf\u00f0i framfari\u00f0; kom og f\u00e9ll fram fyrir hann, og sag\u00f0i allt hi\u00f0 sanna.<a name=\"34\"><span class=\"versanumer\">34<\/span><\/a>\u00de\u00e1 m\u00e6lti hann: d\u00f3ttir! \u00fe\u00edn tr\u00fa hefir hj\u00e1lpa\u00f0 \u00fe\u00e9r; far \u00ed fri\u00f0i, og vert heil sj\u00fakleika \u00fe\u00edns!<a name=\"35\"><span class=\"versanumer\">35<\/span><\/a>En er hann var \u00feetta a\u00f0 m\u00e6la, komu menn fr\u00e1 heimili samkunduh\u00f6f\u00f0ingjans, er s\u00f6g\u00f0u: d\u00f3ttir \u00fe\u00edn er l\u00e1tin, \u00fev\u00ed vilt\u00fa \u00f3maka framar Meistarann?<a name=\"36\"><span class=\"versanumer\">36<\/span><\/a>Strax er Jes\u00fas heyr\u00f0i \u00feessa fregn, m\u00e6lti hann vi\u00f0 samkunduh\u00f6f\u00f0ingjann: vert\u00fa \u00f3hr\u00e6ddur! tr\u00fa \u00fe\u00fa einungis.<a name=\"37\"><span class=\"versanumer\">37<\/span><\/a>Og n\u00fa leyf\u00f0i hann engum a\u00f0 fylgja s\u00e9r, nema P\u00e9tri, Jakobi og J\u00f3hannesi br\u00f3\u00f0ur Jakobs.<a name=\"38\"><span class=\"versanumer\">38<\/span><\/a>\u00deegar hann kom \u00ed h\u00fas samkunduh\u00f6f\u00f0ingjans, og s\u00e1 \u00fear ys mikinn, og \u00fe\u00e1, er gr\u00e9tu og \u00e6ptu mj\u00f6g,<a name=\"39\"><span class=\"versanumer\">39<\/span><\/a>sag\u00f0i hann vi\u00f0 \u00fe\u00e1: \u00fev\u00ed hr\u00edni\u00f0 \u00fe\u00e9r og gr\u00e1ti\u00f0? m\u00e6rin er ekki dau\u00f0, heldur sefur h\u00fan;<a name=\"40\"><span class=\"versanumer\">40<\/span><\/a>en \u00feeir hl\u00f3gu a\u00f0 honum. S\u00ed\u00f0an bau\u00f0 hann \u00f6llum a\u00f0 fara \u00fat og t\u00f3k me\u00f0 s\u00e9r f\u00f6\u00f0ur og m\u00f3\u00f0ur st\u00falkunnar, og \u00fe\u00e1, sem me\u00f0 honum voru, og gekk inn \u00feanga\u00f0, sem barni\u00f0 var,<a name=\"41\"><span class=\"versanumer\">41<\/span><\/a>t\u00f3k \u00ed h\u00f6nd \u00feess og m\u00e6lti: T a l i t a\u2014k\u00fam\u00ed! \u00fea\u00f0 \u00fe\u00fd\u00f0ir: st\u00falka! eg skipa \u00fe\u00e9r, r\u00eds \u00fe\u00fa upp!<a name=\"42\"><span class=\"versanumer\">42<\/span><\/a>Og jafnskj\u00f3tt reist st\u00falkan upp, og t\u00f3k a\u00f0 ganga; en h\u00fan var t\u00f3lf \u00e1ra a\u00f0 aldri.<a name=\"43\"><span class=\"versanumer\">43<\/span><\/a>\u00de\u00e1 undru\u00f0ust \u00feeir n\u00e6sta; en hann banna\u00f0i \u00feeim alvarlega a\u00f0 l\u00e1ta nokkurn f\u00e1 \u00feetta a\u00f0 vita, og bau\u00f0 a\u00f0 gefa henni mat.<\/p>\n<div class=\"footnoteVidey\">V. 1\u201320, sbr. Matt 8,28\u201334. L\u00fak. 8,26\u201339.  V. 9. a. Leg\u00ed\u00f3 var r\u00f3mverskur herflokkur, hvar \u00ed oftast voru yfir 6000 manns.  V. 21\u201343, sbr. Matt. 9,1.18\u201326. L\u00fak. 8,41\u201356.<\/div>\n","protected":false},"excerpt":{"rendered":"<p>Jes\u00fas rekur dj\u00f6ful \u00fat. L\u00e6knar sj\u00faka. 1\u00deeir komu yfirum sj\u00f3inn \u00ed h\u00e9ra\u00f0 \u00feeirra Gadaramanna;2og strax, sem hann var st\u00edginn af skipi, hlj\u00f3p m\u00f3ti honum ma\u00f0ur nokkur, kvalinn af \u00f3hreinum anda;3hann kom \u00far gr\u00f6fum dau\u00f0ra manna, hvar hann haf\u00f0i a\u00f0setur sitt, og var svo \u00f3\u00f0ur a\u00f0 ekki tj\u00e1\u00f0i a\u00f0 setja hann \u00ed fj\u00f6tur;4\u00fev\u00ed oft haf\u00f0i hann veri\u00f0 bundinn me\u00f0 fj\u00f6trum og hlekkjum, en hann sleit af s\u00e9r hlekkina og braut fj\u00f6turin, og enginn gat r\u00e1\u00f0i\u00f0 vi\u00f0 hann;5um allar n\u00e6tur og daga var hann \u00e1 fj\u00f6llum, e\u00f0ur \u00ed gr\u00f6fum dau\u00f0ra manna, hrein og lamdi sj\u00e1lfan sig me\u00f0 grj\u00f3ti.6N\u00fa er hann s\u00e1 Jes\u00fam <a href=\"https:\/\/biblian.is\/videy\/markusargudspjall-5-kafli\/\"> [&#8230;]<\/a><\/p>\n","protected":false},"author":1,"featured_media":0,"parent":0,"menu_order":0,"comment_status":"open","ping_status":"open","template":"bibliukaflar.php","meta":{"footnotes":""},"class_list":["post-21811","page","type-page","status-publish","hentry"],"_links":{"self":[{"href":"https:\/\/biblian.is\/videy\/wp-json\/wp\/v2\/pages\/21811","targetHints":{"allow":["GET"]}}],"collection":[{"href":"https:\/\/biblian.is\/videy\/wp-json\/wp\/v2\/pages"}],"about":[{"href":"https:\/\/biblian.is\/videy\/wp-json\/wp\/v2\/types\/page"}],"author":[{"embeddable":true,"href":"https:\/\/biblian.is\/videy\/wp-json\/wp\/v2\/users\/1"}],"replies":[{"embeddable":true,"href":"https:\/\/biblian.is\/videy\/wp-json\/wp\/v2\/comments?post=21811"}],"version-history":[{"count":0,"href":"https:\/\/biblian.is\/videy\/wp-json\/wp\/v2\/pages\/21811\/revisions"}],"wp:attachment":[{"href":"https:\/\/biblian.is\/videy\/wp-json\/wp\/v2\/media?parent=21811"}],"curies":[{"name":"wp","href":"https:\/\/api.w.org\/{rel}","templated":true}]}}