{"id":21806,"date":"2018-01-02T01:04:07","date_gmt":"2018-01-02T01:04:07","guid":{"rendered":"http:\/\/biblian.is\/videy\/matteusargudspjall-28-kafli\/"},"modified":"2018-01-02T01:04:07","modified_gmt":"2018-01-02T01:04:07","slug":"matteusargudspjall-28-kafli","status":"publish","type":"page","link":"https:\/\/biblian.is\/videy\/matteusargudspjall-28-kafli\/","title":{"rendered":"Matteusargu\u00f0spjall 28. kafli"},"content":{"rendered":"<div class=\"fyrirsognVidey\">Jes\u00fas uppr\u00eds og birtist kvinnunum. Var\u00f0haldsmennirnir fl\u00fdja fr\u00e1 gr\u00f6finni. Jes\u00fas birtist l\u00e6risveinunum \u00ed Gal\u00edleu, b\u00fd\u00f0ur \u00feeim a\u00f0 sk\u00edra og kenna.<\/div>\n<p><a name=\"1\"><span class=\"versanumer\">1<\/span><\/a>A\u00f0 li\u00f0num hv\u00edldardeginum, \u00feegar l\u00fdsti af fyrsta degi vikunnar, komu \u00fe\u00e6r Mar\u00eda fr\u00e1 Magd\u00f6lum og hin \u00f6nnur Mar\u00eda a\u00f0 sj\u00e1 legsta\u00f0inn.<a name=\"2\"><span class=\"versanumer\">2<\/span><\/a>Og sj\u00e1, \u00fe\u00e1 var\u00f0 mikill jar\u00f0skj\u00e1lfti; \u00fev\u00ed engill Drottins kom fr\u00e1 himni, gekk \u00fear a\u00f0, velti steininum fr\u00e1 dyrum legsta\u00f0arins og settist \u00e1 hann;<a name=\"3\"><span class=\"versanumer\">3<\/span><\/a>\u00e1s\u00fdnd hans var sem leiftur, og kl\u00e6\u00f0i hans bj\u00f6rt, sem snj\u00f3r;<a name=\"4\"><span class=\"versanumer\">4<\/span><\/a>vi\u00f0 \u00feessa s\u00fdn ur\u00f0u \u00feeir svo hr\u00e6ddir, er legsta\u00f0arins skyldu g\u00e6ta, a\u00f0 \u00feeir voru, sem \u00f6rendir.<a name=\"5\"><span class=\"versanumer\">5<\/span><\/a>En til kvennanna m\u00e6lti engillinn: veri\u00f0 \u00f3hr\u00e6ddar, eg veit a\u00f0 \u00fe\u00e9r leiti\u00f0 a\u00f0 Jes\u00fa \u00feeim, er krossfestur var;<a name=\"6\"><span class=\"versanumer\">6<\/span><\/a>hann er ekki h\u00e9r, \u00fev\u00ed hann er upprisinn, eins og hann sag\u00f0i; komi\u00f0 og sj\u00e1i\u00f0 sta\u00f0inn, hvar Herrann l\u00e1;<a name=\"7\"><span class=\"versanumer\">7<\/span><\/a>fari\u00f0 svo me\u00f0 skyndi og segi\u00f0 l\u00e6risveinum hans, a\u00f0 hann s\u00e9 upprisinn, og hann s\u00e9 undan y\u00f0ur kominn til Galileulands; \u00fear munu\u00f0 \u00fe\u00e9r sj\u00e1 hann; sj\u00e1i\u00f0! eg hefi sagt y\u00f0ur \u00fea\u00f0!<a name=\"8\"><span class=\"versanumer\">8<\/span><\/a>En \u00fe\u00e6r gengu skyndilega \u00fat \u00far legsta\u00f0num, b\u00e6\u00f0i hr\u00e6ddar og gla\u00f0ar mj\u00f6g, og hlupu til a\u00f0 flytja l\u00e6risveinum hans \u00feenna bo\u00f0skap;<a name=\"9\"><span class=\"versanumer\">9<\/span><\/a>og er \u00fe \u00e6r voru \u00e1 lei\u00f0 komnar, til a\u00f0 segja l\u00e6risveinum hans fr\u00e1 \u00feessu, kom Jes\u00fas m\u00f3ti \u00feeim og sag\u00f0i: s\u00e6lar veri\u00f0 \u00fei\u00f0! en \u00fe\u00e6r gengu til hans og f\u00f6\u00f0mu\u00f0u f\u00e6tur hans, og veittu honum lotningu.<a name=\"10\"><span class=\"versanumer\">10<\/span><\/a>\u00de\u00e1 sag\u00f0i Jes\u00fas vi\u00f0 \u00fe\u00e6r: hr\u00e6\u00f0ist ekki, fari\u00f0 og segi\u00f0 br\u00e6\u00f0rum m\u00ednum, a\u00f0 \u00feeir skuli fara til Gal\u00edleulands, og \u00fear skuli \u00feeir sj\u00e1 mig. <br \/><a name=\"11\"><span class=\"versanumer\">11<\/span><\/a>\u00deegar \u00fe\u00e6r voru burtu farnar, komu nokkrir af var\u00f0m\u00f6nnunum til sta\u00f0arins og s\u00f6g\u00f0u hinum \u00e6\u00f0stu prestum allt, sem fari\u00f0 haf\u00f0i;<a name=\"12\"><span class=\"versanumer\">12<\/span><\/a>en \u00feeir gengu \u00e1 r\u00e1\u00f0stefnu \u00e1samt \u00f6ldungunum og t\u00f3ku \u00fea\u00f0 til r\u00e1\u00f0s, a\u00f0 gefa str\u00ed\u00f0sm\u00f6nnunum f\u00e9 miki\u00f0, og s\u00f6g\u00f0u vi\u00f0 \u00fe\u00e1:<a name=\"13\"><span class=\"versanumer\">13<\/span><\/a>segi\u00f0: a\u00f0 l\u00e6risveinar hans hafi komi\u00f0 um n\u00f3tt og stoli\u00f0 l\u00edkinu, \u00e1 me\u00f0an \u00fe\u00e9r sv\u00e1fu\u00f0.<a name=\"14\"><span class=\"versanumer\">14<\/span><\/a>En ef \u00feetta berst til eyrna landstj\u00f3rnarans, \u00fe\u00e1 skulum v\u00e9r sefa hann og gj\u00f6ra y\u00f0ur \u00f3hulta.<a name=\"15\"><span class=\"versanumer\">15<\/span><\/a>Str\u00ed\u00f0smennirnir t\u00f3ku vi\u00f0 f\u00e9nu, og gj\u00f6r\u00f0u, sem \u00feeim var kennt. \u00deessi atbur\u00f0ur er enn \u00ed dag \u00ed alr\u00e6mi hj\u00e1 Gy\u00f0ingum.<br \/><a name=\"16\"><span class=\"versanumer\">16<\/span><\/a>\u00deeir ellefu l\u00e6risveinar fer\u00f0u\u00f0ust s\u00ed\u00f0an til Gal\u00edleulands, \u00e1 fjall \u00fea\u00f0, er Jes\u00fas haf\u00f0i bo\u00f0i\u00f0 \u00feeim;<a name=\"17\"><span class=\"versanumer\">17<\/span><\/a>\u00fear s\u00e1u \u00feeir hann og veittu honum lotningu, en sumir voru efablandnir.<a name=\"18\"><span class=\"versanumer\">18<\/span><\/a>\u00de\u00e1 gekk Jes\u00fas til \u00feeirra og sag\u00f0i: m\u00e9r er gefi\u00f0 allt vald \u00e1 himni og j\u00f6r\u00f0u;<a name=\"19\"><span class=\"versanumer\">19<\/span><\/a>fari\u00f0 og kenni\u00f0 \u00f6llum \u00fej\u00f3\u00f0um, og sk\u00edri\u00f0 \u00fe\u00e6r \u00ed nafni F\u00f6\u00f0urs, Sonar og heilags Anda;<a name=\"20\"><span class=\"versanumer\">20<\/span><\/a>og bj\u00f3\u00f0i\u00f0 \u00feeim a\u00f0 g\u00e6ta alls \u00feess, er eg hefi bo\u00f0i\u00f0 y\u00f0ur; en sj\u00e1lfur vil eg vera me\u00f0 y\u00f0ur alla daga, allt til veraldarinnar enda.<\/p>\n<div class=\"footnoteVidey\">V. 1. Mark. 16,1. L\u00fak. 24,1. J\u00f3h. 20,1.<\/div>\n","protected":false},"excerpt":{"rendered":"<p>Jes\u00fas uppr\u00eds og birtist kvinnunum. Var\u00f0haldsmennirnir fl\u00fdja fr\u00e1 gr\u00f6finni. Jes\u00fas birtist l\u00e6risveinunum \u00ed Gal\u00edleu, b\u00fd\u00f0ur \u00feeim a\u00f0 sk\u00edra og kenna. 1A\u00f0 li\u00f0num hv\u00edldardeginum, \u00feegar l\u00fdsti af fyrsta degi vikunnar, komu \u00fe\u00e6r Mar\u00eda fr\u00e1 Magd\u00f6lum og hin \u00f6nnur Mar\u00eda a\u00f0 sj\u00e1 legsta\u00f0inn.2Og sj\u00e1, \u00fe\u00e1 var\u00f0 mikill jar\u00f0skj\u00e1lfti; \u00fev\u00ed engill Drottins kom fr\u00e1 himni, gekk \u00fear a\u00f0, velti steininum fr\u00e1 dyrum legsta\u00f0arins og settist \u00e1 hann;3\u00e1s\u00fdnd hans var sem leiftur, og kl\u00e6\u00f0i hans bj\u00f6rt, sem snj\u00f3r;4vi\u00f0 \u00feessa s\u00fdn ur\u00f0u \u00feeir svo hr\u00e6ddir, er legsta\u00f0arins skyldu g\u00e6ta, a\u00f0 \u00feeir voru, sem \u00f6rendir.5En til kvennanna m\u00e6lti engillinn: veri\u00f0 \u00f3hr\u00e6ddar, eg veit a\u00f0 \u00fe\u00e9r leiti\u00f0 <a href=\"https:\/\/biblian.is\/videy\/matteusargudspjall-28-kafli\/\"> [&#8230;]<\/a><\/p>\n","protected":false},"author":1,"featured_media":0,"parent":0,"menu_order":0,"comment_status":"open","ping_status":"open","template":"bibliukaflar.php","meta":{"footnotes":""},"class_list":["post-21806","page","type-page","status-publish","hentry"],"_links":{"self":[{"href":"https:\/\/biblian.is\/videy\/wp-json\/wp\/v2\/pages\/21806","targetHints":{"allow":["GET"]}}],"collection":[{"href":"https:\/\/biblian.is\/videy\/wp-json\/wp\/v2\/pages"}],"about":[{"href":"https:\/\/biblian.is\/videy\/wp-json\/wp\/v2\/types\/page"}],"author":[{"embeddable":true,"href":"https:\/\/biblian.is\/videy\/wp-json\/wp\/v2\/users\/1"}],"replies":[{"embeddable":true,"href":"https:\/\/biblian.is\/videy\/wp-json\/wp\/v2\/comments?post=21806"}],"version-history":[{"count":0,"href":"https:\/\/biblian.is\/videy\/wp-json\/wp\/v2\/pages\/21806\/revisions"}],"wp:attachment":[{"href":"https:\/\/biblian.is\/videy\/wp-json\/wp\/v2\/media?parent=21806"}],"curies":[{"name":"wp","href":"https:\/\/api.w.org\/{rel}","templated":true}]}}