{"id":21799,"date":"2018-01-02T01:04:07","date_gmt":"2018-01-02T01:04:07","guid":{"rendered":"http:\/\/biblian.is\/videy\/matteusargudspjall-21-kafli\/"},"modified":"2018-01-02T01:04:07","modified_gmt":"2018-01-02T01:04:07","slug":"matteusargudspjall-21-kafli","status":"publish","type":"page","link":"https:\/\/biblian.is\/videy\/matteusargudspjall-21-kafli\/","title":{"rendered":"Matteusargu\u00f0spjall 21. kafli"},"content":{"rendered":"<div class=\"fyrirsognVidey\">Jes\u00fas r\u00ed\u00f0ur inn \u00ed Jer\u00fasalem, og hreinsar musteri\u00f0; l\u00e6knar; forsvarar b\u00f6rnin, sem pr\u00edsu\u00f0u hann; l\u00e6tur f\u00edkjutr\u00e9 visna; forsvarar sinn myndugleika; segir d\u00e6mis\u00f6guna um \u00fe\u00e1 tvo sonu, og um v\u00edngar\u00f0smennina; prestarnir vilja leggja hendur \u00e1 hann.<\/div>\n<p><a name=\"1\"><span class=\"versanumer\">1<\/span><\/a>\u00deegar \u00feeir n\u00fa n\u00e1lgu\u00f0ust Jer\u00fasalem og komu til Betfage hj\u00e1 Vi\u00f0smj\u00f6rsfjallinu, \u00fe\u00e1 sendi Jes\u00fas fr\u00e1 s\u00e9r tvo af l\u00e6risveinum s\u00ednum og m\u00e6lti:<a name=\"2\"><span class=\"versanumer\">2<\/span><\/a>fari\u00f0 \u00fei\u00f0 \u00ed \u00feorp \u00fea\u00f0, er gagnvart ykkur er, og strax munu\u00f0 \u00fei\u00f0 finna \u00f6snu bundna og fola hj\u00e1 henni, leysi\u00f0 \u00feau og f\u00e6ri\u00f0 m\u00e9r;<a name=\"3\"><span class=\"versanumer\">3<\/span><\/a>en ver\u00f0i nokku\u00f0 til y\u00f0ar sagt, \u00fe\u00e1 segi\u00f0: a\u00f0 Herra ykkar \u00feurfi \u00feeirra vi\u00f0; og \u00fe\u00e1 mun \u00feeim strax ver\u00f0a sleppt vi\u00f0 y\u00f0ur.<a name=\"4\"><span class=\"versanumer\">4<\/span><\/a>Allt \u00feetta ske\u00f0i, svo a\u00f0 sanna\u00f0ist \u00fea\u00f0, er sp\u00e1ma\u00f0urinn segir:<a name=\"5\"><span class=\"versanumer\">5<\/span><\/a>\u201eSegi\u00f0 S\u00edons d\u00f3ttur <span class='VideyAth'>a)<\/span>: Sj\u00e1! \u00feinn konungur kemur til \u00fe\u00edn h\u00f3gv\u00e6r, r\u00ed\u00f0andi \u00f6snu og fola hennar.\u201c<a name=\"6\"><span class=\"versanumer\">6<\/span><\/a>l\u00e6risveinarnir f\u00f3ru lei\u00f0ar sinnar og gj\u00f6r\u00f0u, sem Jes\u00fas haf\u00f0i fyrir \u00fe\u00e1 lagt,<a name=\"7\"><span class=\"versanumer\">7<\/span><\/a>f\u00e6r\u00f0u \u00feanga\u00f0 \u00f6snuna og folann, og l\u00f6g\u00f0u \u00e1 \u00feau kl\u00e6\u00f0i s\u00edn, en hann steig \u00e1 bak;<a name=\"8\"><span class=\"versanumer\">8<\/span><\/a>en flestir af f\u00f3lkinu breiddu kl\u00e6\u00f0i s\u00edn \u00e1 veginn; a\u00f0rir hjuggu lim af trj\u00e1num, og str\u00e1\u00f0u \u00fev\u00ed \u00e1 brautina.<a name=\"9\"><span class=\"versanumer\">9<\/span><\/a>En m\u00fagurinn, er undan f\u00f3r og \u00e1 eftir fylgdi, kalla\u00f0i og sag\u00f0i: styrk \u00fe\u00fa, Drottinn! \u00feenna ni\u00f0ja Dav\u00ed\u00f0s! blessa\u00f0ur s\u00e9 \u00feessi, sem kemur \u00ed umbo\u00f0i Drottins! hj\u00e1lpa \u00fe\u00fa, sem \u00e1 himninum byggir!<a name=\"10\"><span class=\"versanumer\">10<\/span><\/a>N\u00fa er \u00feeir komu inn \u00ed Jer\u00fasalem, var\u00f0 allur borgarl\u00fd\u00f0ur uppv\u00e6gur og spur\u00f0i: hv\u00f6r \u00feessi v\u00e6ri?<a name=\"11\"><span class=\"versanumer\">11<\/span><\/a>en f\u00f3lki\u00f0, er honum fylgdi, sag\u00f0i: \u00feessi er sp\u00e1ma\u00f0urinn Jes\u00fas fr\u00e1 Nasaret \u00ed Gal\u00edleu.<a name=\"12\"><span class=\"versanumer\">12<\/span><\/a>\u00de\u00e1 f\u00f3r Jes\u00fas inn \u00ed musteri Gu\u00f0s, og rak \u00fea\u00f0an \u00fat alla \u00fe\u00e1, sem seldu \u00fear og keyptu; hann hratt og ni\u00f0ur bor\u00f0um \u00feeirra, er me\u00f0 peninga okru\u00f0u, og st\u00f3lum \u00feeirra, er d\u00fafur seldu,<a name=\"13\"><span class=\"versanumer\">13<\/span><\/a>og m\u00e6lti vi\u00f0 \u00fe\u00e1: skrifa\u00f0 er: \u201ea\u00f0 mitt h\u00fas skuli vera b\u00e6nah\u00fas <span class='VideyAth'>b)<\/span>, en \u00fe\u00e9r hafi\u00f0 gj\u00f6rt \u00fea\u00f0 a\u00f0 r\u00e6ningjab\u00e6li <span class='VideyAth'>c)<\/span>.\u201c<a name=\"14\"><span class=\"versanumer\">14<\/span><\/a>\u00de\u00e1 voru f\u00e6r\u00f0ir til hans blindir og haltir \u00ed musterinu og hann l\u00e6kna\u00f0i \u00fe\u00e1.<a name=\"15\"><span class=\"versanumer\">15<\/span><\/a>En er \u00feeir \u00e6\u00f0stu prestar og hinir skriftl\u00e6r\u00f0u s\u00e1u \u00feau undur, er hann gj\u00f6r\u00f0i, og a\u00f0 b\u00f6rnin k\u00f6llu\u00f0u \u00ed musterinu og s\u00f6g\u00f0u: styrk \u00fe\u00fa, <span class='VideyAth'>(Drottinn)<\/span>! \u00feenna ni\u00f0ja Dav\u00ed\u00f0s! \u00fe\u00e1 reiddust \u00feeir<a name=\"16\"><span class=\"versanumer\">16<\/span><\/a>og s\u00f6g\u00f0u vi\u00f0 hann: heyrir \u00fe\u00fa hva\u00f0 \u00feessir segja? sannlega heyri eg \u00fea\u00f0, sag\u00f0i Jes\u00fas; en hafi\u00f0 \u00fe\u00e9r ekki lesi\u00f0: \u201e\u00fe\u00fa hefir tilreitt \u00fe\u00e9r lof af munni barna og brj\u00f3stmylkinga.\u201c<a name=\"17\"><span class=\"versanumer\">17<\/span><\/a>A\u00f0 svo m\u00e6ltu: veik hann fr\u00e1 \u00feeim og f\u00f3r \u00far borginni til Betan\u00edu, og var \u00fear um n\u00f3ttina.<br \/><a name=\"18\"><span class=\"versanumer\">18<\/span><\/a>En a\u00f0 morgni, er hann f\u00f3r aftur til borgarinnar, t\u00f3k hann a\u00f0 hungra;<a name=\"19\"><span class=\"versanumer\">19<\/span><\/a>\u00fe\u00e1 leit hann eitt f\u00edkjutr\u00e9 er st\u00f3\u00f0 vi\u00f0 veginn; \u00feanga\u00f0 gekk hann, en fann ekkert \u00e1 \u00fev\u00ed nema bl\u00f6\u00f0in t\u00f3m; \u00fe\u00e1 m\u00e6lti hann vi\u00f0 tr\u00e9\u00f0: aldrei vaxi \u00e1 \u00fe\u00e9r \u00e1v\u00f6xtur framar; en f\u00edkjutr\u00e9\u00f0 visna\u00f0i strax.<a name=\"20\"><span class=\"versanumer\">20<\/span><\/a>Og er l\u00e6risveinar hans s\u00e1u \u00fea\u00f0, undru\u00f0ust \u00feeir og m\u00e6ltu: hv\u00f6rsu skj\u00f3tt visna\u00f0i ekki f\u00edkjutr\u00e9\u00f0?<a name=\"21\"><span class=\"versanumer\">21<\/span><\/a>\u00de\u00e1 t\u00f3k Jes\u00fas til or\u00f0a og m\u00e6lti: sannlega segi eg y\u00f0ur, ef a\u00f0 \u00fe\u00e9r try\u00f0u\u00f0 og efu\u00f0ust ekki, \u00fe\u00e1 mundu\u00f0 \u00fe\u00e9r ekki einungis gj\u00f6rt geta \u00feetta vi\u00f0 f\u00edkjutr\u00e9\u00f0, heldur ef \u00fe\u00e9r seg\u00f0u\u00f0 fjalli \u00feessu a\u00f0 lyfta s\u00e9r upp og kasta s\u00e9r \u00e1 haf \u00fat, \u00fe\u00e1 mundi \u00fea\u00f0 ver\u00f0a.<a name=\"22\"><span class=\"versanumer\">22<\/span><\/a>\u00dev\u00ed allt \u00fea\u00f0, hv\u00f6rs \u00fe\u00e9r tr\u00faar\u00f6ruggir bei\u00f0ist, mun y\u00f0ur veitt ver\u00f0a.<br \/><a name=\"23\"><span class=\"versanumer\">23<\/span><\/a>N\u00fa er hann kom \u00ed musteri\u00f0, s\u00f6fnu\u00f0ust til hans hinir \u00e6\u00f0stu prestar og \u00f6ldungar l\u00fd\u00f0sins, og spur\u00f0u hann: me\u00f0 hv\u00f6rjum myndugleika hann gj\u00f6r\u00f0i \u00feetta, e\u00f0ur hv\u00f6r honum hef\u00f0i gefi\u00f0 \u00feetta vald?<a name=\"24\"><span class=\"versanumer\">24<\/span><\/a>Jes\u00fas m\u00e6lti: eg vil spyrja y\u00f0ur eins hlutar, og ef \u00fe\u00e9r segi\u00f0 m\u00e9r hann, mun eg og segja y\u00f0ur, me\u00f0 hv\u00f6rjum myndugleika eg gj\u00f6ri \u00feetta.<a name=\"25\"><span class=\"versanumer\">25<\/span><\/a>Hv\u00f6r gaf J\u00f3hannesi vald a\u00f0 sk\u00edra? hv\u00f6rt heldur Gu\u00f0 e\u00f0ur menn? \u00feeir \u00edhugu\u00f0u \u00feetta og \u00e6tlu\u00f0u, a\u00f0 ef \u00feeir seg\u00f0u a\u00f0 Gu\u00f0 hef\u00f0i gefi\u00f0 honum \u00feetta vald, \u00fe\u00e1 mundi hann spyrja: \u00fev\u00ed \u00feeir ekki hef\u00f0u tr\u00faa\u00f0 honum?<a name=\"26\"><span class=\"versanumer\">26<\/span><\/a>en a\u00f0 \u00fea\u00f0 hafi veri\u00f0 af manna v\u00f6ldum, \u00feor\u00f0u \u00feeir ekki fyrir al\u00fe\u00fd\u00f0u a\u00f0 segja; \u00fev\u00ed allir h\u00f6f\u00f0u \u00fea\u00f0 fyrir satt, a\u00f0 J\u00f3hannes hef\u00f0i sp\u00e1ma\u00f0ur veri\u00f0:<a name=\"27\"><span class=\"versanumer\">27<\/span><\/a>\u00de\u00e1 sv\u00f6ru\u00f0u \u00feeir: a\u00f0 \u00feeir vissu \u00fea\u00f0 ekki. Jes\u00fas sag\u00f0i \u00fe\u00e1 og vi\u00f0 \u00fe\u00e1: \u00fe\u00e1 mun eg ekki heldur segja y\u00f0ur me\u00f0 hv\u00f6rjum myndugleika eg gj\u00f6ri \u00feetta.<a name=\"28\"><span class=\"versanumer\">28<\/span><\/a>En hva\u00f0 s\u00fdnist y\u00f0ur um \u00fea\u00f0: a\u00f0 einn ma\u00f0ur \u00e1tti tvo sonu; hann gekk til annars og sag\u00f0i: sonur! far \u00fe\u00fa \u00ed dag og vinn verk \u00ed v\u00edngar\u00f0i m\u00ednum;<a name=\"29\"><span class=\"versanumer\">29<\/span><\/a>en hann kva\u00f0st hv\u00f6rgi mundu fara; en eftir \u00e1 i\u00f0ra\u00f0ist hann \u00feess, og f\u00f3r til verksins.<a name=\"30\"><span class=\"versanumer\">30<\/span><\/a>\u00de\u00e1 gekk fa\u00f0irinn til hins, og sag\u00f0i eins vi\u00f0 hann; hann j\u00e1tti \u00fev\u00ed, en f\u00f3r \u00fe\u00f3 hv\u00f6rgi.<a name=\"31\"><span class=\"versanumer\">31<\/span><\/a>Hv\u00f6r af \u00feessum tveimur gj\u00f6r\u00f0i n\u00fa vilja f\u00f6\u00f0ursins? \u00feeir sv\u00f6ru\u00f0u: s\u00e1 fyrri. \u00de\u00e1 m\u00e6lti Jes\u00fas: tr\u00fai\u00f0 m\u00e9r, a\u00f0 skattheimtendur og p\u00fatur munu fyrr koma \u00ed Gu\u00f0s r\u00edki en \u00fe\u00e9r;<a name=\"32\"><span class=\"versanumer\">32<\/span><\/a>\u00fev\u00ed J\u00f3hannes kom og v\u00edsa\u00f0i y\u00f0ur \u00e1 veg r\u00e1\u00f0vendninnar, en \u00fe\u00e9r hl\u00fdddu\u00f0 honum ekki, en skattheimtarar og p\u00fatur hl\u00fdddu honum; og \u00fe\u00f3tt \u00fe\u00e9r s\u00e6ju\u00f0 \u00fea\u00f0, sneru\u00f0 \u00fe\u00e9r y\u00f0ur \u00fe\u00f3 ekki til betrunar, svo a\u00f0 \u00fe\u00e9r festu\u00f0 tr\u00fa til hans kenninga.<a name=\"33\"><span class=\"versanumer\">33<\/span><\/a>Eg vil segja y\u00f0ur a\u00f0ra d\u00e6mis\u00f6gu: H\u00fasb\u00f3ndi nokkur planta\u00f0i v\u00edngar\u00f0, hl\u00f3\u00f0 gar\u00f0 um hann, \u00fear gj\u00f6r\u00f0i hann v\u00ednpressu og bygg\u00f0i h\u00fas miki\u00f0; s\u00ed\u00f0an leig\u00f0i hann v\u00edngar\u00f0inn v\u00edngar\u00f0sm\u00f6nnum og f\u00f3r sj\u00e1lfur \u00far landi;<a name=\"34\"><span class=\"versanumer\">34<\/span><\/a>en er lei\u00f0 a\u00f0 v\u00ednberjalesturst\u00edmanum, sendi hann \u00fej\u00f3na s\u00edna til v\u00edngar\u00f0smannanna, a\u00f0 veita \u00e1v\u00f6xtunum m\u00f3tt\u00f6ku.<a name=\"35\"><span class=\"versanumer\">35<\/span><\/a>En v\u00edngar\u00f0smennirnir t\u00f3ku \u00fe\u00e1 h\u00f6ndum, og b\u00f6r\u00f0u suma, a\u00f0ra dr\u00e1pu \u00feeir og nokkra l\u00f6mdu \u00feeir grj\u00f3ti.<a name=\"36\"><span class=\"versanumer\">36<\/span><\/a>\u00de\u00e1 sendi h\u00fasb\u00f3ndinn \u00ed \u00f6\u00f0ru sinni a\u00f0ra \u00fej\u00f3na, fleiri en \u00fe\u00e1 fyrri; en \u00feeir breyttu eins vi\u00f0 \u00fe\u00e1.<a name=\"37\"><span class=\"versanumer\">37<\/span><\/a>Seinast sendi hann til \u00feeirra son sinn, \u00fev\u00ed hann \u00e6tla\u00f0i, a\u00f0 \u00feeir mundu \u00fe\u00f3 bera vir\u00f0ingu fyrir syni s\u00ednum;<a name=\"38\"><span class=\"versanumer\">38<\/span><\/a>en er v\u00edngar\u00f0smennirnir s\u00e1u hann, t\u00f3ku \u00feeir r\u00e1\u00f0 s\u00edn saman, og m\u00e6ltu: \u00feetta er erfinginn, t\u00f6kum hann af l\u00edfi, svo v\u00e9r n\u00e1um arfi hans.<a name=\"39\"><span class=\"versanumer\">39<\/span><\/a>S\u00ed\u00f0an t\u00f3ku \u00feeir hann h\u00f6ndum, dr\u00f3gu hann \u00fat \u00far v\u00edngar\u00f0inum og dr\u00e1pu hann.<a name=\"40\"><span class=\"versanumer\">40<\/span><\/a>Hv\u00f6rninn \u00e6tli\u00f0 \u00fe\u00e9r n\u00fa, a\u00f0 eigandi v\u00edngar\u00f0sins muni breyta vi\u00f0 \u00feessa v\u00edngar\u00f0smenn n\u00e6r hann kemur?<a name=\"41\"><span class=\"versanumer\">41<\/span><\/a>\u00feeir m\u00e6ltu: illmennum \u00feessum mun hann tort\u00edna; en v\u00edngar\u00f0 sinn mun hann leigja \u00f6\u00f0rum v\u00edngar\u00f0sm\u00f6nnum, \u00feeim er gjalda honum \u00e1vextina \u00ed r\u00e9ttan t\u00edma.<a name=\"42\"><span class=\"versanumer\">42<\/span><\/a>Jes\u00fas m\u00e6lti: hafi\u00f0 \u00fe\u00e9r aldrei lesi\u00f0 \u00ed b\u00f3kinni helgu: \u201esteinn s\u00e1, er h\u00fasasmi\u00f0ir \u00fatsk\u00fafu\u00f0u, hann er n\u00fa hornsteinn or\u00f0inn, af Gu\u00f0i er hann til \u00feess kj\u00f6rinn, \u00fe\u00f3tt oss undarlegt \u00feyki\u201c.<a name=\"43\"><span class=\"versanumer\">43<\/span><\/a>\u00deess vegna segi eg y\u00f0ur \u00fea\u00f0 fyrir satt, a\u00f0 Gu\u00f0s r\u00edki mun fr\u00e1 y\u00f0ur takast, og gefast \u00fej\u00f3\u00f0 \u00feeirri er ber \u00fev\u00ed ver\u00f0uga \u00e1vexti.<a name=\"44\"><span class=\"versanumer\">44<\/span><\/a>Hv\u00f6r hann fellur \u00e1 stein \u00feenna, mun sig slasa, en \u00e1 hv\u00f6rn a\u00f0 steinninn fellur, \u00feann mun hann merja.<a name=\"45\"><span class=\"versanumer\">45<\/span><\/a>En er hinir \u00e6\u00f0stu prestar og far\u00edsearnir heyr\u00f0u \u00feessar d\u00e6mis\u00f6gur, skildu \u00feeir, a\u00f0 hann meinti \u00feetta til \u00feeirra;<a name=\"46\"><span class=\"versanumer\">46<\/span><\/a>og vildu leggja hendur \u00e1 hann, \u00feor\u00f0u \u00fea\u00f0 \u00fe\u00f3 ekki fyrir al\u00fe\u00fd\u00f0unni, \u00fev\u00ed allir h\u00e9ldu hann a\u00f0 vera sp\u00e1mann.<\/p>\n<div class=\"footnoteVidey\">V. 1\u201317. sbr. Mark. 11,1\u201311.15\u201319. L\u00fak. 19,29\u201340.  V. 2. J\u00f3h. 12,14\u201315.  V. 4. Sak. 9,9.  V. 5. a. \u00de. e. Jer\u00fasalem.  V. 9. S\u00e1lm. 118,24\u201326.  V. 13. b. Esa. 56,7. c. Jer. 7,11.  V. 16. S\u00e1lm. 8,3.  V. 18\u201322, sbr. Mark. 11,12\u201314.20\u201324.  V. 23\u201327. Mark. 11,27\u201333. L\u00fak. 20,1\u20138.  V. 33\u201342. Mark. 12,1\u201312. L\u00fak. 20,9\u201319.  V. 42. S\u00e1lm. 118,22.23.  V. 44. Es. 8,14.15.<\/div>\n","protected":false},"excerpt":{"rendered":"<p>Jes\u00fas r\u00ed\u00f0ur inn \u00ed Jer\u00fasalem, og hreinsar musteri\u00f0; l\u00e6knar; forsvarar b\u00f6rnin, sem pr\u00edsu\u00f0u hann; l\u00e6tur f\u00edkjutr\u00e9 visna; forsvarar sinn myndugleika; segir d\u00e6mis\u00f6guna um \u00fe\u00e1 tvo sonu, og um v\u00edngar\u00f0smennina; prestarnir vilja leggja hendur \u00e1 hann. 1\u00deegar \u00feeir n\u00fa n\u00e1lgu\u00f0ust Jer\u00fasalem og komu til Betfage hj\u00e1 Vi\u00f0smj\u00f6rsfjallinu, \u00fe\u00e1 sendi Jes\u00fas fr\u00e1 s\u00e9r tvo af l\u00e6risveinum s\u00ednum og m\u00e6lti:2fari\u00f0 \u00fei\u00f0 \u00ed \u00feorp \u00fea\u00f0, er gagnvart ykkur er, og strax munu\u00f0 \u00fei\u00f0 finna \u00f6snu bundna og fola hj\u00e1 henni, leysi\u00f0 \u00feau og f\u00e6ri\u00f0 m\u00e9r;3en ver\u00f0i nokku\u00f0 til y\u00f0ar sagt, \u00fe\u00e1 segi\u00f0: a\u00f0 Herra ykkar \u00feurfi \u00feeirra vi\u00f0; og \u00fe\u00e1 mun \u00feeim strax ver\u00f0a <a href=\"https:\/\/biblian.is\/videy\/matteusargudspjall-21-kafli\/\"> [&#8230;]<\/a><\/p>\n","protected":false},"author":1,"featured_media":0,"parent":0,"menu_order":0,"comment_status":"open","ping_status":"open","template":"bibliukaflar.php","meta":{"footnotes":""},"class_list":["post-21799","page","type-page","status-publish","hentry"],"_links":{"self":[{"href":"https:\/\/biblian.is\/videy\/wp-json\/wp\/v2\/pages\/21799","targetHints":{"allow":["GET"]}}],"collection":[{"href":"https:\/\/biblian.is\/videy\/wp-json\/wp\/v2\/pages"}],"about":[{"href":"https:\/\/biblian.is\/videy\/wp-json\/wp\/v2\/types\/page"}],"author":[{"embeddable":true,"href":"https:\/\/biblian.is\/videy\/wp-json\/wp\/v2\/users\/1"}],"replies":[{"embeddable":true,"href":"https:\/\/biblian.is\/videy\/wp-json\/wp\/v2\/comments?post=21799"}],"version-history":[{"count":0,"href":"https:\/\/biblian.is\/videy\/wp-json\/wp\/v2\/pages\/21799\/revisions"}],"wp:attachment":[{"href":"https:\/\/biblian.is\/videy\/wp-json\/wp\/v2\/media?parent=21799"}],"curies":[{"name":"wp","href":"https:\/\/api.w.org\/{rel}","templated":true}]}}