{"id":21795,"date":"2018-01-02T01:04:07","date_gmt":"2018-01-02T01:04:07","guid":{"rendered":"http:\/\/biblian.is\/videy\/matteusargudspjall-17-kafli\/"},"modified":"2018-01-02T01:04:07","modified_gmt":"2018-01-02T01:04:07","slug":"matteusargudspjall-17-kafli","status":"publish","type":"page","link":"https:\/\/biblian.is\/videy\/matteusargudspjall-17-kafli\/","title":{"rendered":"Matteusargu\u00f0spjall 17. kafli"},"content":{"rendered":"<div class=\"fyrirsognVidey\">Jes\u00fas ummyndast; talar um El\u00edas; l\u00e6knar tungl\u00f3\u00f0an; segir fyrir p\u00ednu s\u00edna; geldur skatt.<\/div>\n<p><a name=\"1\"><span class=\"versanumer\">1<\/span><\/a>A\u00f0 sex d\u00f6gum li\u00f0num t\u00f3k Jes\u00fas P\u00e9tur og \u00fe\u00e1 br\u00e6\u00f0ur Jakob og J\u00f3hannes, og f\u00f3r me\u00f0 \u00feeim einslega upp \u00e1 eitt h\u00e1tt fjall;<a name=\"2\"><span class=\"versanumer\">2<\/span><\/a>h\u00e9r ummynda\u00f0ist hann a\u00f0 \u00feeim \u00e1sj\u00e1endum, og \u00e1s\u00fdnd hans skein sem s\u00f3l, en kl\u00e6\u00f0i hans voru f\u00f6gur sem lj\u00f3s.<a name=\"3\"><span class=\"versanumer\">3<\/span><\/a>Og sj\u00e1, \u00fe\u00e1 birtist \u00feeim M\u00f3ses og El\u00edas, sem voru a\u00f0 tala vi\u00f0 hann;<a name=\"4\"><span class=\"versanumer\">4<\/span><\/a>\u00fe\u00e1 m\u00e6lti P\u00e9tur: gott er h\u00e9r a\u00f0 vera, Herra! ef \u00fe\u00e9r svo s\u00fdnist, viljum v\u00e9r reisa h\u00e9r \u00ferj\u00e1r tjaldb\u00fa\u00f0ir, eina handa \u00fe\u00e9r, a\u00f0ra handa M\u00f3se og hina \u00feri\u00f0ju handa El\u00edasi.<a name=\"5\"><span class=\"versanumer\">5<\/span><\/a>Me\u00f0an hann var \u00feetta a\u00f0 tala, bar yfir \u00fe\u00e1 bjart sk\u00fd, og \u00far \u00fev\u00ed heyr\u00f0ist raust, er m\u00e6lti: \u00feessi er minn elskulegi Sonur, \u00e1 hv\u00f6rjum eg hefi vel\u00fe\u00f3knun, honum skulu\u00f0 \u00fe\u00e9r hl\u00fd\u00f0a.<a name=\"6\"><span class=\"versanumer\">6<\/span><\/a>En er l\u00e6risveinarnir heyr\u00f0u raustina, ur\u00f0u \u00feeir mj\u00f6g hr\u00e6ddir og f\u00e9llu \u00e1 \u00e1sj\u00f3nur s\u00ednar.<a name=\"7\"><span class=\"versanumer\">7<\/span><\/a>\u00de\u00e1 gekk Jes\u00fas til \u00feeirra, snart vi\u00f0 \u00feeim og m\u00e6lti: standi\u00f0 upp og veri\u00f0 \u00f3hr\u00e6ddir;<a name=\"8\"><span class=\"versanumer\">8<\/span><\/a>en er \u00feeir litu\u00f0ust um, s\u00e1u \u00feeir engan nema Jes\u00fam einan.<a name=\"9\"><span class=\"versanumer\">9<\/span><\/a>Og er \u00feeir gengu ofan af fjallinu, banna\u00f0i Jes\u00fas \u00feeim a\u00f0 segja nokkrum s\u00fdn \u00feessa, fyrr en Mannsins Sonur v\u00e6ri risinn upp fr\u00e1 dau\u00f0um.<a name=\"10\"><span class=\"versanumer\">10<\/span><\/a>\u00de\u00e1 spur\u00f0u l\u00e6risveinar hans hann a\u00f0: \u00fev\u00ed segja \u00fe\u00e1 hinir skriftl\u00e6r\u00f0u, a\u00f0 El\u00edas eigi \u00e1\u00f0ur a\u00f0 koma?<a name=\"11\"><span class=\"versanumer\">11<\/span><\/a>Jes\u00fas m\u00e6lti: El\u00edas \u00e1 a\u00f0 v\u00edsu \u00e1\u00f0ur a\u00f0 koma og lagf\u00e6ra allt.<a name=\"12\"><span class=\"versanumer\">12<\/span><\/a>En tr\u00fai\u00f0 m\u00e9r, a\u00f0 El\u00edas er n\u00fa \u00feegar kominn, en \u00feeir k\u00f6nnu\u00f0ust ekki vi\u00f0 hann, heldur breyttu vi\u00f0 hann, sem \u00feeim l\u00edka\u00f0i; eins mun og Mannsins Sonur margt hlj\u00f3ta af \u00feeim a\u00f0 l\u00ed\u00f0a.<a name=\"13\"><span class=\"versanumer\">13<\/span><\/a>\u00de\u00e1 skildu l\u00e6risveinarnir a\u00f0 hann haf\u00f0i \u00feetta meint til J\u00f3hannesar sk\u00edrara.<br \/><a name=\"14\"><span class=\"versanumer\">14<\/span><\/a>En er \u00feeir komu til f\u00f3lksins, gekk a\u00f0 honum ma\u00f0ur nokkur, f\u00e9ll \u00e1 kn\u00e9 fyrir honum,<a name=\"15\"><span class=\"versanumer\">15<\/span><\/a>og m\u00e6lti: Herra! miskunna \u00fe\u00fa syni m\u00ednum, hann er tunglsj\u00fakur og n\u00e6sta \u00feungt haldinn; oft fellur hann \u00ed eld og oft \u00ed vatn;<a name=\"16\"><span class=\"versanumer\">16<\/span><\/a>eg hefi f\u00e6rt hann til l\u00e6risveina \u00feinna, en \u00feeir g\u00e1tu hann ekki l\u00e6kna\u00f0.<a name=\"17\"><span class=\"versanumer\">17<\/span><\/a>Jes\u00fas m\u00e6lti: \u00f3 \u00fe\u00fa tr\u00faarlausa og rangsn\u00fana \u00fej\u00f3\u00f0! hv\u00f6rsu lengi skal eg hj\u00e1 y\u00f0ur vera? hv\u00f6rsu lengi skal eg \u00feola y\u00f0ur? f\u00e6ri\u00f0 m\u00e9r hann hinga\u00f0:<a name=\"18\"><span class=\"versanumer\">18<\/span><\/a>\u00fe\u00e1 bau\u00f0 Jes\u00fas dj\u00f6flinum burtu a\u00f0 v\u00edkja; hann f\u00f3r \u00fat af honum, og sveinninn var\u00f0 samstundis heilbrig\u00f0ur.<a name=\"19\"><span class=\"versanumer\">19<\/span><\/a>En er Jes\u00fas var einnsaman, komu l\u00e6risveinar hans til hans og spur\u00f0u hann: \u00fev\u00ed \u00feeir ekki hef\u00f0u geta\u00f0 reki\u00f0 hann \u00fat?<a name=\"20\"><span class=\"versanumer\">20<\/span><\/a>Jes\u00fas m\u00e6lti: sakir tr\u00faarleysis y\u00f0ars. Sannlega segi eg y\u00f0ur: a\u00f0 \u00fe\u00f3tt y\u00f0ar tr\u00fa ekki v\u00e6ri st\u00e6rri en mustar\u00f0skorn, \u00fe\u00e1 mundu\u00f0 \u00fe\u00e9r kunna a\u00f0 bj\u00f3\u00f0a fjalli \u00feessu a\u00f0 flytja sig \u00ed burtu h\u00e9\u00f0an og \u00feanga\u00f0, og \u00fea\u00f0 mundi hl\u00fd\u00f0a y\u00f0ur, og ekkert mundi y\u00f0ur \u00fe\u00e1 um megn vera.<a name=\"21\"><span class=\"versanumer\">21<\/span><\/a>En \u00feetta dj\u00f6flakyn ver\u00f0ur ekki \u00fatreki\u00f0 nema me\u00f0 b\u00e6num og f\u00f6stu. <br \/><a name=\"22\"><span class=\"versanumer\">22<\/span><\/a>\u00de\u00e1 \u00feeir voru \u00ed Galileu, sag\u00f0i Jes\u00fas \u00feeim: a\u00f0 mannsins Sonur mundi \u00e1 manna vald framseldur ver\u00f0a;<a name=\"23\"><span class=\"versanumer\">23<\/span><\/a>a\u00f0 \u00feeir mundu taka hann af l\u00edfi, en a\u00f0 hann \u00e1 \u00feri\u00f0ja degi mundi uppr\u00edsa. Vi\u00f0 \u00feetta ur\u00f0u \u00feeir mj\u00f6g hryggvir. <br \/><a name=\"24\"><span class=\"versanumer\">24<\/span><\/a>N\u00fa er \u00feeir komu \u00ed Kapernaum, komu \u00feeir menn til P\u00e9turs, er skattgjaldsins \u00e1ttu a\u00f0 vitja, og m\u00e6ltu: geldur meistari y\u00f0ar skattgjaldi\u00f0?<a name=\"25\"><span class=\"versanumer\">25<\/span><\/a>Hann kva\u00f0 svo vera; og er P\u00e9tur kom heim, t\u00f3k Jes\u00fas fyrr til or\u00f0a og m\u00e6lti: hva\u00f0 l\u00edst \u00fe\u00e9r? S\u00edmon! af hv\u00f6rjum plaga konungar \u00ed heimi \u00feessum toll e\u00f0ur \u00feegnskyldu a\u00f0 krefja? hv\u00f6rt af b\u00f6rnum s\u00ednum e\u00f0ur \u00f6\u00f0rum?<a name=\"26\"><span class=\"versanumer\">26<\/span><\/a>af \u00f6\u00f0rum, segir P\u00e9tur. \u00de\u00e1 m\u00e6lti Jes\u00fas: \u00fe\u00e1 eru b\u00f6rnin fr\u00ed.<a name=\"27\"><span class=\"versanumer\">27<\/span><\/a>En til \u00feess v\u00e9r ekki s\u00e9um \u00feeim til \u00e1steytingar, \u00fe\u00e1 far \u00fe\u00fa til sj\u00e1var, og kasta \u00fat \u00f6ngli \u00fe\u00ednum, og tak \u00feann fyrsta fisk, er \u00fe\u00fa dregur og opna munn hans; \u00fear muntu finna tv\u00edpening <span class='VideyAth'>a)<\/span>; \u00feann skaltu gjalda fyrir mig og \u00feig.<\/p>\n<div class=\"footnoteVidey\">V. 1\u201313, sbr. Mark. 9,1\u201312. L\u00fak. 9,28\u201336.  V. 14\u201321, sbr. Mark. 9,13\u201328. L\u00fak. 9,37\u201343.  V. 20. Mark. 11,23. L\u00fak. 17,6. 1 Kor. 13,2.  V. 22\u201323, sbr. Mark. 9,30\u201331. L\u00fak. 9,22.43\u201345.  V. 27. a. Gjald til musterisins, var h\u00e1lfur sikill (e\u00f0a einn peningur, denarius) fyrir mann tv\u00edtugan, og eldra, 2 M\u00f3s. 30,13. ff; \u00fea\u00f0 var h\u00e9r um bil 24 til 32 sk. silfurs. Tv\u00edpeningur (stater) var heill sikill.<\/div>\n","protected":false},"excerpt":{"rendered":"<p>Jes\u00fas ummyndast; talar um El\u00edas; l\u00e6knar tungl\u00f3\u00f0an; segir fyrir p\u00ednu s\u00edna; geldur skatt. 1A\u00f0 sex d\u00f6gum li\u00f0num t\u00f3k Jes\u00fas P\u00e9tur og \u00fe\u00e1 br\u00e6\u00f0ur Jakob og J\u00f3hannes, og f\u00f3r me\u00f0 \u00feeim einslega upp \u00e1 eitt h\u00e1tt fjall;2h\u00e9r ummynda\u00f0ist hann a\u00f0 \u00feeim \u00e1sj\u00e1endum, og \u00e1s\u00fdnd hans skein sem s\u00f3l, en kl\u00e6\u00f0i hans voru f\u00f6gur sem lj\u00f3s.3Og sj\u00e1, \u00fe\u00e1 birtist \u00feeim M\u00f3ses og El\u00edas, sem voru a\u00f0 tala vi\u00f0 hann;4\u00fe\u00e1 m\u00e6lti P\u00e9tur: gott er h\u00e9r a\u00f0 vera, Herra! ef \u00fe\u00e9r svo s\u00fdnist, viljum v\u00e9r reisa h\u00e9r \u00ferj\u00e1r tjaldb\u00fa\u00f0ir, eina handa \u00fe\u00e9r, a\u00f0ra handa M\u00f3se og hina \u00feri\u00f0ju handa El\u00edasi.5Me\u00f0an hann var \u00feetta a\u00f0 <a href=\"https:\/\/biblian.is\/videy\/matteusargudspjall-17-kafli\/\"> [&#8230;]<\/a><\/p>\n","protected":false},"author":1,"featured_media":0,"parent":0,"menu_order":0,"comment_status":"open","ping_status":"open","template":"bibliukaflar.php","meta":{"footnotes":""},"class_list":["post-21795","page","type-page","status-publish","hentry"],"_links":{"self":[{"href":"https:\/\/biblian.is\/videy\/wp-json\/wp\/v2\/pages\/21795","targetHints":{"allow":["GET"]}}],"collection":[{"href":"https:\/\/biblian.is\/videy\/wp-json\/wp\/v2\/pages"}],"about":[{"href":"https:\/\/biblian.is\/videy\/wp-json\/wp\/v2\/types\/page"}],"author":[{"embeddable":true,"href":"https:\/\/biblian.is\/videy\/wp-json\/wp\/v2\/users\/1"}],"replies":[{"embeddable":true,"href":"https:\/\/biblian.is\/videy\/wp-json\/wp\/v2\/comments?post=21795"}],"version-history":[{"count":0,"href":"https:\/\/biblian.is\/videy\/wp-json\/wp\/v2\/pages\/21795\/revisions"}],"wp:attachment":[{"href":"https:\/\/biblian.is\/videy\/wp-json\/wp\/v2\/media?parent=21795"}],"curies":[{"name":"wp","href":"https:\/\/api.w.org\/{rel}","templated":true}]}}