{"id":21793,"date":"2018-01-02T01:04:07","date_gmt":"2018-01-02T01:04:07","guid":{"rendered":"http:\/\/biblian.is\/videy\/matteusargudspjall-15-kafli\/"},"modified":"2018-01-02T01:04:07","modified_gmt":"2018-01-02T01:04:07","slug":"matteusargudspjall-15-kafli","status":"publish","type":"page","link":"https:\/\/biblian.is\/videy\/matteusargudspjall-15-kafli\/","title":{"rendered":"Matteusargu\u00f0spjall 15. kafli"},"content":{"rendered":"<div class=\"fyrirsognVidey\">Jes\u00fas forsvarar l\u00e6risveinana, og kennir hva\u00f0 \u00fea\u00f0 s\u00e9, er manninn saurgi; reynir og b\u00e6nheyrir \u00fe\u00e1 kanversku konu; l\u00e6knar marga, og mettar 4000 manns.<\/div>\n<p><a name=\"1\"><span class=\"versanumer\">1<\/span><\/a>Um \u00feessar mundir komu til Jes\u00fam skriftl\u00e6r\u00f0ir og far\u00edsear fr\u00e1 Jer\u00fasalem; \u00feeir spur\u00f0u hann:<a name=\"2\"><span class=\"versanumer\">2<\/span><\/a>\u00fev\u00ed yfirtro\u00f0a \u00fe\u00ednir l\u00e6risveinar setningar \u00f6ldunganna, er \u00feeir ekki taka handlaugar, \u00e1\u00f0ur en \u00feeir ganga til matar?<a name=\"3\"><span class=\"versanumer\">3<\/span><\/a>Jes\u00fas svara\u00f0i \u00feeim: \u00fev\u00ed yfirtro\u00f0i\u00f0 \u00fe\u00e9r Gu\u00f0s bo\u00f0or\u00f0 me\u00f0 y\u00f0ar eigin setningum?<a name=\"4\"><span class=\"versanumer\">4<\/span><\/a>\u00fev\u00ed Gu\u00f0 hefur bo\u00f0i\u00f0 og sagt: \u201ehei\u00f0ra skaltu f\u00f6\u00f0ur \u00feinn og m\u00f3\u00f0ur\u201c, og enn framar: \u201ehv\u00f6r hann atyr\u00f0ir f\u00f6\u00f0ur sinn e\u00f0a m\u00f3\u00f0ur, hann er r\u00e9tt dr\u00e6pur\u201c.<a name=\"5\"><span class=\"versanumer\">5<\/span><\/a>En \u00fe\u00e9r segi\u00f0: segi nokkur vi\u00f0 foreldri sitt: eigur \u00fe\u00e6r, hvar me\u00f0 eg kynni a\u00f0 hj\u00e1lpa \u00fe\u00e9r, eru heitf\u00e9, \u00fe\u00e1 skuli hann ekki framar skyldur a\u00f0 annast f\u00f6\u00f0ur sinn e\u00f0ur m\u00f3\u00f0ur,<a name=\"6\"><span class=\"versanumer\">6<\/span><\/a>og hafi\u00f0 \u00fe\u00e9r \u00feanninn me\u00f0 setningum y\u00f0rum \u00f3n\u00fdtt Gu\u00f0s l\u00f6gm\u00e1l.<a name=\"7\"><span class=\"versanumer\">7<\/span><\/a>Hr\u00e6snarar! r\u00e9tt hefir sp\u00e1ma\u00f0urinn Esajas sp\u00e1\u00f0 um y\u00f0ur, er hann segir:<a name=\"8\"><span class=\"versanumer\">8<\/span><\/a>\u201eL\u00fd\u00f0ur \u00feessi hei\u00f0rar mig me\u00f0 v\u00f6runum,<a name=\"9\"><span class=\"versanumer\">9<\/span><\/a>en \u00feeirra hjarta er langt \u00ed burtu fr\u00e1 m\u00e9r; en \u00feeirra d\u00fdrkan er h\u00e9g\u00f3mleg, er \u00feeir kenna \u00fea\u00f0, sem eru mannabo\u00f0or\u00f0\u201c.<a name=\"10\"><span class=\"versanumer\">10<\/span><\/a>\u00de\u00e1 kalla\u00f0i hann saman f\u00f3lki\u00f0 og m\u00e6lti: heyri\u00f0 \u00fe\u00e9r og skilji\u00f0:<a name=\"11\"><span class=\"versanumer\">11<\/span><\/a>ekki kann \u00fea\u00f0 manninn a\u00f0 saurga, sem inn fer \u00ed gegnum munninn, heldur \u00fea\u00f0, sem \u00fatfer af munninum, \u00fea\u00f0 saurgar manninn.<a name=\"12\"><span class=\"versanumer\">12<\/span><\/a>\u00de\u00e1 komu til hans l\u00e6risveinar hans og m\u00e6ltu: veist\u00fa af \u00fev\u00ed, a\u00f0 Far\u00edesar hneykslu\u00f0ust, er \u00feeir heyr\u00f0u \u00feetta?<a name=\"13\"><span class=\"versanumer\">13<\/span><\/a>hann m\u00e6lti: allt hva\u00f0 minn himneski Fa\u00f0ir ekki hefir planta\u00f0, hl\u00fdtur a\u00f0 uppr\u00e6tast.<a name=\"14\"><span class=\"versanumer\">14<\/span><\/a>Skipti\u00f0 y\u00f0ur ekki af \u00feeim, \u00feeir eru blindir og blindra lei\u00f0togar; ef blindur lei\u00f0ir blindan falla \u00feeir b\u00e1\u00f0ir \u00ed gryfjuna.<a name=\"15\"><span class=\"versanumer\">15<\/span><\/a>\u00de\u00e1 ba\u00f0 P\u00e9tur hann, a\u00f0 hann vildi \u00fatsk\u00fdra \u00feeim \u00feessa d\u00e6mis\u00f6gu.<a name=\"16\"><span class=\"versanumer\">16<\/span><\/a>Jes\u00fas m\u00e6lti: eru\u00f0 og \u00fe\u00e9r enn \u00fe\u00e1 svo skilningslausir!<a name=\"17\"><span class=\"versanumer\">17<\/span><\/a>skilji\u00f0 \u00fe\u00e9r ekki, a\u00f0 allt \u00fea\u00f0, sem inn kemur um munninn fer \u00ed magann, og fer burtu fyrir e\u00f0lilega r\u00e1s;<a name=\"18\"><span class=\"versanumer\">18<\/span><\/a>en \u00fea\u00f0 er \u00fatfer af munninum, kemur fr\u00e1 hjartanu, og \u00feetta er \u00fea\u00f0, sem saurgar manninn.<a name=\"19\"><span class=\"versanumer\">19<\/span><\/a>\u00dev\u00ed fr\u00e1 hjartanu plaga a\u00f0 koma illar hugrenningar, manndr\u00e1p, h\u00f3r, frillul\u00edfi, \u00fej\u00f3fna\u00f0ur, lj\u00fagvitni, illm\u00e6li;<a name=\"20\"><span class=\"versanumer\">20<\/span><\/a>\u00feetta er \u00fea\u00f0, sem saurgar manninn; en a\u00f0 ganga me\u00f0 \u00f3\u00fevegnum h\u00f6ndum til matar, saurgar engan.<br \/><a name=\"21\"><span class=\"versanumer\">21<\/span><\/a>\u00dea\u00f0an f\u00f3r Jes\u00fas \u00ed landsbygg\u00f0 T\u00fdrusar og S\u00edd\u00f3nar.<a name=\"22\"><span class=\"versanumer\">22<\/span><\/a>\u00de\u00e1 kom kona nokkur kanversk \u00far \u00feeim h\u00e9r\u00f6\u00f0um, kalla\u00f0i \u00e1 hann og sag\u00f0i: miskunna m\u00e9r, Herra! \u00fe\u00fa ni\u00f0ji Dav\u00ed\u00f0s! d\u00f3ttir m\u00edn kvelst \u00feunglega af dj\u00f6flinum;<a name=\"23\"><span class=\"versanumer\">23<\/span><\/a>en hann svara\u00f0i henni engu or\u00f0i. \u00de\u00e1 komu l\u00e6risveinar hans og b\u00e1\u00f0u, a\u00f0 hann veitti henni \u00farlausn, \u00fear h\u00fan kalla\u00f0i eftir \u00feeim.<a name=\"24\"><span class=\"versanumer\">24<\/span><\/a>Jes\u00fas m\u00e6lti: eg er ekki sendur nema til t\u00fdndra sau\u00f0a af \u00cdsraels\u00e6tt.<a name=\"25\"><span class=\"versanumer\">25<\/span><\/a>En h\u00fan kom, f\u00e9ll fram fyrir honum og m\u00e6lti: hj\u00e1lpa \u00fe\u00fa m\u00e9r, Herra!<a name=\"26\"><span class=\"versanumer\">26<\/span><\/a>Jes\u00fas m\u00e6lti: ekki s\u00e6mir a\u00f0 taka brau\u00f0i\u00f0 fr\u00e1 b\u00f6rnunum og kasta \u00fev\u00ed fyrir hundana.<a name=\"27\"><span class=\"versanumer\">27<\/span><\/a>Satt er \u00fea\u00f0, Herra! m\u00e6lti konan, \u00fe\u00f3 eta hundarnir mola \u00fe\u00e1, sem falla af bor\u00f0um drottna \u00feeirra.<a name=\"28\"><span class=\"versanumer\">28<\/span><\/a>\u00de\u00e1 m\u00e6lti Jes\u00fas: mikil er tr\u00fa \u00fe\u00edn, kona! ver\u00f0i \u00fe\u00e9r, sem \u00fe\u00fa vilt; og d\u00f3ttir hennar var\u00f0 samstundis heilbrig\u00f0.<br \/><a name=\"29\"><span class=\"versanumer\">29<\/span><\/a>\u00dea\u00f0an f\u00f3r Jes\u00fas til sj\u00e1varins \u00ed Gal\u00edleu, gekk \u00fear upp \u00e1 fjalli\u00f0 og settist \u00fear;<a name=\"30\"><span class=\"versanumer\">30<\/span><\/a>\u00fe\u00e1 kom til hans mikill fj\u00f6ldi f\u00f3lks, er haf\u00f0i me\u00f0 s\u00e9r halta menn og blinda, m\u00e1llausa, handarvana og marga a\u00f0ra, og v\u00f6rpu\u00f0u \u00feeim til f\u00f3ta Jes\u00fa, en hann l\u00e6kna\u00f0i \u00fe\u00e1;<a name=\"31\"><span class=\"versanumer\">31<\/span><\/a>svo f\u00f3lki\u00f0 undra\u00f0ist, er \u00fea\u00f0 s\u00e1 m\u00e1llausa tala, handarvana heila, halta heilf\u00e6tta, og blinda alsj\u00e1andi, og pr\u00edsa\u00f0i \u00cdsraels Gu\u00f0.<a name=\"32\"><span class=\"versanumer\">32<\/span><\/a>\u00de\u00e1 kalla\u00f0i Jes\u00fas \u00e1 l\u00e6risveina s\u00edna og m\u00e6lti: eg aumka f\u00f3lk \u00feetta; \u00ed \u00ferj\u00e1 daga hafa \u00feeir n\u00fa me\u00f0 m\u00e9r veri\u00f0, og ekkert til matar haft; en fastandi vil eg ekki l\u00e1ta \u00fe\u00e1 fr\u00e1 m\u00e9r fara, a\u00f0 ekki ver\u00f0i \u00feeir magn\u00ferota \u00e1 veginum.<a name=\"33\"><span class=\"versanumer\">33<\/span><\/a>\u00de\u00e1 m\u00e6ltu l\u00e6risveinar hans: hva\u00f0an skulum v\u00e9r taka svo m\u00f6rg brau\u00f0 h\u00e9r \u00ed \u00f3bygg\u00f0um, a\u00f0 v\u00e9r f\u00e1um sl\u00edkan f\u00f3lksfj\u00f6lda metta\u00f0?<a name=\"34\"><span class=\"versanumer\">34<\/span><\/a>Jes\u00fas spur\u00f0i \u00fe\u00e1: hva\u00f0 m\u00f6rg brau\u00f0 hafi\u00f0 \u00fe\u00e9r? \u00feeir s\u00f6g\u00f0u: sj\u00f6, og f\u00e1eina sm\u00e1fiska.<a name=\"35\"><span class=\"versanumer\">35<\/span><\/a>\u00de\u00e1 bau\u00f0 hann f\u00f3lkinu a\u00f0 setjast ni\u00f0ur \u00e1 j\u00f6r\u00f0ina;<a name=\"36\"><span class=\"versanumer\">36<\/span><\/a>s\u00ed\u00f0an t\u00f3k hann \u00feau sj\u00f6 brau\u00f0 og fiskana, gj\u00f6r\u00f0i Gu\u00f0i \u00feakkir, braut \u00feau og seldi \u00feau \u00ed hendur l\u00e6risveinum s\u00ednum, en \u00feeir fengu \u00feau f\u00f3lkinu;<a name=\"37\"><span class=\"versanumer\">37<\/span><\/a>en \u00feeir neyttu allir og ur\u00f0u mettir; s\u00ed\u00f0an s\u00f6fnu\u00f0u \u00feeir leifunum, og voru \u00fea\u00f0 sj\u00f6 karfir fullar;<a name=\"38\"><span class=\"versanumer\">38<\/span><\/a>en \u00feeir, er neytt h\u00f6f\u00f0u, voru fj\u00f3rar \u00fe\u00fasundir, auk kvenna og barna.<a name=\"39\"><span class=\"versanumer\">39<\/span><\/a>A\u00f0 \u00fev\u00ed b\u00fanu l\u00e9t hann f\u00f3lki\u00f0 fara \u00e1 burt, steig \u00e1 skip, og f\u00f3r til Magdalah\u00e9ra\u00f0a.<\/p>\n<div class=\"footnoteVidey\">V. 1\u201320, sbr. Mark. 7,1\u201323.  V. 4. 2 M\u00f3s. 20,12. 21,17.  V. 8. Es. 29,13.  V. 21\u201328, sbr. Mark. 7,24\u201330.  V. 29. sbr. Mark. 7,31.  V. 32\u201339. sbr. Mark. 8,1\u201310.<\/div>\n","protected":false},"excerpt":{"rendered":"<p>Jes\u00fas forsvarar l\u00e6risveinana, og kennir hva\u00f0 \u00fea\u00f0 s\u00e9, er manninn saurgi; reynir og b\u00e6nheyrir \u00fe\u00e1 kanversku konu; l\u00e6knar marga, og mettar 4000 manns. 1Um \u00feessar mundir komu til Jes\u00fam skriftl\u00e6r\u00f0ir og far\u00edsear fr\u00e1 Jer\u00fasalem; \u00feeir spur\u00f0u hann:2\u00fev\u00ed yfirtro\u00f0a \u00fe\u00ednir l\u00e6risveinar setningar \u00f6ldunganna, er \u00feeir ekki taka handlaugar, \u00e1\u00f0ur en \u00feeir ganga til matar?3Jes\u00fas svara\u00f0i \u00feeim: \u00fev\u00ed yfirtro\u00f0i\u00f0 \u00fe\u00e9r Gu\u00f0s bo\u00f0or\u00f0 me\u00f0 y\u00f0ar eigin setningum?4\u00fev\u00ed Gu\u00f0 hefur bo\u00f0i\u00f0 og sagt: \u201ehei\u00f0ra skaltu f\u00f6\u00f0ur \u00feinn og m\u00f3\u00f0ur\u201c, og enn framar: \u201ehv\u00f6r hann atyr\u00f0ir f\u00f6\u00f0ur sinn e\u00f0a m\u00f3\u00f0ur, hann er r\u00e9tt dr\u00e6pur\u201c.5En \u00fe\u00e9r segi\u00f0: segi nokkur vi\u00f0 foreldri sitt: eigur \u00fe\u00e6r, hvar me\u00f0 <a href=\"https:\/\/biblian.is\/videy\/matteusargudspjall-15-kafli\/\"> [&#8230;]<\/a><\/p>\n","protected":false},"author":1,"featured_media":0,"parent":0,"menu_order":0,"comment_status":"open","ping_status":"open","template":"bibliukaflar.php","meta":{"footnotes":""},"class_list":["post-21793","page","type-page","status-publish","hentry"],"_links":{"self":[{"href":"https:\/\/biblian.is\/videy\/wp-json\/wp\/v2\/pages\/21793","targetHints":{"allow":["GET"]}}],"collection":[{"href":"https:\/\/biblian.is\/videy\/wp-json\/wp\/v2\/pages"}],"about":[{"href":"https:\/\/biblian.is\/videy\/wp-json\/wp\/v2\/types\/page"}],"author":[{"embeddable":true,"href":"https:\/\/biblian.is\/videy\/wp-json\/wp\/v2\/users\/1"}],"replies":[{"embeddable":true,"href":"https:\/\/biblian.is\/videy\/wp-json\/wp\/v2\/comments?post=21793"}],"version-history":[{"count":0,"href":"https:\/\/biblian.is\/videy\/wp-json\/wp\/v2\/pages\/21793\/revisions"}],"wp:attachment":[{"href":"https:\/\/biblian.is\/videy\/wp-json\/wp\/v2\/media?parent=21793"}],"curies":[{"name":"wp","href":"https:\/\/api.w.org\/{rel}","templated":true}]}}