{"id":21778,"date":"2018-01-02T01:04:00","date_gmt":"2018-01-02T01:04:00","guid":{"rendered":"http:\/\/biblian.is\/videy\/malaki-4-kafli\/"},"modified":"2018-01-13T21:01:14","modified_gmt":"2018-01-13T21:01:14","slug":"malaki-4-kafli","status":"publish","type":"page","link":"https:\/\/biblian.is\/videy\/malaki-4-kafli\/","title":{"rendered":"Malak\u00ed 4. kafli"},"content":{"rendered":"<div class=\"fyrirsognVidey\">Dagur Drottins. El\u00edas sp\u00e1ma\u00f0ur.<\/div>\n<p><a name=\"1\"><\/a><span class=\"versanumer\">1<\/span>\u00dev\u00ed sj\u00e1! dagurinn kemur, brennandi sem ofn. \u00de\u00e1 skulu allir \u00f3sv\u00edfnir syndarar, og \u00feeir, sem gu\u00f0leysi fremja, vera sem h\u00e1lmleggir, og dagurinn, sem kemur, skal kveikja \u00ed \u00feeim, segir Drottinn allsherjar, og hv\u00f6rki eftirskilja \u00feeim r\u00f3t n\u00e9 kvist.<a name=\"2\"><\/a><span class=\"versanumer\">2<\/span>En yfir y\u00f0ur, sem \u00f3ttist mitt nafn, skal upp renna s\u00f3l r\u00e9ttl\u00e6tisins, undir hv\u00f6rrar v\u00e6ngjum hj\u00e1lpr\u00e6\u00f0i\u00f0 er; \u00fe\u00e9r skulu\u00f0 \u00fat ganga, og leika y\u00f0ur sem alik\u00e1lfar;<a name=\"3\"><\/a><span class=\"versanumer\">3<\/span>\u00fe\u00e9r skulu\u00f0 sundurtro\u00f0a hina \u00f3gu\u00f0legu: \u00fev\u00ed \u00feeir skulu ver\u00f0a aska undir iljum y\u00f0ar, \u00e1 \u00feeim degi, sem eg l\u00e6t koma, segir Drottinn allsherjar.<a name=\"4\"><\/a><span class=\"versanumer\">4<\/span>Muni\u00f0 eftir l\u00f6gm\u00e1li M\u00f3sis, m\u00edns \u00fej\u00f3ns, \u00fev\u00ed er eg bau\u00f0 honum \u00e1 H\u00f3reb a\u00f0 birta \u00f6llum \u00cdsraelsm\u00f6nnum: <span class=\"VideyAth\">(muni\u00f0 eftir)<\/span> \u00feess skipunum og bo\u00f0or\u00f0um!<br \/>\n<a name=\"5\"><\/a><span class=\"versanumer\">5<\/span>Sj\u00e1, eg sendi y\u00f0ur El\u00edas, sp\u00e1manninn, \u00e1\u00f0ur en hinn mikli og \u00f3gurlegi dagur Drottins kemur.<a name=\"6\"><\/a><span class=\"versanumer\">6<\/span>Hann skal sn\u00faa hj\u00f6rtum fe\u00f0ranna til barnanna, og hj\u00f6rtum barnanna til fe\u00f0ranna, svo eg komi ekki og l\u00e1ti \u00f3blessun koma yfir landi\u00f0.<\/p>\n<div class=\"footnoteVidey\"><\/div>\n","protected":false},"excerpt":{"rendered":"<p>Dagur Drottins. El\u00edas sp\u00e1ma\u00f0ur. 1\u00dev\u00ed sj\u00e1! dagurinn kemur, brennandi sem ofn. \u00de\u00e1 skulu allir \u00f3sv\u00edfnir syndarar, og \u00feeir, sem gu\u00f0leysi fremja, vera sem h\u00e1lmleggir, og dagurinn, sem kemur, skal kveikja \u00ed \u00feeim, segir Drottinn allsherjar, og hv\u00f6rki eftirskilja \u00feeim r\u00f3t n\u00e9 kvist.2En yfir y\u00f0ur, sem \u00f3ttist mitt nafn, skal upp renna s\u00f3l r\u00e9ttl\u00e6tisins, undir hv\u00f6rrar v\u00e6ngjum hj\u00e1lpr\u00e6\u00f0i\u00f0 er; \u00fe\u00e9r skulu\u00f0 \u00fat ganga, og leika y\u00f0ur sem alik\u00e1lfar;3\u00fe\u00e9r skulu\u00f0 sundurtro\u00f0a hina \u00f3gu\u00f0legu: \u00fev\u00ed \u00feeir skulu ver\u00f0a aska undir iljum y\u00f0ar, \u00e1 \u00feeim degi, sem eg l\u00e6t koma, segir Drottinn allsherjar.4Muni\u00f0 eftir l\u00f6gm\u00e1li M\u00f3sis, m\u00edns \u00fej\u00f3ns, \u00fev\u00ed er eg bau\u00f0 honum \u00e1 <a href=\"https:\/\/biblian.is\/videy\/malaki-4-kafli\/\"> [&#8230;]<\/a><\/p>\n","protected":false},"author":1,"featured_media":0,"parent":0,"menu_order":0,"comment_status":"open","ping_status":"open","template":"bibliukaflar.php","meta":{"footnotes":""},"class_list":["post-21778","page","type-page","status-publish","hentry"],"_links":{"self":[{"href":"https:\/\/biblian.is\/videy\/wp-json\/wp\/v2\/pages\/21778","targetHints":{"allow":["GET"]}}],"collection":[{"href":"https:\/\/biblian.is\/videy\/wp-json\/wp\/v2\/pages"}],"about":[{"href":"https:\/\/biblian.is\/videy\/wp-json\/wp\/v2\/types\/page"}],"author":[{"embeddable":true,"href":"https:\/\/biblian.is\/videy\/wp-json\/wp\/v2\/users\/1"}],"replies":[{"embeddable":true,"href":"https:\/\/biblian.is\/videy\/wp-json\/wp\/v2\/comments?post=21778"}],"version-history":[{"count":0,"href":"https:\/\/biblian.is\/videy\/wp-json\/wp\/v2\/pages\/21778\/revisions"}],"wp:attachment":[{"href":"https:\/\/biblian.is\/videy\/wp-json\/wp\/v2\/media?parent=21778"}],"curies":[{"name":"wp","href":"https:\/\/api.w.org\/{rel}","templated":true}]}}