{"id":21772,"date":"2018-01-02T01:04:00","date_gmt":"2018-01-02T01:04:00","guid":{"rendered":"http:\/\/biblian.is\/videy\/sakaria-12-kafli\/"},"modified":"2018-01-02T01:04:00","modified_gmt":"2018-01-02T01:04:00","slug":"sakaria-12-kafli","status":"publish","type":"page","link":"https:\/\/biblian.is\/videy\/sakaria-12-kafli\/","title":{"rendered":"Sakar\u00eda 12. kafli"},"content":{"rendered":"<div class=\"fyrirsognVidey\">Sakar\u00edas kennir, a\u00f0 Gu\u00f0 muni var\u00f0veita sitt f\u00f3lk m\u00f3ti \u00f3vinum \u00feess, og me\u00f0 s\u00ednum anda hr\u00e6ra \u00fea\u00f0 til i\u00f0runar.<\/div>\n<p><a name=\"1\"><span class=\"versanumer\">1<\/span><\/a>\u00deetta er \u00fea\u00f0 or\u00f0, er Drottinn hefir upp kve\u00f0i\u00f0 um \u00cdsraelsmenn; \u00fea\u00f0 er atkv\u00e6\u00f0i Drottins, hans, sem \u00fat\u00feenur himininn, grundvallar j\u00f6r\u00f0ina, og skapar \u00feann anda, sem me\u00f0 manninum b\u00fdr.<a name=\"2\"><span class=\"versanumer\">2<\/span><\/a>Sj\u00e1, eg l\u00e6t Jer\u00fasalemsborg ver\u00f0a a\u00f0 ofdrykkjubikar fyrir allar \u00fe\u00e6r \u00fej\u00f3\u00f0ir, sem \u00ed kring eru; og jafnvel J\u00fada \u00e6ttkv\u00edsl skal ney\u00f0ast til a\u00f0 vera me\u00f0 \u00ed ums\u00e1trinu um Jer\u00fasalemsborg.<a name=\"3\"><span class=\"versanumer\">3<\/span><\/a>\u00c1 \u00feeim degi vil eg gj\u00f6ra Jer\u00fasalemsborg a\u00f0 aflraunarsteini fyrir allar \u00fej\u00f3\u00f0ir; hv\u00f6r s\u00e1, sem vill hefja hann upp, skal hrufla sig \u00e1 honum: \u00fev\u00ed allar \u00fej\u00f3\u00f0ir \u00e1 j\u00f6r\u00f0unni skulu samansafnast m\u00f3ti henni.<a name=\"4\"><span class=\"versanumer\">4<\/span><\/a>\u00c1 \u00feeim degi vil eg, segir Drottinn, sl\u00e1 felmtri \u00e1 alla hesta, og vitleysu \u00e1 s\u00e9rhv\u00f6rn \u00feann, sem r\u00ed\u00f0ur \u00feeim. Eg vil hafa vakanda auga \u00e1 J\u00fada \u00e6ttkv\u00edsl, en sl\u00e1 alla hesta \u00fej\u00f3\u00f0anna me\u00f0 blindu.<a name=\"5\"><span class=\"versanumer\">5<\/span><\/a>\u00de\u00e1 skulu h\u00f6f\u00f0ingjar J\u00fada \u00e6ttkv\u00edslar segja me\u00f0 sj\u00e1lfum s\u00e9r: sterkir eru innbyggjendur Jer\u00fasalemsborgar fyrir a\u00f0sto\u00f0 Drottins allsherjar, Gu\u00f0s \u00feeirra.<a name=\"6\"><span class=\"versanumer\">6<\/span><\/a>\u00c1 \u00feeim degi vil eg l\u00e1ta h\u00f6f\u00f0ingja J\u00fada \u00e6ttkv\u00edslar vera sem gl\u00f3\u00f0arker \u00ed vi\u00f0arkesti og sem blys \u00ed kerfum; \u00feeir skulu fella alla \u00fe\u00e1 menn, sem \u00ed kring um \u00fe\u00e1 eru, til h\u00e6gri og vinstri handar; og Jer\u00fasalemsborg skal vera kyrr \u00e1 s\u00ednum samasta\u00f0, \u00fear sem h\u00fan \u00e1\u00f0ur var.<a name=\"7\"><span class=\"versanumer\">7<\/span><\/a>Drottinn mun frelsa tjaldb\u00fa\u00f0ir J\u00fada \u00e6ttkv\u00edslar \u00e1 undan <span class='VideyAth'>(Jer\u00fasalemsborg)<\/span>, svo a\u00f0 frami Dav\u00ed\u00f0s \u00e6ttar og Jer\u00fasalemsborgarinnbyggjenda ver\u00f0i ekki meiri, en frami J\u00fada \u00e6ttkv\u00edslar.<a name=\"8\"><span class=\"versanumer\">8<\/span><\/a>\u00c1 \u00feeim degi mun Drottinn vera hl\u00edfiskj\u00f6ldur Jer\u00fasalemsborgar innbyggjenda: s\u00e1 sem er l\u00edtill fyrir s\u00e9r me\u00f0al \u00feeirra, skal \u00e1 \u00feeim degi ver\u00f0a \u00f6nnur eins hetja og Dav\u00ed\u00f0, og Dav\u00ed\u00f0s \u00e6tt eins og Gu\u00f0, eins og engill Drottins, <span class='VideyAth'>(s\u00e1 er for\u00f0um gekk)<\/span> \u00e1 undan \u00feeim <span class='VideyAth'>(2 M\u00f3s. 14,18)<\/span>.<a name=\"9\"><span class=\"versanumer\">9<\/span><\/a>\u00c1 \u00feeim degi vil eg gj\u00f6ra m\u00e9r far af a\u00f0 afm\u00e1 alla \u00fe\u00e1 hei\u00f0ingja, sem fari\u00f0 hafa \u00ed m\u00f3ti Jer\u00fasalemsborg. <br \/><a name=\"10\"><span class=\"versanumer\">10<\/span><\/a>\u00de\u00e1 vil eg \u00fathella l\u00edknaranda og b\u00e6naranda yfir Dav\u00ed\u00f0s \u00e6tt og yfir innbyggjendur Jer\u00fasalemsborgar: \u00feeir skulu renna augum til m\u00edn, til hans, sem \u00feeir hafa gegnum stungi\u00f0; \u00feeir skulu kveina hans vegna, eins og menn harma l\u00e1t einkasonar s\u00edns: \u00feeir skulu hryggjast hans vegna, eins og menn hryggjast af l\u00e1ti frumgetins sonar.<a name=\"11\"><span class=\"versanumer\">11<\/span><\/a>\u00c1 \u00feeim degi skal eins miki\u00f0 harmakvein ver\u00f0a \u00ed Jer\u00fasalemsborg eins og <span class='VideyAth'>(for\u00f0um)<\/span> var\u00f0 \u00ed Hadad-Rimmonsborg \u00ed Megiddonsdal. <span class='VideyAth'>a)<\/span>.<a name=\"12\"><span class=\"versanumer\">12<\/span><\/a>Landi\u00f0 skal kveina, hv\u00f6r kyn\u00fe\u00e1ttur fyrir sig: kyn\u00fe\u00e1ttur Dav\u00ed\u00f0s\u00e6ttar s\u00e9r \u00ed lagi, og konur \u00feeirra fyrir sig; kyn\u00fe\u00e1ttur Natans\u00e6ttar s\u00e9r \u00ed lagi, og konur \u00feeirra fyrir sig;<a name=\"13\"><span class=\"versanumer\">13<\/span><\/a>kyn\u00fe\u00e1ttur Lev\u00ed\u00e6ttar s\u00e9r \u00ed lagi, og konur \u00feeirra fyrir sig; kyn\u00fe\u00e1ttur S\u00edme\u00ed\u00e6ttar s\u00e9r \u00ed lagi, og konur \u00feeirra fyrir sig;<a name=\"14\"><span class=\"versanumer\">14<\/span><\/a>og eins allir hinir a\u00f0rir kyn\u00fe\u00e6ttir, hv\u00f6r kyn\u00fe\u00e1ttur s\u00e9r \u00ed lagi, og kvinnur \u00feeirra fyrir sig.<\/p>\n<div class=\"footnoteVidey\">V. 11. a) Eftir fall J\u00f3s\u00edass, J\u00fadar\u00edkiskonungs, sj\u00e1 2 Kron. 35,20\u201325.<\/div>\n","protected":false},"excerpt":{"rendered":"<p>Sakar\u00edas kennir, a\u00f0 Gu\u00f0 muni var\u00f0veita sitt f\u00f3lk m\u00f3ti \u00f3vinum \u00feess, og me\u00f0 s\u00ednum anda hr\u00e6ra \u00fea\u00f0 til i\u00f0runar. 1\u00deetta er \u00fea\u00f0 or\u00f0, er Drottinn hefir upp kve\u00f0i\u00f0 um \u00cdsraelsmenn; \u00fea\u00f0 er atkv\u00e6\u00f0i Drottins, hans, sem \u00fat\u00feenur himininn, grundvallar j\u00f6r\u00f0ina, og skapar \u00feann anda, sem me\u00f0 manninum b\u00fdr.2Sj\u00e1, eg l\u00e6t Jer\u00fasalemsborg ver\u00f0a a\u00f0 ofdrykkjubikar fyrir allar \u00fe\u00e6r \u00fej\u00f3\u00f0ir, sem \u00ed kring eru; og jafnvel J\u00fada \u00e6ttkv\u00edsl skal ney\u00f0ast til a\u00f0 vera me\u00f0 \u00ed ums\u00e1trinu um Jer\u00fasalemsborg.3\u00c1 \u00feeim degi vil eg gj\u00f6ra Jer\u00fasalemsborg a\u00f0 aflraunarsteini fyrir allar \u00fej\u00f3\u00f0ir; hv\u00f6r s\u00e1, sem vill hefja hann upp, skal hrufla sig \u00e1 honum: \u00fev\u00ed <a href=\"https:\/\/biblian.is\/videy\/sakaria-12-kafli\/\"> [&#8230;]<\/a><\/p>\n","protected":false},"author":1,"featured_media":0,"parent":0,"menu_order":0,"comment_status":"open","ping_status":"open","template":"bibliukaflar.php","meta":{"footnotes":""},"class_list":["post-21772","page","type-page","status-publish","hentry"],"_links":{"self":[{"href":"https:\/\/biblian.is\/videy\/wp-json\/wp\/v2\/pages\/21772","targetHints":{"allow":["GET"]}}],"collection":[{"href":"https:\/\/biblian.is\/videy\/wp-json\/wp\/v2\/pages"}],"about":[{"href":"https:\/\/biblian.is\/videy\/wp-json\/wp\/v2\/types\/page"}],"author":[{"embeddable":true,"href":"https:\/\/biblian.is\/videy\/wp-json\/wp\/v2\/users\/1"}],"replies":[{"embeddable":true,"href":"https:\/\/biblian.is\/videy\/wp-json\/wp\/v2\/comments?post=21772"}],"version-history":[{"count":0,"href":"https:\/\/biblian.is\/videy\/wp-json\/wp\/v2\/pages\/21772\/revisions"}],"wp:attachment":[{"href":"https:\/\/biblian.is\/videy\/wp-json\/wp\/v2\/media?parent=21772"}],"curies":[{"name":"wp","href":"https:\/\/api.w.org\/{rel}","templated":true}]}}