{"id":21771,"date":"2018-01-02T01:04:00","date_gmt":"2018-01-02T01:04:00","guid":{"rendered":"http:\/\/biblian.is\/videy\/sakaria-11-kafli\/"},"modified":"2018-01-02T01:04:00","modified_gmt":"2018-01-02T01:04:00","slug":"sakaria-11-kafli","status":"publish","type":"page","link":"https:\/\/biblian.is\/videy\/sakaria-11-kafli\/","title":{"rendered":"Sakar\u00eda 11. kafli"},"content":{"rendered":"<div class=\"fyrirsognVidey\">Sakar\u00edas sp\u00e1ir Gy\u00f0ingalandi st\u00f3ru \u00e1felli; talar um vonda hir\u00f0ara, og \u00f3tr\u00farra hir\u00f0ara makleg laun.<\/div>\n<p><a name=\"1\"><span class=\"versanumer\">1<\/span><\/a>Upp l\u00fak \u00fe\u00ednum dyrum, L\u00edbanonsfjall, svo eldurinn geti eytt \u00fe\u00ednum sedrustrj\u00e1m.<a name=\"2\"><span class=\"versanumer\">2<\/span><\/a>Gr\u00e1ti\u00f0, \u00fe\u00e9r furutr\u00e9, \u00fev\u00ed sedrusvi\u00f0urinn er fallinn, \u00feau stoltartr\u00e9 eru ey\u00f0il\u00f6g\u00f0. Gr\u00e1ti\u00f0, \u00fe\u00e9r Basans eikur, \u00fev\u00ed hinn \u00feykkvi sk\u00f3gurinn liggur vi\u00f0 velli.<a name=\"3\"><span class=\"versanumer\">3<\/span><\/a>N\u00fa heyrist gr\u00e1thlj\u00f3\u00f0 hir\u00f0aranna, \u00fev\u00ed \u00feeirra gersemi er ey\u00f0il\u00f6g\u00f0: \u00f6skurhlj\u00f3\u00f0 lj\u00f3nsk\u00e1lfanna, \u00fev\u00ed mikill\u00e6ti J\u00f3rdanar liggur \u00ed ey\u00f0i. <br \/><a name=\"4\"><span class=\"versanumer\">4<\/span><\/a>Svo sag\u00f0i Drottinn, minn Gu\u00f0: vert \u00fe\u00fa hir\u00f0ir skur\u00f0arsau\u00f0anna,<a name=\"5\"><span class=\"versanumer\">5<\/span><\/a>hv\u00f6rra kaupendur sl\u00e1tra \u00feeim a\u00f0 saklausu, og seljendurnir segja, \u201elofa\u00f0ur veri Drottinn, n\u00fa er eg or\u00f0inn r\u00edkur\u201c, og hir\u00f0ararnir v\u00e6gja \u00feeim ekki.<a name=\"6\"><span class=\"versanumer\">6<\/span><\/a>\u00dev\u00ed n\u00fa m\u00e1 eg ekki lengur v\u00e6gja innbyggjendum landsins, segir Drottinn. Sj\u00e1, eg vil selja hv\u00f6rn \u00feeirra \u00e1 vald annars, og \u00e1 vald konungs \u00feeirra; \u00feeir skulu sl\u00e1 landi\u00f0, og eg vil ekki frelsa \u00fea\u00f0 af \u00feeirra hendi.<a name=\"7\"><span class=\"versanumer\">7<\/span><\/a>Eg gj\u00f6r\u00f0ist n\u00fa hir\u00f0ir skur\u00f0arsau\u00f0anna,\u2014\u00fea\u00f0 var \u00ed sannleika aumt f\u00e9!\u2014Eg t\u00f3k m\u00e9r tvo stafi, kalla\u00f0i annan \u00feeirra L\u00edknarstaf, en hinn Harmastaf, og g\u00e6tti n\u00fa fj\u00e1rins.<a name=\"8\"><span class=\"versanumer\">8<\/span><\/a>\u00c1 fyrsta m\u00e1nu\u00f0i afm\u00e1\u00f0i eg \u00ferj\u00e1 hir\u00f0ara, \u00fev\u00ed eg var or\u00f0inn lei\u00f0ur \u00e1 \u00feeim, og \u00feeir voru ekki heldur \u00e1n\u00e6g\u00f0ir me\u00f0 mig.<a name=\"9\"><span class=\"versanumer\">9<\/span><\/a>Loksins sag\u00f0i eg: eg vil ekki vera y\u00f0ar hir\u00f0ir: deyi \u00fea\u00f0 sem deyja vill, farist \u00fea\u00f0 sem farast vill, og \u00feeir, sem eftir ver\u00f0a eti hv\u00f6r annars hold.<a name=\"10\"><span class=\"versanumer\">10<\/span><\/a>S\u00ed\u00f0an t\u00f3k eg L\u00edknarstaf minn, og braut \u00ed sundur, til a\u00f0 breg\u00f0a \u00feeim s\u00e1ttm\u00e1la, sem eg haf\u00f0i sami\u00f0 vi\u00f0 allar \u00fej\u00f3\u00f0ir.<a name=\"11\"><span class=\"versanumer\">11<\/span><\/a>\u00deannig var \u00feessum s\u00e1ttm\u00e1la brug\u00f0i\u00f0 \u00e1 \u00feeim sama degi; og \u00fe\u00e1 skildu hinir aumu sau\u00f0irnir, sem enn g\u00e1fu m\u00e9r gaum, a\u00f0 \u00feetta var or\u00f0 Drottins.<a name=\"12\"><span class=\"versanumer\">12<\/span><\/a>N\u00fa sag\u00f0i eg til \u00feeirra: \u201eef y\u00f0ur \u00fe\u00f3knast, \u00fe\u00e1 grei\u00f0i\u00f0 m\u00e9r kaup mitt, en ef ekki, \u00fe\u00e1 l\u00e1ti\u00f0 \u00fea\u00f0 vera\u201c; \u00feeir v\u00f3gu m\u00e9r \u00fe\u00e1 \u00ferj\u00e1t\u00edu sikla silfurs \u00ed kaup mitt.<a name=\"13\"><span class=\"versanumer\">13<\/span><\/a>\u00de\u00e1 sag\u00f0i Drottinn til m\u00edn: \u201ekasta \u00fe\u00fa til leirkerasmi\u00f0sins \u00feessu merkilega kaupgjaldi, sem \u00feeir hafa meti\u00f0 mig ver\u00f0an\u201c. Og eg t\u00f3k \u00fe\u00e1 \u00ferj\u00e1t\u00edu sikla silfurs, og kasta\u00f0i \u00feeim \u00ed h\u00fas Drottins til leirkerasmi\u00f0sins.<a name=\"14\"><span class=\"versanumer\">14<\/span><\/a>S\u00ed\u00f0an braut eg sundur hinn stafinn, Harmastafinn, til \u00feess a\u00f0 breg\u00f0a upp br\u00e6\u00f0raf\u00e9laginu milli J\u00fadar\u00edkismanna og \u00cdsraelsmanna.<a name=\"15\"><span class=\"versanumer\">15<\/span><\/a>Enn m\u00e6lti Drottinn til m\u00edn: n\u00fa skaltu fyrirmynda \u00f3n\u00fdtan hir\u00f0ir!<a name=\"16\"><span class=\"versanumer\">16<\/span><\/a>\u00dev\u00ed sj\u00e1, eg l\u00e6t \u00feann hir\u00f0ir upp koma \u00ed landinu, sem ekki mun vitja hins fj\u00e1rsj\u00faka, ekki leita hins hrakta, ekki gr\u00e6\u00f0a hi\u00f0 limlesta, ekki bera hi\u00f0 \u00fereytta, heldur eta kj\u00f6ti\u00f0 af hinu feita f\u00e9nu, en fleygja klaufunum.<a name=\"17\"><span class=\"versanumer\">17<\/span><\/a>Vei \u00feeim \u00f3n\u00fdtum hir\u00f0ir, sem yfirgefur hj\u00f6r\u00f0ina! Sver\u00f0 skal koma \u00e1 hans handlegg og h\u00e6gra auga; hans armleggur skal uppvisna, og hans h\u00e6gra auga ver\u00f0a steinblint.<\/p>\n<div class=\"footnoteVidey\"><\/div>\n","protected":false},"excerpt":{"rendered":"<p>Sakar\u00edas sp\u00e1ir Gy\u00f0ingalandi st\u00f3ru \u00e1felli; talar um vonda hir\u00f0ara, og \u00f3tr\u00farra hir\u00f0ara makleg laun. 1Upp l\u00fak \u00fe\u00ednum dyrum, L\u00edbanonsfjall, svo eldurinn geti eytt \u00fe\u00ednum sedrustrj\u00e1m.2Gr\u00e1ti\u00f0, \u00fe\u00e9r furutr\u00e9, \u00fev\u00ed sedrusvi\u00f0urinn er fallinn, \u00feau stoltartr\u00e9 eru ey\u00f0il\u00f6g\u00f0. Gr\u00e1ti\u00f0, \u00fe\u00e9r Basans eikur, \u00fev\u00ed hinn \u00feykkvi sk\u00f3gurinn liggur vi\u00f0 velli.3N\u00fa heyrist gr\u00e1thlj\u00f3\u00f0 hir\u00f0aranna, \u00fev\u00ed \u00feeirra gersemi er ey\u00f0il\u00f6g\u00f0: \u00f6skurhlj\u00f3\u00f0 lj\u00f3nsk\u00e1lfanna, \u00fev\u00ed mikill\u00e6ti J\u00f3rdanar liggur \u00ed ey\u00f0i. 4Svo sag\u00f0i Drottinn, minn Gu\u00f0: vert \u00fe\u00fa hir\u00f0ir skur\u00f0arsau\u00f0anna,5hv\u00f6rra kaupendur sl\u00e1tra \u00feeim a\u00f0 saklausu, og seljendurnir segja, \u201elofa\u00f0ur veri Drottinn, n\u00fa er eg or\u00f0inn r\u00edkur\u201c, og hir\u00f0ararnir v\u00e6gja \u00feeim ekki.6\u00dev\u00ed n\u00fa m\u00e1 eg ekki lengur v\u00e6gja innbyggjendum landsins, <a href=\"https:\/\/biblian.is\/videy\/sakaria-11-kafli\/\"> [&#8230;]<\/a><\/p>\n","protected":false},"author":1,"featured_media":0,"parent":0,"menu_order":0,"comment_status":"open","ping_status":"open","template":"bibliukaflar.php","meta":{"footnotes":""},"class_list":["post-21771","page","type-page","status-publish","hentry"],"_links":{"self":[{"href":"https:\/\/biblian.is\/videy\/wp-json\/wp\/v2\/pages\/21771","targetHints":{"allow":["GET"]}}],"collection":[{"href":"https:\/\/biblian.is\/videy\/wp-json\/wp\/v2\/pages"}],"about":[{"href":"https:\/\/biblian.is\/videy\/wp-json\/wp\/v2\/types\/page"}],"author":[{"embeddable":true,"href":"https:\/\/biblian.is\/videy\/wp-json\/wp\/v2\/users\/1"}],"replies":[{"embeddable":true,"href":"https:\/\/biblian.is\/videy\/wp-json\/wp\/v2\/comments?post=21771"}],"version-history":[{"count":0,"href":"https:\/\/biblian.is\/videy\/wp-json\/wp\/v2\/pages\/21771\/revisions"}],"wp:attachment":[{"href":"https:\/\/biblian.is\/videy\/wp-json\/wp\/v2\/media?parent=21771"}],"curies":[{"name":"wp","href":"https:\/\/api.w.org\/{rel}","templated":true}]}}