{"id":21763,"date":"2018-01-02T01:03:52","date_gmt":"2018-01-02T01:03:52","guid":{"rendered":"http:\/\/biblian.is\/videy\/sakaria-3-kafli\/"},"modified":"2018-01-02T01:03:52","modified_gmt":"2018-01-02T01:03:52","slug":"sakaria-3-kafli","status":"publish","type":"page","link":"https:\/\/biblian.is\/videy\/sakaria-3-kafli\/","title":{"rendered":"Sakar\u00eda 3. kafli"},"content":{"rendered":"<div class=\"fyrirsognVidey\">Fr\u00e1 J\u00f3s\u00faa, hinum \u00e6\u00f0sta kennimanni.<\/div>\n<p><a name=\"1\"><span class=\"versanumer\">1<\/span><\/a>\u00dev\u00ed n\u00e6st l\u00e9t hann mig sj\u00e1 J\u00f3s\u00faa, hinn \u00e6\u00f0sta kennimann; hann st\u00f3\u00f0 frammi fyrir engli Drottins, en til h\u00e6gri handar honum st\u00f3\u00f0 Satan, til \u00feess a\u00f0 \u00e1k\u00e6ra hann.<a name=\"2\"><span class=\"versanumer\">2<\/span><\/a>\u00de\u00e1 sag\u00f0i Drottinn til Satans: Drottinn \u00f3gni <span class='VideyAth'>(hamli)<\/span> \u00fe\u00e9r, Satan! Drottinn hamli \u00fe\u00e9r, hann sem hefir \u00fatvali\u00f0 Jer\u00fasalemsborg! Er \u00feessi ma\u00f0ur <span class='VideyAth'>(J\u00f3s\u00faa)<\/span> ekki eins og brandur \u00far b\u00e1li dreginn?<a name=\"3\"><span class=\"versanumer\">3<\/span><\/a>En J\u00f3s\u00faa var \u00ed \u00f3hreinum kl\u00e6\u00f0um, \u00fear er hann st\u00f3\u00f0 frammi fyrir englinum.<a name=\"4\"><span class=\"versanumer\">4<\/span><\/a>\u00de\u00e1 t\u00f3k engillinn til or\u00f0a, og m\u00e6lti til \u00feeirra, sem st\u00f3\u00f0u frammi fyrir honum: f\u00e6ri\u00f0 hann \u00far hinum \u00f3hreinu kl\u00e6\u00f0um. S\u00ed\u00f0an sag\u00f0i hann til hans: sj\u00e1 \u00fe\u00fa! eg hefi teki\u00f0 \u00fe\u00edna synd fr\u00e1 \u00fe\u00e9r, og f\u00e6ri \u00feig \u00ed h\u00e1t\u00ed\u00f0ab\u00faning.<a name=\"5\"><span class=\"versanumer\">5<\/span><\/a>Eg sag\u00f0i: l\u00e1t hreinan ennid\u00fak um h\u00f6fu\u00f0 hans. \u00deeir l\u00e9tu \u00fe\u00e1 hreinan ennid\u00fak um h\u00f6fu\u00f0 hans, \u00fe\u00e1 \u00feeir h\u00f6f\u00f0u f\u00e6rt hann \u00ed kl\u00e6\u00f0in; og engill Drottins var \u00fear vi\u00f0staddur.<a name=\"6\"><span class=\"versanumer\">6<\/span><\/a>N\u00fa votta\u00f0i engill Drottins fyrir J\u00f3s\u00faa, og m\u00e6lti:<a name=\"7\"><span class=\"versanumer\">7<\/span><\/a>Svo segir Drottinn allsherjar: ef \u00fe\u00fa gengur \u00e1 m\u00ednum vegum, og g\u00e6tir \u00feess sem eg vil g\u00e6ta l\u00e1ta, \u00fe\u00e1 skalt\u00fa stj\u00f3rna m\u00ednu h\u00fasi og g\u00e6ta minna forgar\u00f0a; og eg skal veita \u00fe\u00e9r gang me\u00f0al \u00feessara, sem h\u00e9r standa.<a name=\"8\"><span class=\"versanumer\">8<\/span><\/a>Heyr, J\u00f3s\u00faa, \u00fe\u00fa hinn \u00e6\u00f0sti kennima\u00f0ur, og vinir \u00fe\u00ednir, sem sitja frammi fyrir \u00fe\u00e9r: \u00fe\u00e9r eru\u00f0 fyrirmyndar menn <span class='VideyAth'>b)<\/span>; \u00fev\u00ed sj\u00e1! eg l\u00e6t minn \u00fej\u00f3n Semakk <span class='VideyAth'>c)<\/span> koma.<a name=\"9\"><span class=\"versanumer\">9<\/span><\/a>\u00dev\u00ed sj\u00e1i\u00f0, \u00e1 stein \u00feann, er eg hefi lagt frammi fyrir J\u00f3s\u00faa, \u00e1 \u00feenna eina stein <span class='VideyAth'>d)<\/span> horfa sj\u00f6 augu <span class='VideyAth'>e)<\/span>; sj\u00e1! eg pr\u00fd\u00f0i hann me\u00f0 \u00fatskur\u00f0i, segir Drottinn allsherjar, og burttek \u00e1 einum degi misgj\u00f6r\u00f0 \u00feessa lands.<a name=\"10\"><span class=\"versanumer\">10<\/span><\/a>\u00c1 hinum sama degi, segir Drottinn allsherjar, skal hv\u00f6r y\u00f0ar, bj\u00f3\u00f0a \u00f6\u00f0rum a\u00f0 sitja undir v\u00ednvi\u00f0artrj\u00e1m og f\u00edkjutrj\u00e1m.<\/p>\n<div class=\"footnoteVidey\">V. 10. a. \u00de. e. Babelslandi.  V. 8. b. \u00de. e. fyrirmynd hins tilkomanda Mesiass. c. \u00de. e. Mess\u00edas. Semakk \u00fe\u00fd\u00f0ir frumkvistur, n\u00fdsprottin grein (\u00fear til er liti\u00f0 6,12), en Mess\u00edas kallast Semakk Jehova, \u00fe. e. afspringur Drottins, Es. 4,2. og afspringur Dav\u00ed\u00f0s, Jer. 23,5. 33,15. En hj\u00e1 Sakar\u00edas (3,8. 6,12) er Semakk or\u00f0i\u00f0 a\u00f0 eignarnafni og \u00f6ldungis sama sem Mess\u00edas. Eins kallast Mess\u00edas \u00cdsa\u00edr\u00f3t, Es. 11,10, og r\u00f3t e\u00f0a afspringur Dav\u00ed\u00f0s, Opinb: 5,5. 22,16.  V. 9. d. Undirst\u00f6\u00f0ustein musterisins. e. \u00de. e. Augu Drottins, sj\u00e1 4,10.<\/div>\n","protected":false},"excerpt":{"rendered":"<p>Fr\u00e1 J\u00f3s\u00faa, hinum \u00e6\u00f0sta kennimanni. 1\u00dev\u00ed n\u00e6st l\u00e9t hann mig sj\u00e1 J\u00f3s\u00faa, hinn \u00e6\u00f0sta kennimann; hann st\u00f3\u00f0 frammi fyrir engli Drottins, en til h\u00e6gri handar honum st\u00f3\u00f0 Satan, til \u00feess a\u00f0 \u00e1k\u00e6ra hann.2\u00de\u00e1 sag\u00f0i Drottinn til Satans: Drottinn \u00f3gni (hamli) \u00fe\u00e9r, Satan! Drottinn hamli \u00fe\u00e9r, hann sem hefir \u00fatvali\u00f0 Jer\u00fasalemsborg! Er \u00feessi ma\u00f0ur (J\u00f3s\u00faa) ekki eins og brandur \u00far b\u00e1li dreginn?3En J\u00f3s\u00faa var \u00ed \u00f3hreinum kl\u00e6\u00f0um, \u00fear er hann st\u00f3\u00f0 frammi fyrir englinum.4\u00de\u00e1 t\u00f3k engillinn til or\u00f0a, og m\u00e6lti til \u00feeirra, sem st\u00f3\u00f0u frammi fyrir honum: f\u00e6ri\u00f0 hann \u00far hinum \u00f3hreinu kl\u00e6\u00f0um. S\u00ed\u00f0an sag\u00f0i hann til hans: sj\u00e1 \u00fe\u00fa! eg <a href=\"https:\/\/biblian.is\/videy\/sakaria-3-kafli\/\"> [&#8230;]<\/a><\/p>\n","protected":false},"author":1,"featured_media":0,"parent":0,"menu_order":0,"comment_status":"open","ping_status":"open","template":"bibliukaflar.php","meta":{"footnotes":""},"class_list":["post-21763","page","type-page","status-publish","hentry"],"_links":{"self":[{"href":"https:\/\/biblian.is\/videy\/wp-json\/wp\/v2\/pages\/21763","targetHints":{"allow":["GET"]}}],"collection":[{"href":"https:\/\/biblian.is\/videy\/wp-json\/wp\/v2\/pages"}],"about":[{"href":"https:\/\/biblian.is\/videy\/wp-json\/wp\/v2\/types\/page"}],"author":[{"embeddable":true,"href":"https:\/\/biblian.is\/videy\/wp-json\/wp\/v2\/users\/1"}],"replies":[{"embeddable":true,"href":"https:\/\/biblian.is\/videy\/wp-json\/wp\/v2\/comments?post=21763"}],"version-history":[{"count":0,"href":"https:\/\/biblian.is\/videy\/wp-json\/wp\/v2\/pages\/21763\/revisions"}],"wp:attachment":[{"href":"https:\/\/biblian.is\/videy\/wp-json\/wp\/v2\/media?parent=21763"}],"curies":[{"name":"wp","href":"https:\/\/api.w.org\/{rel}","templated":true}]}}