{"id":21756,"date":"2018-01-02T01:03:52","date_gmt":"2018-01-02T01:03:52","guid":{"rendered":"http:\/\/biblian.is\/videy\/sefania-1-kafli\/"},"modified":"2018-01-02T01:03:52","modified_gmt":"2018-01-02T01:03:52","slug":"sefania-1-kafli","status":"publish","type":"page","link":"https:\/\/biblian.is\/videy\/sefania-1-kafli\/","title":{"rendered":"Sefan\u00eda 1. kafli"},"content":{"rendered":"<div class=\"fyrirsognVidey\">Seffan\u00edas sp\u00e1ir J\u00fadar\u00edki ey\u00f0ileggingu s\u00f6kum \u00feeirrar hj\u00e1gu\u00f0ad\u00fdrkunar, sem \u00fear drottna\u00f0i.<\/div>\n<p><a name=\"1\"><span class=\"versanumer\">1<\/span><\/a>\u00deetta er or\u00f0 Drottins, sem hann tala\u00f0i til Seffan\u00edass K\u00fasisonar, Gedal\u00edusonar, Amar\u00edusonar, Esek\u00edassonar, \u00e1 d\u00f6gum J\u00f3s\u00edass J\u00fada konungs Amonssonar.<a name=\"2\"><span class=\"versanumer\">2<\/span><\/a>Eg vil taka allt gj\u00f6rsamlega burt \u00far landinu, segir Drottinn;<a name=\"3\"><span class=\"versanumer\">3<\/span><\/a>eg vil taka burt menn og skepnur: eg vil taka burt fugla himinsins og fiska sj\u00e1varins, hneykslanirnar \u00e1samt me\u00f0 \u00feeim \u00f3gu\u00f0legu: eg vil afm\u00e1 mennina \u00ed landinu, segir Drottinn.<a name=\"4\"><span class=\"versanumer\">4<\/span><\/a>Eg vil \u00fatr\u00e9tta m\u00edna h\u00f6nd m\u00f3ti J\u00fadar\u00edki, og m\u00f3ti \u00f6llum \u00feeim, sem b\u00faa \u00ed Jer\u00fasalemsborg; eg vil afm\u00e1 af \u00feessum sta\u00f0 eftirleifar Baals, nafn bl\u00f3tgo\u00f0anna \u00e1samt me\u00f0 kennim\u00f6nnunum:<a name=\"5\"><span class=\"versanumer\">5<\/span><\/a>eg vil afm\u00e1 \u00fe\u00e1, sem uppi \u00e1 h\u00fas\u00feekjum falla fram fyrir himinsins her <span class='VideyAth'>(himintunglunum)<\/span>: \u00fe\u00e1 sem falla fram fyrir Drottni og sverja vi\u00f0 hann, en sverja \u00fe\u00f3 undir eins vi\u00f0 Malkom <span class='VideyAth'>( M\u00f3lok)<\/span>: <br \/><a name=\"6\"><span class=\"versanumer\">6<\/span><\/a>\u00fe\u00e1 sem eru fallnir fr\u00e1 Drottni, og \u00fe\u00e1 sem hv\u00f6rki leita Drottins, n\u00e9 a\u00f0spyrja hann.<br \/><a name=\"7\"><span class=\"versanumer\">7<\/span><\/a>\u00deegi \u00fe\u00fa fyrir augliti Drottins hins alvalda! \u00fev\u00ed hegningardagur Drottins er n\u00e1l\u00e6gur: Drottinn hefir efnt til f\u00f3rnarveislu og samankalla\u00f0 s\u00edna bo\u00f0smenn.<a name=\"8\"><span class=\"versanumer\">8<\/span><\/a>\u00c1 f\u00f3rnarveisludegi Drottins vil eg heims\u00e6kja landsh\u00f6f\u00f0ingjana og syni konungsins, og alla \u00fe\u00e1 sem bera \u00fatlenskan kl\u00e6\u00f0na\u00f0.<a name=\"9\"><span class=\"versanumer\">9<\/span><\/a>\u00c1 \u00feeim degi vil eg heims\u00e6kja s\u00e9rhv\u00f6rn \u00feann, er br\u00fdst inn \u00ed h\u00fas annarra, og \u00fe\u00e1 sem fylla h\u00fas l\u00e1nadrottna sinna me\u00f0 ofbeldi og svikum.<a name=\"10\"><span class=\"versanumer\">10<\/span><\/a>\u00c1 \u00feeim degi, segir Drottinn, skal heyrast ney\u00f0arhlj\u00f3\u00f0 fr\u00e1 Fiskahli\u00f0inu, sorgar\u00f3p \u00ed hinum hluta borgarinnar, og miki\u00f0 kvein \u00e1 h\u00e6\u00f0unum.<a name=\"11\"><span class=\"versanumer\">11<\/span><\/a>Kveini\u00f0, \u00fe\u00e9r sem b\u00fai\u00f0 \u00ed Maktes <span class='VideyAth'>a)<\/span>, \u00fev\u00ed kaupmannal\u00fd\u00f0urinn ver\u00f0ur afm\u00e1\u00f0ur, og \u00f6llum \u00feeim eytt, sem silfri safna.<a name=\"12\"><span class=\"versanumer\">12<\/span><\/a>\u00c1 \u00feeim t\u00edma vil eg rannsaka Jer\u00fasalemsborg me\u00f0 skri\u00f0lj\u00f3sum, og heims\u00e6kja \u00fe\u00e1 sem liggja \u00e1 dreggjum s\u00ednum <span class='VideyAth'>b)<\/span>, og segja \u00ed s\u00ednum hj\u00f6rtum: \u201eDrottinn gj\u00f6rir hv\u00f6rki gott n\u00e9 illt\u201c.<a name=\"13\"><span class=\"versanumer\">13<\/span><\/a>Au\u00f0\u00e6fi \u00feeirra skulu ver\u00f0a a\u00f0 herfangi, og h\u00fas \u00feeirra a\u00f0 au\u00f0n; \u00feeir skulu byggja h\u00fas, en ekki b\u00faa \u00ed \u00feeim, planta v\u00edngar\u00f0a, en ekki drekka \u00fea\u00f0 v\u00edn, sem af \u00feeim kemur.<a name=\"14\"><span class=\"versanumer\">14<\/span><\/a>Hinn mikli dagur Drottins er n\u00e1l\u00e6gur; n\u00e1l\u00e6gur er hann, og hra\u00f0ar s\u00e9r mj\u00f6g; s\u00e1rlegt kvein skal heyrast \u00e1 degi Drottins: \u00fe\u00e1 skal jafnvel kappinn \u00e6pa.<a name=\"15\"><span class=\"versanumer\">15<\/span><\/a>S\u00e1 dagur er dagur rei\u00f0innar, dagur ney\u00f0ar og \u00ferengingar, dagur tj\u00f3ns og ey\u00f0ileggingar, dagur myrkurs og dimmu, dagur sk\u00fdja og \u00feoku,<a name=\"16\"><span class=\"versanumer\">16<\/span><\/a>dagur l\u00fa\u00f0ra og her\u00f3ps gegn v\u00edggirtum borgum og h\u00e1vum m\u00farveggjum.<a name=\"17\"><span class=\"versanumer\">17<\/span><\/a>Eg skal \u00fer\u00f6ngva m\u00f6nnum svo, a\u00f0 \u00feeir skulu ganga sem blindir: \u00fev\u00ed \u00feeir hafa syndgast \u00ed m\u00f3ti Drottni; bl\u00f3\u00f0i \u00feeirra skal \u00fathellt ver\u00f0a, sem dufti, og hr\u00e6jum \u00feeirra <span class='VideyAth'>(\u00fat kasta\u00f0)<\/span>, sem saur.<a name=\"18\"><span class=\"versanumer\">18<\/span><\/a>Hv\u00f6rki skal silfur \u00feeirra n\u00e9 gull \u00feeirra f\u00e1 bjarga\u00f0 \u00feeim \u00e1 rei\u00f0idegi Drottins, heldur skal allt landi\u00f0 ey\u00f0ast fyrir eldi hans vandl\u00e6tingar: \u00fev\u00ed tj\u00f3n og br\u00e1\u00f0a ey\u00f0ileggingu mun hann koma l\u00e1ta yfir alla landsins innbyggjendur.<\/p>\n<div class=\"footnoteVidey\">V. 11. a. Anna\u00f0hv\u00f6rt einhv\u00f6r hluti Jer\u00fasalemsborgar, e\u00f0a sta\u00f0ur n\u00e1l\u00e6gt henni.  V. 12. b. \u00de. e. \u00de\u00e1 sem eru andvaralausir um sinn hag.<\/div>\n","protected":false},"excerpt":{"rendered":"<p>Seffan\u00edas sp\u00e1ir J\u00fadar\u00edki ey\u00f0ileggingu s\u00f6kum \u00feeirrar hj\u00e1gu\u00f0ad\u00fdrkunar, sem \u00fear drottna\u00f0i. 1\u00deetta er or\u00f0 Drottins, sem hann tala\u00f0i til Seffan\u00edass K\u00fasisonar, Gedal\u00edusonar, Amar\u00edusonar, Esek\u00edassonar, \u00e1 d\u00f6gum J\u00f3s\u00edass J\u00fada konungs Amonssonar.2Eg vil taka allt gj\u00f6rsamlega burt \u00far landinu, segir Drottinn;3eg vil taka burt menn og skepnur: eg vil taka burt fugla himinsins og fiska sj\u00e1varins, hneykslanirnar \u00e1samt me\u00f0 \u00feeim \u00f3gu\u00f0legu: eg vil afm\u00e1 mennina \u00ed landinu, segir Drottinn.4Eg vil \u00fatr\u00e9tta m\u00edna h\u00f6nd m\u00f3ti J\u00fadar\u00edki, og m\u00f3ti \u00f6llum \u00feeim, sem b\u00faa \u00ed Jer\u00fasalemsborg; eg vil afm\u00e1 af \u00feessum sta\u00f0 eftirleifar Baals, nafn bl\u00f3tgo\u00f0anna \u00e1samt me\u00f0 kennim\u00f6nnunum:5eg vil afm\u00e1 \u00fe\u00e1, sem uppi \u00e1 h\u00fas\u00feekjum <a href=\"https:\/\/biblian.is\/videy\/sefania-1-kafli\/\"> [&#8230;]<\/a><\/p>\n","protected":false},"author":1,"featured_media":0,"parent":0,"menu_order":0,"comment_status":"open","ping_status":"open","template":"bibliukaflar.php","meta":{"footnotes":""},"class_list":["post-21756","page","type-page","status-publish","hentry"],"_links":{"self":[{"href":"https:\/\/biblian.is\/videy\/wp-json\/wp\/v2\/pages\/21756","targetHints":{"allow":["GET"]}}],"collection":[{"href":"https:\/\/biblian.is\/videy\/wp-json\/wp\/v2\/pages"}],"about":[{"href":"https:\/\/biblian.is\/videy\/wp-json\/wp\/v2\/types\/page"}],"author":[{"embeddable":true,"href":"https:\/\/biblian.is\/videy\/wp-json\/wp\/v2\/users\/1"}],"replies":[{"embeddable":true,"href":"https:\/\/biblian.is\/videy\/wp-json\/wp\/v2\/comments?post=21756"}],"version-history":[{"count":0,"href":"https:\/\/biblian.is\/videy\/wp-json\/wp\/v2\/pages\/21756\/revisions"}],"wp:attachment":[{"href":"https:\/\/biblian.is\/videy\/wp-json\/wp\/v2\/media?parent=21756"}],"curies":[{"name":"wp","href":"https:\/\/api.w.org\/{rel}","templated":true}]}}