{"id":21750,"date":"2018-01-02T01:03:52","date_gmt":"2018-01-02T01:03:52","guid":{"rendered":"http:\/\/biblian.is\/videy\/nahum-1-kafli\/"},"modified":"2018-01-02T01:03:52","modified_gmt":"2018-01-02T01:03:52","slug":"nahum-1-kafli","status":"publish","type":"page","link":"https:\/\/biblian.is\/videy\/nahum-1-kafli\/","title":{"rendered":"Nah\u00fam 1. kafli"},"content":{"rendered":"<div class=\"fyrirsognVidey\">Nah\u00fam l\u00fdsir Gu\u00f0s r\u00e9ttl\u00e6ti og miskunnsemi; sp\u00e1ir ey\u00f0ileggingu Niniveborgar, og afdrifum Senakeribs.<\/div>\n<p><a name=\"1\"><span class=\"versanumer\">1<\/span><\/a>Sp\u00e1d\u00f3mur um Ninive. Sp\u00e1d\u00f3msb\u00f3k Nah\u00fams fr\u00e1 Elkos. <br \/><a name=\"2\"><span class=\"versanumer\">2<\/span><\/a>Drottinn er vandl\u00e6tandi og hegnandi Gu\u00f0; hegningarsamur er Drottinn, og voldugur \u00ed sinni rei\u00f0i; refsingarsamur er Drottinn vi\u00f0 m\u00f3tst\u00f6\u00f0umenn s\u00edna og langr\u00e6kur vi\u00f0 \u00f3vini s\u00edna.<a name=\"3\"><span class=\"versanumer\">3<\/span><\/a>Drottinn er \u00feolinm\u00f3\u00f0ur; en hann er mikill a\u00f0 krafti, og l\u00e6tur ekki \u00f3hegnt misgj\u00f6r\u00f0anna. Hann er s\u00e1 Drottinn, hv\u00f6rs vegur er \u00ed fellibyljum og stormvi\u00f0ri, og sk\u00fdin eru hans f\u00f3taryk.<a name=\"4\"><span class=\"versanumer\">4<\/span><\/a>Hann hastar \u00e1 sj\u00f3inn og gj\u00f6rir hann \u00feurran, og upp\u00feurrkar \u00f6ll flj\u00f3t: \u00fe\u00e1 f\u00f6lnar Basan og Karmel, \u00fe\u00e1 f\u00f6lna \u00f6ll bl\u00f3m \u00e1 L\u00edbanon.<a name=\"5\"><span class=\"versanumer\">5<\/span><\/a>Fj\u00f6llin skj\u00e1lfa fyrir honum, og h\u00e1lsarnir br\u00e1\u00f0na; j\u00f6r\u00f0in hristist fyrir hans augliti, veraldarkringlan og allir sem \u00e1 henni b\u00faa.<a name=\"6\"><span class=\"versanumer\">6<\/span><\/a>Hv\u00f6r m\u00e1 standast hans rei\u00f0i? hv\u00f6r getur af bori\u00f0 hans brennandi heift? Hans br\u00e6\u00f0i fossar \u00fat, eins og eldur, og bj\u00f6rgin bresta sundur fyrir honum.<a name=\"7\"><span class=\"versanumer\">7<\/span><\/a>G\u00f3\u00f0ur er Drottinn til athvarfs \u00e1 degi ney\u00f0arinnar, og hann \u00feekkir \u00fe\u00e1 sem treysta honum.<br \/><a name=\"8\"><span class=\"versanumer\">8<\/span><\/a>En me\u00f0 yfirgeysandi vatnsfl\u00f3\u00f0i mun hann gj\u00f6rsamlega afm\u00e1 st\u00f6\u00f0var hennar <span class='VideyAth'>(Niniveborgar)<\/span>, og myrkur mun ofs\u00e6kja \u00f3vini hans.<a name=\"9\"><span class=\"versanumer\">9<\/span><\/a>Hva\u00f0 vilji\u00f0 \u00fe\u00e9r til brag\u00f0s taka m\u00f3ti Drottni? Hann ey\u00f0ileggur, svo af tekur: \u00e1felli\u00f0 \u00fearf ekki a\u00f0 koma tvisvar.<a name=\"10\"><span class=\"versanumer\">10<\/span><\/a>\u00de\u00f3 \u00feeir s\u00e9u samfl\u00e6ktir, sem \u00feyrnar, og svo v\u00f6kvafullir, sem \u00feeir geta or\u00f0i\u00f0, skulu \u00feeir \u00fe\u00f3 ver\u00f0a me\u00f0 \u00f6llu uppbrenndir, sem \u00feurrir h\u00e1lmleggir. <br \/><a name=\"11\"><span class=\"versanumer\">11<\/span><\/a>Fr\u00e1 \u00fe\u00e9r \u00fatgekk vondur r\u00e1\u00f0gjafi <span class='VideyAth'>a)<\/span>, sem haf\u00f0i illt \u00ed huga gegn Drottni.<a name=\"12\"><span class=\"versanumer\">12<\/span><\/a>En Drottinn sag\u00f0i svo: \u00fe\u00f3 \u00feeir komi me\u00f0 \u00f6llum s\u00ednum styrk og mannfj\u00f6lda, \u00fe\u00e1 skulu \u00feeir allt a\u00f0 einu gj\u00f6reyddir ver\u00f0a, og hann <span class='VideyAth'>(Senakerib)<\/span> fr\u00e1 hverfa. Eg hefi au\u00f0m\u00fdkt \u00feig <span class='VideyAth'>(Jer\u00fasalemsborg!)<\/span>, og vil ekki au\u00f0m\u00fdkja \u00feig meir en komi\u00f0 er;<a name=\"13\"><span class=\"versanumer\">13<\/span><\/a>heldur vil eg br\u00e1\u00f0um brj\u00f3ta af \u00fe\u00e9r hans ok, og sundursl\u00edta \u00fe\u00edn b\u00f6nd.<a name=\"14\"><span class=\"versanumer\">14<\/span><\/a>En um \u00feig <span class='VideyAth'>(Senakerib!)<\/span> er Drottins atkv\u00e6\u00f0i \u00feetta: \u201e\u00feitt nafn skal ekki framar uppi vera; eg vil ey\u00f0ileggja skur\u00f0go\u00f0i\u00f0 \u00ed \u00fe\u00ednu go\u00f0ah\u00fasi, og gj\u00f6ra hi\u00f0 steypta l\u00edkneski a\u00f0 gr\u00f6f \u00feinni <span class='VideyAth'>b)<\/span>, \u00fev\u00ed \u00fe\u00fa hefir gj\u00f6rt \u00feig fyrirlitlegan\u201c.<\/p>\n<div class=\"footnoteVidey\">V. 11. a. Nabsak, r\u00e1\u00f0gjafi Senakeribs, sj\u00e1 2 K\u00f3ng. 18,13\u201337. Es. 36.  V. 14. b. 2 K\u00f3ng. 19,37. Es. 37,38.<\/div>\n","protected":false},"excerpt":{"rendered":"<p>Nah\u00fam l\u00fdsir Gu\u00f0s r\u00e9ttl\u00e6ti og miskunnsemi; sp\u00e1ir ey\u00f0ileggingu Niniveborgar, og afdrifum Senakeribs. 1Sp\u00e1d\u00f3mur um Ninive. Sp\u00e1d\u00f3msb\u00f3k Nah\u00fams fr\u00e1 Elkos. 2Drottinn er vandl\u00e6tandi og hegnandi Gu\u00f0; hegningarsamur er Drottinn, og voldugur \u00ed sinni rei\u00f0i; refsingarsamur er Drottinn vi\u00f0 m\u00f3tst\u00f6\u00f0umenn s\u00edna og langr\u00e6kur vi\u00f0 \u00f3vini s\u00edna.3Drottinn er \u00feolinm\u00f3\u00f0ur; en hann er mikill a\u00f0 krafti, og l\u00e6tur ekki \u00f3hegnt misgj\u00f6r\u00f0anna. Hann er s\u00e1 Drottinn, hv\u00f6rs vegur er \u00ed fellibyljum og stormvi\u00f0ri, og sk\u00fdin eru hans f\u00f3taryk.4Hann hastar \u00e1 sj\u00f3inn og gj\u00f6rir hann \u00feurran, og upp\u00feurrkar \u00f6ll flj\u00f3t: \u00fe\u00e1 f\u00f6lnar Basan og Karmel, \u00fe\u00e1 f\u00f6lna \u00f6ll bl\u00f3m \u00e1 L\u00edbanon.5Fj\u00f6llin skj\u00e1lfa fyrir honum, og h\u00e1lsarnir <a href=\"https:\/\/biblian.is\/videy\/nahum-1-kafli\/\"> [&#8230;]<\/a><\/p>\n","protected":false},"author":1,"featured_media":0,"parent":0,"menu_order":0,"comment_status":"open","ping_status":"open","template":"bibliukaflar.php","meta":{"footnotes":""},"class_list":["post-21750","page","type-page","status-publish","hentry"],"_links":{"self":[{"href":"https:\/\/biblian.is\/videy\/wp-json\/wp\/v2\/pages\/21750","targetHints":{"allow":["GET"]}}],"collection":[{"href":"https:\/\/biblian.is\/videy\/wp-json\/wp\/v2\/pages"}],"about":[{"href":"https:\/\/biblian.is\/videy\/wp-json\/wp\/v2\/types\/page"}],"author":[{"embeddable":true,"href":"https:\/\/biblian.is\/videy\/wp-json\/wp\/v2\/users\/1"}],"replies":[{"embeddable":true,"href":"https:\/\/biblian.is\/videy\/wp-json\/wp\/v2\/comments?post=21750"}],"version-history":[{"count":0,"href":"https:\/\/biblian.is\/videy\/wp-json\/wp\/v2\/pages\/21750\/revisions"}],"wp:attachment":[{"href":"https:\/\/biblian.is\/videy\/wp-json\/wp\/v2\/media?parent=21750"}],"curies":[{"name":"wp","href":"https:\/\/api.w.org\/{rel}","templated":true}]}}