{"id":21739,"date":"2018-01-02T01:03:45","date_gmt":"2018-01-02T01:03:45","guid":{"rendered":"http:\/\/biblian.is\/videy\/jonas-1-kafli\/"},"modified":"2018-01-02T01:03:45","modified_gmt":"2018-01-02T01:03:45","slug":"jonas-1-kafli","status":"publish","type":"page","link":"https:\/\/biblian.is\/videy\/jonas-1-kafli\/","title":{"rendered":"J\u00f3nas 1. kafli"},"content":{"rendered":"<div class=\"fyrirsognVidey\">J\u00f3nas er sendur af Gu\u00f0i til Niniveborgar, en hann vill ei fara, og siglir til Tarsisborgar. Gu\u00f0 sendir storm, og J\u00f3nasi er kasta\u00f0 fyrir bor\u00f0.<\/div>\n<p><a name=\"1\"><span class=\"versanumer\">1<\/span><\/a>Drottinn tala\u00f0i \u00feessum or\u00f0um til J\u00f3nasar Amittajsonar og sag\u00f0i:<a name=\"2\"><span class=\"versanumer\">2<\/span><\/a>far af sta\u00f0, og gakk til Ninive, hinnar miklu borgar, og pr\u00e9dika m\u00f3ti henni; \u00fev\u00ed vonska borgarmannanna er upp stigin fyrir mitt auglit.<a name=\"3\"><span class=\"versanumer\">3<\/span><\/a>En J\u00f3nas bj\u00f3st til a\u00f0 fl\u00fdja til Tarsisborgar fr\u00e1 augliti Drottins, og f\u00f3r ofan til Jaffa; \u00fear hitti hann skip, er \u00e6tla\u00f0i til Tarsisborgar; hann greiddi farleigu fyrir sig, steig \u00e1 skip, og \u00e6tla\u00f0i s\u00e9r a\u00f0 komast me\u00f0 \u00fev\u00ed til Tarsisborgar fr\u00e1 augliti Drottins.<a name=\"4\"><span class=\"versanumer\">4<\/span><\/a>\u00de\u00e1 varpa\u00f0i Drottinn miklum stormi \u00e1 sj\u00f3inn, og gj\u00f6r\u00f0ist \u00fe\u00e1 svo miki\u00f0 ofvi\u00f0ri \u00e1 hafinu, a\u00f0 vi\u00f0 sj\u00e1lft l\u00e1, a\u00f0 skipi\u00f0 mundi brotna.<a name=\"5\"><span class=\"versanumer\">5<\/span><\/a>Skipverjar ur\u00f0u hr\u00e6ddir, og h\u00e9t hv\u00f6r \u00e1 sinn gu\u00f0, og k\u00f6stu\u00f0u farminum, sem innanbor\u00f0s var, \u00ed sj\u00f3inn, til a\u00f0 l\u00e9tta \u00e1 skipinu. J\u00f3nas haf\u00f0i gengi\u00f0 ofan \u00ed ne\u00f0sta r\u00fam \u00ed skipinu, l\u00e1 \u00fear og svaf v\u00e6rt.<a name=\"6\"><span class=\"versanumer\">6<\/span><\/a>\u00de\u00e1 gekk st\u00fdrima\u00f0ur til hans, og sag\u00f0i: hv\u00ed sefur \u00fe\u00fa svo v\u00e6rt! Statt upp, og \u00e1kalla \u00feinn Gu\u00f0! vera m\u00e1, a\u00f0 Gu\u00f0 minnist vor, svo v\u00e9r t\u00fdnumst ekki.<a name=\"7\"><span class=\"versanumer\">7<\/span><\/a>N\u00fa s\u00f6g\u00f0u skipverjar, hv\u00f6r til annars: \u201ekomi\u00f0, l\u00e1tum oss kasta hlutum, svo v\u00e9r vitum, hv\u00f6rjum \u00fea\u00f0 er a\u00f0 kenna, a\u00f0 \u00feessi \u00f3g\u00e6fa er yfir oss komin\u201c. \u00deeir k\u00f6stu\u00f0u s\u00ed\u00f0an hlutum, og kom upp hlutur J\u00f3nasar.<a name=\"8\"><span class=\"versanumer\">8<\/span><\/a>\u00de\u00e1 s\u00f6g\u00f0u \u00feeir til hans: seg oss, hva\u00f0 til \u00feess kemur, a\u00f0 \u00feessi \u00f3g\u00e6fa hefir oss til handa bori\u00f0; hva\u00f0 hefir \u00fe\u00fa gj\u00f6rt? hva\u00f0an komst \u00fe\u00fa? hv\u00f6rt er f\u00f6\u00f0urland \u00feitt? og hv\u00f6rrar \u00fej\u00f3\u00f0ar ertu?<a name=\"9\"><span class=\"versanumer\">9<\/span><\/a>Hann sag\u00f0i til \u00feeirra: eg er hebreskur ma\u00f0ur, og tr\u00fai \u00e1 Drottin, Gu\u00f0 himinsins, \u00feann er gj\u00f6rt hefir sj\u00f3 og \u00feurrlendi.<a name=\"10\"><span class=\"versanumer\">10<\/span><\/a>\u00de\u00e1 ur\u00f0u mennirnir st\u00f3rum hr\u00e6ddir, og s\u00f6g\u00f0u til hans: \u201ehv\u00ed gj\u00f6r\u00f0ir \u00fe\u00fa sl\u00edkt?\u201c \u00fev\u00ed \u00feeir h\u00f6f\u00f0u fengi\u00f0 a\u00f0 vita, a\u00f0 hann fl\u00fd\u00f0i fr\u00e1 augliti Drottins: \u00fev\u00ed J\u00f3nas haf\u00f0i sj\u00e1lfur sagt \u00feeim fr\u00e1 \u00fev\u00ed.<a name=\"11\"><span class=\"versanumer\">11<\/span><\/a>\u00deeir s\u00f6g\u00f0u \u00fe\u00e1 til hans: \u201ehva\u00f0 skulum v\u00e9r gj\u00f6ra vi\u00f0 \u00feig, svo hafi\u00f0 kyrrist?\u201c \u00fev\u00ed sj\u00f3rinn \u00f3kyrr\u00f0ist \u00e6 meir og meir.<a name=\"12\"><span class=\"versanumer\">12<\/span><\/a>Hann sag\u00f0i til \u00feeirra: taki\u00f0 mig, og kasti\u00f0 m\u00e9r \u00ed sj\u00f3inn, mun \u00fe\u00e1 hafi\u00f0 kyrrt ver\u00f0a; \u00fev\u00ed eg veit, a\u00f0 \u00feessi hinn mikli stormur er yfir y\u00f0ur kominn fyrir m\u00edna skuld.<a name=\"13\"><span class=\"versanumer\">13<\/span><\/a>\u00de\u00e1 t\u00f3ku skipverjar til \u00e1ra, og leitu\u00f0u vi\u00f0 a\u00f0 komast til lands, en g\u00e1tu vi\u00f0 ekkert r\u00e1\u00f0i\u00f0, \u00fev\u00ed sj\u00f3rinn \u00f3kyrr\u00f0ist \u00e6 meir og meir \u00ed m\u00f3ti \u00feeim.<a name=\"14\"><span class=\"versanumer\">14<\/span><\/a>\u00de\u00e1 k\u00f6llu\u00f0u \u00feeir til Drottins, og s\u00f6g\u00f0u: v\u00e9r bi\u00f0jum \u00feig, Drottinn, l\u00e1t oss eigi tort\u00fdnast, \u00fe\u00f3 v\u00e9r gl\u00f6tum l\u00edfi \u00feessa manns, og l\u00e1t oss eigi gjalda \u00feess, sem v\u00e9r hef\u00f0um fyrirkomi\u00f0 saklausum manni; \u00fev\u00ed \u00fe\u00fa ert Drottinn, og gj\u00f6rir \u00fea\u00f0 sem \u00fe\u00e9r er \u00fe\u00f3knanlegt.<a name=\"15\"><span class=\"versanumer\">15<\/span><\/a>\u00deeir t\u00f3ku n\u00fa J\u00f3nas, og k\u00f6stu\u00f0u honum \u00ed sj\u00f3inn; var\u00f0 hafi\u00f0 \u00fe\u00e1 kyrrt, og sj\u00e1var\u00f3lgan h\u00e6tti.<a name=\"16\"><span class=\"versanumer\">16<\/span><\/a>\u00de\u00e1 \u00f3ttu\u00f0ust mennirnir Drottin harla mj\u00f6g, f\u00e6r\u00f0u Drottni f\u00f3rnir, og h\u00e9tu st\u00f3rheitum.<\/p>\n<div class=\"footnoteVidey\"><\/div>\n","protected":false},"excerpt":{"rendered":"<p>J\u00f3nas er sendur af Gu\u00f0i til Niniveborgar, en hann vill ei fara, og siglir til Tarsisborgar. Gu\u00f0 sendir storm, og J\u00f3nasi er kasta\u00f0 fyrir bor\u00f0. 1Drottinn tala\u00f0i \u00feessum or\u00f0um til J\u00f3nasar Amittajsonar og sag\u00f0i:2far af sta\u00f0, og gakk til Ninive, hinnar miklu borgar, og pr\u00e9dika m\u00f3ti henni; \u00fev\u00ed vonska borgarmannanna er upp stigin fyrir mitt auglit.3En J\u00f3nas bj\u00f3st til a\u00f0 fl\u00fdja til Tarsisborgar fr\u00e1 augliti Drottins, og f\u00f3r ofan til Jaffa; \u00fear hitti hann skip, er \u00e6tla\u00f0i til Tarsisborgar; hann greiddi farleigu fyrir sig, steig \u00e1 skip, og \u00e6tla\u00f0i s\u00e9r a\u00f0 komast me\u00f0 \u00fev\u00ed til Tarsisborgar fr\u00e1 augliti Drottins.4\u00de\u00e1 varpa\u00f0i <a href=\"https:\/\/biblian.is\/videy\/jonas-1-kafli\/\"> [&#8230;]<\/a><\/p>\n","protected":false},"author":1,"featured_media":0,"parent":0,"menu_order":0,"comment_status":"open","ping_status":"open","template":"bibliukaflar.php","meta":{"footnotes":""},"class_list":["post-21739","page","type-page","status-publish","hentry"],"_links":{"self":[{"href":"https:\/\/biblian.is\/videy\/wp-json\/wp\/v2\/pages\/21739","targetHints":{"allow":["GET"]}}],"collection":[{"href":"https:\/\/biblian.is\/videy\/wp-json\/wp\/v2\/pages"}],"about":[{"href":"https:\/\/biblian.is\/videy\/wp-json\/wp\/v2\/types\/page"}],"author":[{"embeddable":true,"href":"https:\/\/biblian.is\/videy\/wp-json\/wp\/v2\/users\/1"}],"replies":[{"embeddable":true,"href":"https:\/\/biblian.is\/videy\/wp-json\/wp\/v2\/comments?post=21739"}],"version-history":[{"count":0,"href":"https:\/\/biblian.is\/videy\/wp-json\/wp\/v2\/pages\/21739\/revisions"}],"wp:attachment":[{"href":"https:\/\/biblian.is\/videy\/wp-json\/wp\/v2\/media?parent=21739"}],"curies":[{"name":"wp","href":"https:\/\/api.w.org\/{rel}","templated":true}]}}