{"id":21737,"date":"2018-01-02T01:03:45","date_gmt":"2018-01-02T01:03:45","guid":{"rendered":"http:\/\/biblian.is\/videy\/amos-9-kafli\/"},"modified":"2018-01-02T01:03:45","modified_gmt":"2018-01-02T01:03:45","slug":"amos-9-kafli","status":"publish","type":"page","link":"https:\/\/biblian.is\/videy\/amos-9-kafli\/","title":{"rendered":"Amos 9. kafli"},"content":{"rendered":"<div class=\"fyrirsognVidey\">Amos sp\u00e1ir, a\u00f0 musteri\u00f0 muni ni\u00f0urbroti\u00f0 ver\u00f0a, r\u00edki\u00f0 til grunna ganga, og \u00fej\u00f3\u00f0in tv\u00edstrast; a\u00f0 Drottinn muni aftur saman safna \u00cdsraelsm\u00f6nnum, vi\u00f0reisa veldisst\u00f3l Dav\u00ed\u00f0s, og blessa sitt f\u00f3lk r\u00edkuglega.<\/div>\n<p><a name=\"1\"><span class=\"versanumer\">1<\/span><\/a>Eg s\u00e1 hinn Alvalda standa uppi \u00e1 altarinu, og hann sag\u00f0i: sl\u00e1 \u00fe\u00fa \u00e1 s\u00falnah\u00f6fu\u00f0in, svo hart a\u00f0 \u00fer\u00f6skuldarnir skj\u00e1lfi; h\u00f6gg \u00fe\u00fa \u00feau sundur, svo brotin hrj\u00f3ti \u00ed h\u00f6fu\u00f0 \u00f6llum \u00feeim <span class='VideyAth'>(sem fyrir ne\u00f0an standa)<\/span>, en hina, sem eftir ver\u00f0a, skal eg sl\u00e1 \u00ed hel me\u00f0 sver\u00f0i. S\u00e1 af \u00feeim, sem \u00e1 fl\u00f3tta er kominn, skal ekki geta undan fl\u00fai\u00f0; og s\u00e1 sem er burt hlaupinn, skal ekki undan komast. <br \/><a name=\"2\"><span class=\"versanumer\">2<\/span><\/a>\u00de\u00f3 \u00feeir brj\u00f3ti s\u00e9r farveg ni\u00f0ur \u00ed undirheima, \u00fe\u00e1 skal \u00fe\u00f3 h\u00f6nd m\u00edn \u00fer\u00edfa \u00fe\u00e1 \u00fea\u00f0an; \u00fe\u00f3 \u00feeir st\u00edgi upp til himins, skal eg steypa \u00feeim ofan \u00fea\u00f0an;<a name=\"3\"><span class=\"versanumer\">3<\/span><\/a>\u00fe\u00f3 \u00feeir feli sig \u00e1 Karmelstindi, skal eg leita \u00feeirra \u00fear og f\u00e6ra \u00fe\u00e1 \u00fea\u00f0an; \u00fe\u00f3 \u00feeir vilji leynast fyrir augum m\u00ednum \u00e1 mararbotni, skal eg bj\u00f3\u00f0a h\u00f6ggormi, og hann skal b\u00edta \u00fe\u00e1;<a name=\"4\"><span class=\"versanumer\">4<\/span><\/a>og \u00fe\u00f3 \u00feeir hlj\u00f3ti a\u00f0 fara \u00e1 undan \u00f3vinum s\u00ednum \u00ed \u00fatleg\u00f0, \u00fe\u00e1 skal eg \u00fea\u00f0an senda sver\u00f0i\u00f0 til a\u00f0 drepa \u00fe\u00e1. Eg vil sn\u00faa m\u00ednu augliti \u00ed gegn \u00feeim, til ills, en ekki til g\u00f3\u00f0s.<a name=\"5\"><span class=\"versanumer\">5<\/span><\/a>\u00dev\u00ed \u00feegar hinn alvaldi allsherjar Drottinn snertir j\u00f6r\u00f0ina, \u00fe\u00e1 rennur h\u00fan sundur, og allir, sem \u00e1 henni b\u00faa, ver\u00f0a fullir angistar; h\u00fan ver\u00f0ur \u00f6ll \u00ed einu fl\u00f3\u00f0i, eins og \u00ed vatnagangi, og fer \u00ed kaf, eins og Egyptaflj\u00f3t fl\u00f3i yfir hana.<a name=\"6\"><span class=\"versanumer\">6<\/span><\/a>Hann er s\u00e1, sem byggir s\u00edn herbergi \u00e1 himni uppi <span class='VideyAth'>(S\u00e1lm. 104,3.13)<\/span>, og grundvallar s\u00ednar hvelfingar yfir j\u00f6r\u00f0inni; hann kallar til sj\u00e1varvatnsins, og eys \u00fev\u00ed yfir j\u00f6r\u00f0ina: Drottinn er hans nafn.<a name=\"7\"><span class=\"versanumer\">7<\/span><\/a>Er m\u00e9r vandfarnara vi\u00f0 y\u00f0ur, \u00cdsraelsmenn, en vi\u00f0 Bl\u00e1lendinga? segir Drottinn; hefi eg ekki flutt \u00cdsraelsmenn fr\u00e1 Egyptalandi, Filista fr\u00e1 Kaftorslandi, og S\u00fdrlendinga fr\u00e1 K\u00edrlandi?<a name=\"8\"><span class=\"versanumer\">8<\/span><\/a>Sj\u00e1, Drottinn hinn alvaldi sn\u00fdr augliti s\u00ednu gegn \u00fev\u00ed hinu gl\u00e6pafulla konungsr\u00edki; eg skal afm\u00e1 \u00fea\u00f0 af j\u00f6r\u00f0unni. \u00de\u00f3 vil eg ekki me\u00f0 \u00f6llu afm\u00e1 Jakobsni\u00f0ja, segir Drottinn.<a name=\"9\"><span class=\"versanumer\">9<\/span><\/a>\u00dev\u00ed sj\u00e1, eg hefi \u00e1sett m\u00e9r a\u00f0 s\u00e1ldra \u00cdsraelsm\u00f6nnum me\u00f0al alls konar \u00fej\u00f3\u00f0a, eins og \u00fe\u00e1 s\u00e1ld er \u00feannig skeki\u00f0, a\u00f0 ekkert korn fellur til jar\u00f0ar.<a name=\"10\"><span class=\"versanumer\">10<\/span><\/a>En allir syndarar me\u00f0al m\u00edns f\u00f3lks skulu fyrir sver\u00f0i falla, \u00feeir er segja, \u201e\u00f3g\u00e6fan mun ekki n\u00e1 oss, og ekki koma \u00e1 bak oss\u201c. <br \/><a name=\"11\"><span class=\"versanumer\">11<\/span><\/a>\u00c1 \u00feeim degi vil eg aftur upp reisa Dav\u00ed\u00f0s f\u00f6llnu tjaldb\u00fa\u00f0, hla\u00f0a upp \u00ed veggjask\u00f6r\u00f0in, hressa vi\u00f0 \u00fea\u00f0 sem hruni\u00f0 er, og byggja hana upp, eins og h\u00fan var fyrr meir.<a name=\"12\"><span class=\"versanumer\">12<\/span><\/a>\u00de\u00e1 skulu \u00feeir eignast eftirleifar Edomsmanna og allra \u00feeirra hei\u00f0ingja, sem m\u00e9r hafa \u00e1 h\u00f6nd gengi\u00f0, segir Drottinn, sem l\u00e6tur \u00feetta fram koma.<a name=\"13\"><span class=\"versanumer\">13<\/span><\/a>Sj\u00e1! \u00feeir dagar munu koma, segir Drottinn, a\u00f0 erjandanum skal lenda saman vi\u00f0 kornskur\u00f0armanninn, og v\u00edntro\u00f0slumanninum saman vi\u00f0 s\u00e1\u00f0manninn; fj\u00f6llin skulu drj\u00fapa, og allir h\u00e1lsar flj\u00f3ta af v\u00ednberjalegi.<a name=\"14\"><span class=\"versanumer\">14<\/span><\/a>\u00dev\u00ed eg vil aftur heim lei\u00f0a minn herleidda l\u00fd\u00f0, \u00cdsraelsl\u00fd\u00f0; \u00feeir skulu uppbyggja hinar ey\u00f0il\u00f6g\u00f0u borgir, og b\u00faa \u00ed \u00feeim, planta v\u00edngar\u00f0a, og drekka v\u00edn af \u00feeim, b\u00faa til aldingar\u00f0a, og eta \u00e1v\u00f6xt \u00feeirra.<a name=\"15\"><span class=\"versanumer\">15<\/span><\/a>Eg vil gr\u00f3\u00f0ursetja \u00fe\u00e1 \u00ed \u00feeirra landi, og \u00feeir skulu ekki framar uppr\u00e6ttir ver\u00f0a \u00far landi \u00feeirra, \u00fev\u00ed er eg hefi gefi\u00f0 \u00feeim, segir Drottinn \u00feinn Gu\u00f0.<\/p>\n<div class=\"footnoteVidey\"><\/div>\n","protected":false},"excerpt":{"rendered":"<p>Amos sp\u00e1ir, a\u00f0 musteri\u00f0 muni ni\u00f0urbroti\u00f0 ver\u00f0a, r\u00edki\u00f0 til grunna ganga, og \u00fej\u00f3\u00f0in tv\u00edstrast; a\u00f0 Drottinn muni aftur saman safna \u00cdsraelsm\u00f6nnum, vi\u00f0reisa veldisst\u00f3l Dav\u00ed\u00f0s, og blessa sitt f\u00f3lk r\u00edkuglega. 1Eg s\u00e1 hinn Alvalda standa uppi \u00e1 altarinu, og hann sag\u00f0i: sl\u00e1 \u00fe\u00fa \u00e1 s\u00falnah\u00f6fu\u00f0in, svo hart a\u00f0 \u00fer\u00f6skuldarnir skj\u00e1lfi; h\u00f6gg \u00fe\u00fa \u00feau sundur, svo brotin hrj\u00f3ti \u00ed h\u00f6fu\u00f0 \u00f6llum \u00feeim (sem fyrir ne\u00f0an standa), en hina, sem eftir ver\u00f0a, skal eg sl\u00e1 \u00ed hel me\u00f0 sver\u00f0i. S\u00e1 af \u00feeim, sem \u00e1 fl\u00f3tta er kominn, skal ekki geta undan fl\u00fai\u00f0; og s\u00e1 sem er burt hlaupinn, skal ekki undan komast. 2\u00de\u00f3 <a href=\"https:\/\/biblian.is\/videy\/amos-9-kafli\/\"> [&#8230;]<\/a><\/p>\n","protected":false},"author":1,"featured_media":0,"parent":0,"menu_order":0,"comment_status":"open","ping_status":"open","template":"bibliukaflar.php","meta":{"footnotes":""},"class_list":["post-21737","page","type-page","status-publish","hentry"],"_links":{"self":[{"href":"https:\/\/biblian.is\/videy\/wp-json\/wp\/v2\/pages\/21737","targetHints":{"allow":["GET"]}}],"collection":[{"href":"https:\/\/biblian.is\/videy\/wp-json\/wp\/v2\/pages"}],"about":[{"href":"https:\/\/biblian.is\/videy\/wp-json\/wp\/v2\/types\/page"}],"author":[{"embeddable":true,"href":"https:\/\/biblian.is\/videy\/wp-json\/wp\/v2\/users\/1"}],"replies":[{"embeddable":true,"href":"https:\/\/biblian.is\/videy\/wp-json\/wp\/v2\/comments?post=21737"}],"version-history":[{"count":0,"href":"https:\/\/biblian.is\/videy\/wp-json\/wp\/v2\/pages\/21737\/revisions"}],"wp:attachment":[{"href":"https:\/\/biblian.is\/videy\/wp-json\/wp\/v2\/media?parent=21737"}],"curies":[{"name":"wp","href":"https:\/\/api.w.org\/{rel}","templated":true}]}}