{"id":21734,"date":"2018-01-02T01:03:45","date_gmt":"2018-01-02T01:03:45","guid":{"rendered":"http:\/\/biblian.is\/videy\/amos-6-kafli\/"},"modified":"2018-01-02T01:03:45","modified_gmt":"2018-01-02T01:03:45","slug":"amos-6-kafli","status":"publish","type":"page","link":"https:\/\/biblian.is\/videy\/amos-6-kafli\/","title":{"rendered":"Amos 6. kafli"},"content":{"rendered":"<div class=\"fyrirsognVidey\">Amos h\u00f3tar \u00cdsraelsm\u00f6nnum hegningu Gu\u00f0s fyrir \u00feeirra rangsleitni, s\u00e6ll\u00edfi og ofmetna\u00f0.<\/div>\n<p><a name=\"1\"><span class=\"versanumer\">1<\/span><\/a>Vei hinum andvaralausu \u00e1 S\u00edonsfjalli, og hinum grannlausu \u00e1 Samar\u00edufjalli, h\u00f6f\u00f0ingjum hinnar \u00e1g\u00e6tustu \u00fej\u00f3\u00f0ar, hj\u00e1 hv\u00f6rjum \u00cdsraelsmenn halda samkomur s\u00ednar.<a name=\"2\"><span class=\"versanumer\">2<\/span><\/a>Fari\u00f0 yfir til Kalneborgar, og litist um! Gangi\u00f0 \u00fea\u00f0an til Hemats, hinnar miklu borgar! Fari\u00f0 ofan \u00fea\u00f0an til Gatsborgar \u00ed Filistalandi! eru \u00fe\u00e6r voldugri, en \u00feessi r\u00edki? Eru landamerki \u00feeirra st\u00e6rri, en y\u00f0ar landamerki?<a name=\"3\"><span class=\"versanumer\">3<\/span><\/a>Vei y\u00f0ur, sem haldi\u00f0 a\u00f0 hegningardagurinn s\u00e9 hv\u00f6rgi n\u00e6rri, og fl\u00fdti\u00f0 komu hans me\u00f0 rangl\u00e1tum d\u00f3mum:<a name=\"4\"><span class=\"versanumer\">4<\/span><\/a>sem sofi\u00f0 \u00e1 legubekkjum af f\u00edlsbeini, og liggi\u00f0 flatir \u00ed hv\u00edlur\u00famum y\u00f0rum, eti\u00f0 feit l\u00f6mb af sau\u00f0ahj\u00f6r\u00f0inni, og alik\u00e1lfa \u00far st\u00edunni:<a name=\"5\"><span class=\"versanumer\">5<\/span><\/a>sem syngi\u00f0 undir me\u00f0 h\u00f6rpunni, og finni\u00f0 upp hlj\u00f3\u00f0f\u00e6ri, sem Dav\u00ed\u00f0:<a name=\"6\"><span class=\"versanumer\">6<\/span><\/a>drekki\u00f0 v\u00edn af bikurum <span class='VideyAth'>(skaftkerum)<\/span>, smyrji\u00f0 y\u00f0ur me\u00f0 d\u00fdrasta vi\u00f0smj\u00f6ri, \u00e1n \u00feess tj\u00f3n J\u00f3seps\u00e6ttar renni y\u00f0ur til rifja.<a name=\"7\"><span class=\"versanumer\">7<\/span><\/a>\u00deessa vegna skulu \u00feeir br\u00e1\u00f0um herleiddir ver\u00f0a \u00e1 undan \u00f6\u00f0rum \u00fatleg\u00f0arm\u00f6nnum, og \u00fe\u00e1 skal fagna\u00f0ar\u00f3p s\u00e6lkeranna \u00feagna.<br \/><a name=\"8\"><span class=\"versanumer\">8<\/span><\/a>Drottinn alvaldur hefir svari\u00f0 vi\u00f0 sj\u00e1lfan sig, segir Drottinn, Gu\u00f0 allsherjar: eg hefi vi\u00f0bj\u00f3\u00f0 \u00e1 ofmetna\u00f0i Jakobs\u00e6ttar; eg hata hennar hallir; eg vil selja borgina, og allt sem innan borgar er, \u00ed hers hendur.<a name=\"9\"><span class=\"versanumer\">9<\/span><\/a>\u00de\u00e1 mun svo fara, a\u00f0 ver\u00f0i t\u00edu menn eftir \u00ed einu h\u00fasi, \u00fe\u00e1 skulu \u00feeir allir deyja;<a name=\"10\"><span class=\"versanumer\">10<\/span><\/a>og \u00feegar einhv\u00f6r \u00e6ttingi e\u00f0a l\u00edkbrennuma\u00f0ur tekur upp beinin, til a\u00f0 f\u00e6ra \u00feau \u00fat af h\u00fasinu, og spyr einhv\u00f6rn, sem liggur \u00ed afkima h\u00fassins: \u201eeru nokkurir fleiri hj\u00e1 \u00fe\u00e9r?\u201c \u00de\u00e1 mun s\u00e1 svara: \u201eenginn!\u201c \u00de\u00e1 mun hinn segja: \u201ehaf hlj\u00f3tt um \u00feig! \u00fev\u00ed h\u00e9r er eigi sta\u00f0ur til a\u00f0 lofa nafn Drottins\u201c.<a name=\"11\"><span class=\"versanumer\">11<\/span><\/a>\u00dev\u00ed sj\u00e1! Drottinn b\u00fd\u00f0ur, og \u00feegar mun <span class='VideyAth'>(\u00f3vinurinn)<\/span> lj\u00f3sta hi\u00f0 meira h\u00fasi\u00f0, svo \u00fea\u00f0 skal hrynja, og hi\u00f0 minna h\u00fasi\u00f0, svo \u00fea\u00f0 skal rifna.<a name=\"12\"><span class=\"versanumer\">12<\/span><\/a>Geta hestar hlaupi\u00f0 \u00e1 klettum, e\u00f0a erja menn \u00fear me\u00f0 uxum? \u00dev\u00ed \u00fe\u00e9r umhverfi\u00f0 lagar\u00e9ttinum \u00ed eitur, og \u00e1v\u00f6xtum r\u00e9ttv\u00edsinnar \u00ed \u00f3lyfjan:<a name=\"13\"><span class=\"versanumer\">13<\/span><\/a>\u00fe\u00e9r gle\u00f0jist yfir \u00fev\u00ed sem ekkert er, og segi\u00f0: hefir oss ekki vaxi\u00f0 styrkur s\u00f6kum har\u00f0fengi vorrar?<a name=\"14\"><span class=\"versanumer\">14<\/span><\/a>\u00dev\u00ed sj\u00e1i\u00f0! eg vil hefja eina \u00fej\u00f3\u00f0 m\u00f3ti y\u00f0ur, \u00cdsraelsmenn, segir Drottinn, Gu\u00f0 allsherjar, og s\u00fa \u00fej\u00f3\u00f0 skal b\u00e6gja y\u00f0ur fr\u00e1 Hamatsborg og allt a\u00f0 l\u00e6knum \u00e1 sl\u00e9ttlendinu, <span class='VideyAth'>(1 K\u00f3ng. 8,65)<\/span>.<\/p>\n<div class=\"footnoteVidey\"><\/div>\n","protected":false},"excerpt":{"rendered":"<p>Amos h\u00f3tar \u00cdsraelsm\u00f6nnum hegningu Gu\u00f0s fyrir \u00feeirra rangsleitni, s\u00e6ll\u00edfi og ofmetna\u00f0. 1Vei hinum andvaralausu \u00e1 S\u00edonsfjalli, og hinum grannlausu \u00e1 Samar\u00edufjalli, h\u00f6f\u00f0ingjum hinnar \u00e1g\u00e6tustu \u00fej\u00f3\u00f0ar, hj\u00e1 hv\u00f6rjum \u00cdsraelsmenn halda samkomur s\u00ednar.2Fari\u00f0 yfir til Kalneborgar, og litist um! Gangi\u00f0 \u00fea\u00f0an til Hemats, hinnar miklu borgar! Fari\u00f0 ofan \u00fea\u00f0an til Gatsborgar \u00ed Filistalandi! eru \u00fe\u00e6r voldugri, en \u00feessi r\u00edki? Eru landamerki \u00feeirra st\u00e6rri, en y\u00f0ar landamerki?3Vei y\u00f0ur, sem haldi\u00f0 a\u00f0 hegningardagurinn s\u00e9 hv\u00f6rgi n\u00e6rri, og fl\u00fdti\u00f0 komu hans me\u00f0 rangl\u00e1tum d\u00f3mum:4sem sofi\u00f0 \u00e1 legubekkjum af f\u00edlsbeini, og liggi\u00f0 flatir \u00ed hv\u00edlur\u00famum y\u00f0rum, eti\u00f0 feit l\u00f6mb af sau\u00f0ahj\u00f6r\u00f0inni, og alik\u00e1lfa \u00far st\u00edunni:5sem syngi\u00f0 <a href=\"https:\/\/biblian.is\/videy\/amos-6-kafli\/\"> [&#8230;]<\/a><\/p>\n","protected":false},"author":1,"featured_media":0,"parent":0,"menu_order":0,"comment_status":"open","ping_status":"open","template":"bibliukaflar.php","meta":{"footnotes":""},"class_list":["post-21734","page","type-page","status-publish","hentry"],"_links":{"self":[{"href":"https:\/\/biblian.is\/videy\/wp-json\/wp\/v2\/pages\/21734","targetHints":{"allow":["GET"]}}],"collection":[{"href":"https:\/\/biblian.is\/videy\/wp-json\/wp\/v2\/pages"}],"about":[{"href":"https:\/\/biblian.is\/videy\/wp-json\/wp\/v2\/types\/page"}],"author":[{"embeddable":true,"href":"https:\/\/biblian.is\/videy\/wp-json\/wp\/v2\/users\/1"}],"replies":[{"embeddable":true,"href":"https:\/\/biblian.is\/videy\/wp-json\/wp\/v2\/comments?post=21734"}],"version-history":[{"count":0,"href":"https:\/\/biblian.is\/videy\/wp-json\/wp\/v2\/pages\/21734\/revisions"}],"wp:attachment":[{"href":"https:\/\/biblian.is\/videy\/wp-json\/wp\/v2\/media?parent=21734"}],"curies":[{"name":"wp","href":"https:\/\/api.w.org\/{rel}","templated":true}]}}