{"id":21729,"date":"2018-01-02T01:03:38","date_gmt":"2018-01-02T01:03:38","guid":{"rendered":"http:\/\/biblian.is\/videy\/amos-1-kafli\/"},"modified":"2018-01-02T01:03:38","modified_gmt":"2018-01-02T01:03:38","slug":"amos-1-kafli","status":"publish","type":"page","link":"https:\/\/biblian.is\/videy\/amos-1-kafli\/","title":{"rendered":"Amos 1. kafli"},"content":{"rendered":"<div class=\"fyrirsognVidey\">Amos l\u00fdsir Gu\u00f0s hegningu yfir Dammaskusborg, Filistum, T\u00fdrusborg, Edomsm\u00f6nnum og Ammonsm\u00f6nnum.<\/div>\n<p><a name=\"1\"><span class=\"versanumer\">1<\/span><\/a>\u00deessir eru sp\u00e1d\u00f3mar \u00feeir, er Amos, fj\u00e1rhir\u00f0ir fr\u00e1 Tek\u00f3a, sp\u00e1\u00f0i um \u00cdsraelsr\u00edki \u00e1 d\u00f6gum Us\u00edass, konungs \u00ed J\u00fadar\u00edki, og \u00e1 d\u00f6gum Jer\u00f3b\u00f3ams J\u00f3assonar, konungs \u00ed \u00cdsraelsr\u00edki, tveimur \u00e1rum fyrir jar\u00f0skj\u00e1lftann <span class='VideyAth'>(Sak. 14, 5)<\/span>.<a name=\"2\"><span class=\"versanumer\">2<\/span><\/a>Hann sag\u00f0i: Drottinn mun kalla me\u00f0 lj\u00f3nsr\u00f6ddu af S\u00edonsfjalli, og hefja upp s\u00edna <span class='VideyAth'>(\u00ferumu)<\/span>raust fr\u00e1 Jer\u00fasalemsborg; beitarl\u00f6nd fj\u00e1rhir\u00f0aranna skulu s\u00fdta, og toppurinn \u00e1 Karmelsfjalli skulu uppskr\u00e6lna.<a name=\"3\"><span class=\"versanumer\">3<\/span><\/a>Svo segir Drottinn: s\u00f6kum \u00feriggja synda Dammaskusborgar manna hefi eg \u00e1sett m\u00e9r a\u00f0 hegna \u00feeim, en s\u00f6kum hinnar fj\u00f3r\u00f0u skal eg ekki l\u00e1ta hegninguna undan ganga: \u00fev\u00ed \u00feeir dr\u00f3gu \u00fereskivagna af j\u00e1rni yfir Gilea\u00f0smenn.<a name=\"4\"><span class=\"versanumer\">4<\/span><\/a>\u00deess vegna skal eg skj\u00f3ta eldi \u00ed h\u00fas Hasaels, og hann skal ey\u00f0a h\u00f6llum Benhadads.<a name=\"5\"><span class=\"versanumer\">5<\/span><\/a>Eg skal brj\u00f3ta slagbranda Dammaskusborgar, eg skal ey\u00f0a innbyggjendunum \u00ed Avensdal og \u00feeim sem ber veldissprotann \u00ed Beteden, og S\u00fdrlendingar skulu herleiddir ver\u00f0a til K\u00edrlands, segir Drottinn.<br \/><a name=\"6\"><span class=\"versanumer\">6<\/span><\/a>Svo segir Drottinn: s\u00f6kum \u00feriggja synda Gasaborgar manna hefi eg \u00e1sett m\u00e9r a\u00f0 hegna \u00feeim, en s\u00f6kum hinnar fj\u00f3r\u00f0u vil eg eigi l\u00e1ta hegninguna undanganga, fyrir \u00fea\u00f0 a\u00f0 \u00feeir herleiddu fri\u00f0sama \u00fej\u00f3\u00f0, til \u00feess a\u00f0 selja hana \u00ed hendur Edomsm\u00f6nnum.<a name=\"7\"><span class=\"versanumer\">7<\/span><\/a>\u00deess vegna skal eg skj\u00f3ta eldi \u00ed m\u00farvegg Gasaborgar, og hann skal ey\u00f0a hennar h\u00f6llum;<a name=\"8\"><span class=\"versanumer\">8<\/span><\/a>eg skal ey\u00f0a innb\u00faum Asdodsborgar, og \u00feeim sem ber veldissprotann \u00ed Askalonsborg; eg skal sn\u00faa hendi minni \u00ed gegn Ekronsborg, og \u00feeir, sem eftir eru af Filistum, skulu undir lok l\u00ed\u00f0a, segir Drottinn alvaldur.<br \/><a name=\"9\"><span class=\"versanumer\">9<\/span><\/a>Svo segir Drottinn: s\u00f6kum \u00feriggja synda Tyrusborgar manna hefi eg \u00e1sett m\u00e9r a\u00f0 hegna \u00feeim, en s\u00f6kum hinnar fj\u00f3r\u00f0u skal eg eigi l\u00e1ta hegninguna undanganga, af \u00fev\u00ed \u00feeir seldu fri\u00f0sama menn, sem \u00feeir h\u00f6f\u00f0u herteki\u00f0, \u00ed hendur Edomsm\u00f6nnum, \u00e1n \u00feess a\u00f0 muna til \u00feess, a\u00f0 \u00feeir h\u00f6f\u00f0u gj\u00f6rt vi\u00f0 \u00fe\u00e1 vin\u00e1ttus\u00e1ttm\u00e1l.<a name=\"10\"><span class=\"versanumer\">10<\/span><\/a>\u00deess vegna skal eg eldi skj\u00f3ta \u00ed m\u00farvegg T\u00fdrusborgar, og hann skal ey\u00f0a hennar h\u00f6llum.<br \/><a name=\"11\"><span class=\"versanumer\">11<\/span><\/a>Svo segir Drottinn: s\u00f6kum \u00feriggja synda Edomsmanna hefi eg \u00e1sett m\u00e9r a\u00f0 hegna \u00feeim, en s\u00f6kum hinnar fj\u00f3r\u00f0u skal eg ekki l\u00e1ta hegninguna undanganga, af \u00fev\u00ed \u00feeir ofs\u00e6kja br\u00e6\u00f0ur s\u00edna me\u00f0 sver\u00f0i \u00e1n allrar me\u00f0aumkvunar, af \u00fev\u00ed \u00feeir sundurr\u00edfa \u00e6 og \u00e6 \u00ed rei\u00f0i sinni, og geyma heift s\u00edna \u00e6vinlega.<a name=\"12\"><span class=\"versanumer\">12<\/span><\/a>\u00deess vegna skal eg skj\u00f3ta eldi \u00ed Temansborg, og hann skal ey\u00f0a h\u00f6llum Bosraborgar.<br \/><a name=\"13\"><span class=\"versanumer\">13<\/span><\/a>Svo segir Drottinn: s\u00f6kum \u00feriggja synda Ammonsmanna hefi eg \u00e1sett m\u00e9r a\u00f0 hegna \u00feeim, en s\u00f6kum hinnar fj\u00f3r\u00f0u skal eg ekki l\u00e1ta hegninguna undanganga, af \u00fev\u00ed \u00feeir kvi\u00f0ristu \u00f3l\u00e9ttar konur \u00ed G\u00edlea\u00f0, til \u00feess a\u00f0 f\u00e6ra \u00fat landamerki s\u00edn.<a name=\"14\"><span class=\"versanumer\">14<\/span><\/a>\u00deess vegna skal eg kveikja eld \u00ed m\u00farvegg Rabbaborgar, og hann skal ey\u00f0a hennar h\u00f6llum, \u00feegar her\u00f3pi\u00f0 ver\u00f0ur \u00e6pt \u00e1 degi styrjaldarinnar, \u00feegar stormurinn geisar \u00e1 degi fellibyljanna;<a name=\"15\"><span class=\"versanumer\">15<\/span><\/a>og Malkom <span class='VideyAth'>(Jer. 49,1.3. Seff. 1,5)<\/span> skal \u00far landi herleiddur ver\u00f0a, og h\u00f6f\u00f0ingjar hans me\u00f0 honum, segir Drottinn.<\/p>\n<div class=\"footnoteVidey\">V. 3. S\u00f6kum \u00feriggja synda\u2014s\u00f6kum hinnar fj\u00f3r\u00f0u (syndar), \u00e1kve\u00f0in tala \u00ed sta\u00f0in fyrir \u00f3\u00e1kve\u00f0na; meiningin er: af \u00fev\u00ed borgarmennirnir hafa oftlega syndga\u00f0 og ekki vilja\u00f0 af l\u00e1ta, \u00fe\u00e1 vill Gu\u00f0 ekki lengur \u00feola \u00feeim sl\u00edkan syndsamlegan lifna\u00f0 \u00f3hegndan.<\/div>\n","protected":false},"excerpt":{"rendered":"<p>Amos l\u00fdsir Gu\u00f0s hegningu yfir Dammaskusborg, Filistum, T\u00fdrusborg, Edomsm\u00f6nnum og Ammonsm\u00f6nnum. 1\u00deessir eru sp\u00e1d\u00f3mar \u00feeir, er Amos, fj\u00e1rhir\u00f0ir fr\u00e1 Tek\u00f3a, sp\u00e1\u00f0i um \u00cdsraelsr\u00edki \u00e1 d\u00f6gum Us\u00edass, konungs \u00ed J\u00fadar\u00edki, og \u00e1 d\u00f6gum Jer\u00f3b\u00f3ams J\u00f3assonar, konungs \u00ed \u00cdsraelsr\u00edki, tveimur \u00e1rum fyrir jar\u00f0skj\u00e1lftann (Sak. 14, 5).2Hann sag\u00f0i: Drottinn mun kalla me\u00f0 lj\u00f3nsr\u00f6ddu af S\u00edonsfjalli, og hefja upp s\u00edna (\u00ferumu)raust fr\u00e1 Jer\u00fasalemsborg; beitarl\u00f6nd fj\u00e1rhir\u00f0aranna skulu s\u00fdta, og toppurinn \u00e1 Karmelsfjalli skulu uppskr\u00e6lna.3Svo segir Drottinn: s\u00f6kum \u00feriggja synda Dammaskusborgar manna hefi eg \u00e1sett m\u00e9r a\u00f0 hegna \u00feeim, en s\u00f6kum hinnar fj\u00f3r\u00f0u skal eg ekki l\u00e1ta hegninguna undan ganga: \u00fev\u00ed \u00feeir dr\u00f3gu \u00fereskivagna af j\u00e1rni <a href=\"https:\/\/biblian.is\/videy\/amos-1-kafli\/\"> [&#8230;]<\/a><\/p>\n","protected":false},"author":1,"featured_media":0,"parent":0,"menu_order":0,"comment_status":"open","ping_status":"open","template":"bibliukaflar.php","meta":{"footnotes":""},"class_list":["post-21729","page","type-page","status-publish","hentry"],"_links":{"self":[{"href":"https:\/\/biblian.is\/videy\/wp-json\/wp\/v2\/pages\/21729","targetHints":{"allow":["GET"]}}],"collection":[{"href":"https:\/\/biblian.is\/videy\/wp-json\/wp\/v2\/pages"}],"about":[{"href":"https:\/\/biblian.is\/videy\/wp-json\/wp\/v2\/types\/page"}],"author":[{"embeddable":true,"href":"https:\/\/biblian.is\/videy\/wp-json\/wp\/v2\/users\/1"}],"replies":[{"embeddable":true,"href":"https:\/\/biblian.is\/videy\/wp-json\/wp\/v2\/comments?post=21729"}],"version-history":[{"count":0,"href":"https:\/\/biblian.is\/videy\/wp-json\/wp\/v2\/pages\/21729\/revisions"}],"wp:attachment":[{"href":"https:\/\/biblian.is\/videy\/wp-json\/wp\/v2\/media?parent=21729"}],"curies":[{"name":"wp","href":"https:\/\/api.w.org\/{rel}","templated":true}]}}