{"id":21722,"date":"2018-01-02T01:03:38","date_gmt":"2018-01-02T01:03:38","guid":{"rendered":"http:\/\/biblian.is\/videy\/hosea-11-kafli\/"},"modified":"2018-01-02T01:03:38","modified_gmt":"2018-01-02T01:03:38","slug":"hosea-11-kafli","status":"publish","type":"page","link":"https:\/\/biblian.is\/videy\/hosea-11-kafli\/","title":{"rendered":"H\u00f3sea 11. kafli"},"content":{"rendered":"<div class=\"fyrirsognVidey\">H\u00f3seas l\u00fdsir Gu\u00f0s handlei\u00f0slu \u00e1 Gy\u00f0ingum, \u00feeirra van\u00feakkl\u00e6ti vi\u00f0 Gu\u00f0, og \u00feeirri hegningu, sem \u00feeir \u00e1ttu \u00ed v\u00e6ndum; miskunn Gu\u00f0s, a\u00f0 hann hegnir eigi Gy\u00f0ingum, nema til \u00feess a\u00f0 betra \u00fe\u00e1.<\/div>\n<p><a name=\"1\"><span class=\"versanumer\">1<\/span><\/a>Me\u00f0an \u00cdsraelsl\u00fd\u00f0ur var ungur, haf\u00f0i eg hann k\u00e6ran, og eg kalla\u00f0i \u00feenna son minn af Egyptalandi.<a name=\"2\"><span class=\"versanumer\">2<\/span><\/a>En \u00fev\u00ed oftar sem til \u00feeirra var kalla\u00f0, \u00fev\u00ed heldur sneru \u00feeir s\u00e9r undan: \u00deeir f\u00e6r\u00f0u Baalsgo\u00f0um f\u00f3rnir og brenndu reykelsi fyrir go\u00f0al\u00edkneskjum.<a name=\"3\"><span class=\"versanumer\">3<\/span><\/a>Eg kenndi Efraim a\u00f0 ganga, eg h\u00e9lt um armleggi \u00feeirra; en \u00feeir vildu ekki vi\u00f0 \u00fea\u00f0 kannast, a\u00f0 eg v\u00e6ri s\u00e1, sem styrkti \u00fe\u00e1.<a name=\"4\"><span class=\"versanumer\">4<\/span><\/a>Eg leiddi \u00fe\u00e1 \u00ed mannlegum b\u00f6ndum, eg haf\u00f0i \u00e1 \u00feeim taumhald k\u00e6rleikans: eg f\u00f3r a\u00f0 \u00feeim, eins og s\u00e1 sem lyftir upp okinu, tekur \u00fea\u00f0 fram af gripnum, l\u00fdtur ni\u00f0ur a\u00f0 honum, og gefur honum f\u00e6\u00f0u.<a name=\"5\"><span class=\"versanumer\">5<\/span><\/a>Efraims\u00e6tt skal ekki aftur hverfa til Egyptalands, heldur skal Assyr\u00edukonungur vera konungur \u00feeirra, fyrst \u00feeir treg\u00f0ast vi\u00f0 a\u00f0 sn\u00faa s\u00e9r.<a name=\"6\"><span class=\"versanumer\">6<\/span><\/a>Sver\u00f0i\u00f0 skal brj\u00f3tast inn \u00ed borgir \u00feeirra, fella h\u00f6fu\u00f0smenn \u00feeirra, og ey\u00f0a \u00feeim s\u00f6kum \u00feeirra r\u00e1\u00f0abruggs.<a name=\"7\"><span class=\"versanumer\">7<\/span><\/a>\u00dev\u00ed mitt f\u00f3lk leitar lags a\u00f0 falla fr\u00e1 m\u00e9r; \u00fe\u00f3 \u00fev\u00ed s\u00e9 sagt a\u00f0 hefja sig \u00ed h\u00e6\u00f0irnar, \u00fe\u00e1 reisir sig samt enginn upp.<br \/><a name=\"8\"><span class=\"versanumer\">8<\/span><\/a>Hv\u00f6rsu skal eg me\u00f0 \u00feig fara, Efraims\u00e6tt? \u00c1 eg a\u00f0 selja \u00feig \u00ed hers hendur, \u00cdsraelsl\u00fd\u00f0ur? \u00e1 eg a\u00f0 \u00fatleika \u00feig eins og Admaborg, og fara me\u00f0 \u00feig eins og Seb\u00f3imsborg <span class='VideyAth'>(5 M\u00f3s. 29, 23)<\/span>? Mitt hjarta vitnar \u00ed m\u00e9r, og me\u00f0aumkvun tekur til a\u00f0 hreyfa s\u00e9r hj\u00e1 m\u00e9r;<a name=\"9\"><span class=\"versanumer\">9<\/span><\/a>eg vil ekki fram fara eftir minni brennandi rei\u00f0i, eg vil ekki sn\u00faa m\u00e9r til a\u00f0 afm\u00e1 Efraims\u00e6tt: \u00fev\u00ed eg er Gu\u00f0, en ekki ma\u00f0ur, eins og \u00fe\u00ednir l\u00edkar: eg er heilagur, og vil \u00fev\u00ed ekki inn \u00ed borgina ganga.<a name=\"10\"><span class=\"versanumer\">10<\/span><\/a>\u00deeir munu <span class='VideyAth'>(s\u00ed\u00f0ar meir)<\/span> fylgja Drottni, \u00feegar hann kallar me\u00f0 lj\u00f3nsr\u00f6ddu; <span class='VideyAth'>(eins og lj\u00f3n \u00f6skri)<\/span>; \u00fev\u00ed kalla mun hann, og \u00fe\u00e1 munu b\u00f6rnin \u00fej\u00f3ta fr\u00e1 vestri,<a name=\"11\"><span class=\"versanumer\">11<\/span><\/a>\u00feau munu \u00fej\u00f3ta fr\u00e1 Egyptalandi, sem fuglar, og fr\u00e1 Assyr\u00edalandi, sem d\u00fafur, og \u00fe\u00e1 skal eg f\u00e1 \u00feeim aftur h\u00edb\u00fdli s\u00edn til \u00edb\u00fa\u00f0ar, segir Drottinn.<\/p>\n<div class=\"footnoteVidey\">V. 10. B\u00f6rnin, \u00fe. e. \u00feeir af Gy\u00f0ingum, sem h\u00f6f\u00f0u b\u00e6tt r\u00e1\u00f0 sitt, og voru or\u00f0nir s\u00f6nn Gu\u00f0s b\u00f6rn.<\/div>\n","protected":false},"excerpt":{"rendered":"<p>H\u00f3seas l\u00fdsir Gu\u00f0s handlei\u00f0slu \u00e1 Gy\u00f0ingum, \u00feeirra van\u00feakkl\u00e6ti vi\u00f0 Gu\u00f0, og \u00feeirri hegningu, sem \u00feeir \u00e1ttu \u00ed v\u00e6ndum; miskunn Gu\u00f0s, a\u00f0 hann hegnir eigi Gy\u00f0ingum, nema til \u00feess a\u00f0 betra \u00fe\u00e1. 1Me\u00f0an \u00cdsraelsl\u00fd\u00f0ur var ungur, haf\u00f0i eg hann k\u00e6ran, og eg kalla\u00f0i \u00feenna son minn af Egyptalandi.2En \u00fev\u00ed oftar sem til \u00feeirra var kalla\u00f0, \u00fev\u00ed heldur sneru \u00feeir s\u00e9r undan: \u00deeir f\u00e6r\u00f0u Baalsgo\u00f0um f\u00f3rnir og brenndu reykelsi fyrir go\u00f0al\u00edkneskjum.3Eg kenndi Efraim a\u00f0 ganga, eg h\u00e9lt um armleggi \u00feeirra; en \u00feeir vildu ekki vi\u00f0 \u00fea\u00f0 kannast, a\u00f0 eg v\u00e6ri s\u00e1, sem styrkti \u00fe\u00e1.4Eg leiddi \u00fe\u00e1 \u00ed mannlegum b\u00f6ndum, eg haf\u00f0i \u00e1 <a href=\"https:\/\/biblian.is\/videy\/hosea-11-kafli\/\"> [&#8230;]<\/a><\/p>\n","protected":false},"author":1,"featured_media":0,"parent":0,"menu_order":0,"comment_status":"open","ping_status":"open","template":"bibliukaflar.php","meta":{"footnotes":""},"class_list":["post-21722","page","type-page","status-publish","hentry"],"_links":{"self":[{"href":"https:\/\/biblian.is\/videy\/wp-json\/wp\/v2\/pages\/21722","targetHints":{"allow":["GET"]}}],"collection":[{"href":"https:\/\/biblian.is\/videy\/wp-json\/wp\/v2\/pages"}],"about":[{"href":"https:\/\/biblian.is\/videy\/wp-json\/wp\/v2\/types\/page"}],"author":[{"embeddable":true,"href":"https:\/\/biblian.is\/videy\/wp-json\/wp\/v2\/users\/1"}],"replies":[{"embeddable":true,"href":"https:\/\/biblian.is\/videy\/wp-json\/wp\/v2\/comments?post=21722"}],"version-history":[{"count":0,"href":"https:\/\/biblian.is\/videy\/wp-json\/wp\/v2\/pages\/21722\/revisions"}],"wp:attachment":[{"href":"https:\/\/biblian.is\/videy\/wp-json\/wp\/v2\/media?parent=21722"}],"curies":[{"name":"wp","href":"https:\/\/api.w.org\/{rel}","templated":true}]}}