{"id":21718,"date":"2018-01-02T01:03:38","date_gmt":"2018-01-02T01:03:38","guid":{"rendered":"http:\/\/biblian.is\/videy\/hosea-7-kafli\/"},"modified":"2018-01-02T01:03:38","modified_gmt":"2018-01-02T01:03:38","slug":"hosea-7-kafli","status":"publish","type":"page","link":"https:\/\/biblian.is\/videy\/hosea-7-kafli\/","title":{"rendered":"H\u00f3sea 7. kafli"},"content":{"rendered":"<div class=\"fyrirsognVidey\">H\u00f3seas l\u00fdsir gu\u00f0leysi \u00cdsraelsmanna, flokkadr\u00e1ttum, upphlaupum, aft\u00f6kum konunga og alls kyns \u00f3d\u00e1\u00f0um.<\/div>\n<p><a name=\"1\"><span class=\"versanumer\">1<\/span><\/a>\u00deegar eg fer a\u00f0 vi\u00f0r\u00e9tta hag m\u00edns f\u00f3lks og gr\u00e6\u00f0a mein \u00cdsraelsmanna, \u00fe\u00e1 munu berir ver\u00f0a gl\u00e6pir Efraims \u00e6ttkv\u00edslar og vonskuverk Samar\u00edu: \u00fev\u00ed \u00feeir fara me\u00f0 lygar; \u00fej\u00f3far l\u00e6\u00f0ast inn \u00ed h\u00fasin, og r\u00e6ningjasveitir brj\u00f3tast inn \u00e1 str\u00e6tin.<a name=\"2\"><span class=\"versanumer\">2<\/span><\/a>Samt kemur \u00feeim ekki til hugar, a\u00f0 eg muni gefa g\u00e6tur a\u00f0 hinni miklu vonsku \u00feeirra; en\u2014n\u00fa \u00feyrpast verk \u00feeirra hringinn \u00ed kring um \u00fe\u00e1, og standa \u00f6ndver\u00f0 fyrir augum m\u00e9r.<a name=\"3\"><span class=\"versanumer\">3<\/span><\/a>\u00deeir gamna konunginum me\u00f0 illverkum s\u00ednum, og h\u00f6f\u00f0ingjunum me\u00f0 s\u00ednum lygum.<a name=\"4\"><span class=\"versanumer\">4<\/span><\/a>\u00deeir eru allir h\u00f3rkarlar, <span class='VideyAth'>(og brenna af girndarbruna)<\/span> eins og bakstur ofn, sem bakarinn hefir heitan gj\u00f6rt undir h\u00e1ttat\u00edma, \u00fe\u00e1 hann hefir hno\u00f0a\u00f0 og s\u00fdrt deigi\u00f0.<a name=\"5\"><span class=\"versanumer\">5<\/span><\/a>\u00c1 h\u00e1t\u00ed\u00f0ardegi konungs vors gj\u00f6rast h\u00f6f\u00f0ingjarnir \u00f6l\u00f3\u00f0ir, og hann sj\u00e1lfur r\u00e9ttir g\u00e1rungunum h\u00f6nd s\u00edna.<a name=\"6\"><span class=\"versanumer\">6<\/span><\/a>\u00deeir sn\u00faa huga s\u00ednum til launsvika, l\u00edkir ofni \u00feeim, sem brennur allt til morguns sem logandi eldur, me\u00f0an bakarinn sefur alla n\u00f3ttina.<a name=\"7\"><span class=\"versanumer\">7<\/span><\/a>Allir eru \u00feeir eins og kyntur ofn: \u00feeir fyrirkoma yfirm\u00f6nnum s\u00ednum, allir \u00feeirra konungar falla, og enginn af \u00feeim \u00e1kallar mig.<a name=\"8\"><span class=\"versanumer\">8<\/span><\/a>Efraims \u00e6ttkv\u00edsl leggur lag sitt vi\u00f0 \u00fej\u00f3\u00f0irnar, h\u00fan er l\u00edk k\u00f6ku \u00feeirri, sem ekki er sn\u00fai\u00f0 \u00e1 gl\u00f3\u00f0inni:<a name=\"9\"><span class=\"versanumer\">9<\/span><\/a>\u00fatlendir menn ey\u00f0a hennar styrk, \u00e1n \u00feess h\u00fan gefi \u00fev\u00ed nokkurn gaum; j\u00e1, \u00fe\u00f3 a\u00f0 h\u00e6rur s\u00e9u sprottnar \u00ed h\u00f6f\u00f0i hennar, skeytir h\u00fan \u00fev\u00ed ekki.<a name=\"10\"><span class=\"versanumer\">10<\/span><\/a>Ofmetna\u00f0ur \u00cdsraelsmanna vitnar \u00ed gegn \u00feeim; samt sn\u00faa \u00feeir s\u00e9r ekki til Drottins Gu\u00f0s s\u00edns, allt fyrir \u00fea\u00f0 leita \u00feeir hans ekki.<a name=\"11\"><span class=\"versanumer\">11<\/span><\/a>Efraims\u00e6tt er eins og h\u00e9rvilluleg, hugsunarlaus d\u00fafa: \u00feeir falla \u00e1 Egyptalandsmenn, og fara \u00e1 fund Ass\u00fdr\u00edumanna.<a name=\"12\"><span class=\"versanumer\">12<\/span><\/a>En hv\u00f6rt sem \u00feeir fara, \u00fe\u00e1 vil eg leggja fyri \u00fe\u00e1 net mitt, og steypa \u00feeim ofan, eins og fugli \u00e1 flugi; eg vil tyfta \u00fe\u00e1, eins og \u00feeim hefir kunngj\u00f6rt veri\u00f0 \u00ed \u00feeirra samkundu.<a name=\"13\"><span class=\"versanumer\">13<\/span><\/a>Vei \u00feeim! \u00fev\u00ed \u00feeir fl\u00fdja fyrir m\u00e9r; gl\u00f6tunin er \u00feeim v\u00eds, \u00fev\u00ed \u00feeir hafa brug\u00f0i\u00f0 tr\u00fana\u00f0i vi\u00f0 mig. Eg vildi hafa frelsa\u00f0 \u00fe\u00e1, en \u00feeir m\u00e6ltu lygar \u00ed gegn m\u00e9r.<a name=\"14\"><span class=\"versanumer\">14<\/span><\/a>\u00deeir \u00e1kalla mig ekki af hjarta, \u00fe\u00f3 \u00feeir kveini \u00ed rekkjum s\u00ednum; \u00fea\u00f0 er vegna korns og v\u00ednberjalagar a\u00f0 \u00feeir bera sig aumlega, en m\u00e9r eru \u00feeir fr\u00e1hverfir.<a name=\"15\"><span class=\"versanumer\">15<\/span><\/a>Hv\u00f6rt sem eg tyfta \u00fe\u00e1 e\u00f0a styrki krafta \u00feeirra, eru \u00feeir m\u00e9r samt illvilja\u00f0ir.<a name=\"16\"><span class=\"versanumer\">16<\/span><\/a>\u00deeir sn\u00faa s\u00e9r, en ekki \u00ed h\u00e6\u00f0irnar: \u00feeir eru eins og bogi, sem fer skakkt. H\u00f6f\u00f0ingjarnir \u00feeirra skulu fyrir sver\u00f0i falla fyrir rei\u00f0id\u00f3ma s\u00edna; \u00feannig skulu \u00feeir ver\u00f0a til spotts Egyptalandi.<\/p>\n<div class=\"footnoteVidey\">V. 16. Egyptalandi, hvar \u00feeir leitu\u00f0u trausts.<\/div>\n","protected":false},"excerpt":{"rendered":"<p>H\u00f3seas l\u00fdsir gu\u00f0leysi \u00cdsraelsmanna, flokkadr\u00e1ttum, upphlaupum, aft\u00f6kum konunga og alls kyns \u00f3d\u00e1\u00f0um. 1\u00deegar eg fer a\u00f0 vi\u00f0r\u00e9tta hag m\u00edns f\u00f3lks og gr\u00e6\u00f0a mein \u00cdsraelsmanna, \u00fe\u00e1 munu berir ver\u00f0a gl\u00e6pir Efraims \u00e6ttkv\u00edslar og vonskuverk Samar\u00edu: \u00fev\u00ed \u00feeir fara me\u00f0 lygar; \u00fej\u00f3far l\u00e6\u00f0ast inn \u00ed h\u00fasin, og r\u00e6ningjasveitir brj\u00f3tast inn \u00e1 str\u00e6tin.2Samt kemur \u00feeim ekki til hugar, a\u00f0 eg muni gefa g\u00e6tur a\u00f0 hinni miklu vonsku \u00feeirra; en\u2014n\u00fa \u00feyrpast verk \u00feeirra hringinn \u00ed kring um \u00fe\u00e1, og standa \u00f6ndver\u00f0 fyrir augum m\u00e9r.3\u00deeir gamna konunginum me\u00f0 illverkum s\u00ednum, og h\u00f6f\u00f0ingjunum me\u00f0 s\u00ednum lygum.4\u00deeir eru allir h\u00f3rkarlar, (og brenna af girndarbruna) eins og bakstur <a href=\"https:\/\/biblian.is\/videy\/hosea-7-kafli\/\"> [&#8230;]<\/a><\/p>\n","protected":false},"author":1,"featured_media":0,"parent":0,"menu_order":0,"comment_status":"open","ping_status":"open","template":"bibliukaflar.php","meta":{"footnotes":""},"class_list":["post-21718","page","type-page","status-publish","hentry"],"_links":{"self":[{"href":"https:\/\/biblian.is\/videy\/wp-json\/wp\/v2\/pages\/21718","targetHints":{"allow":["GET"]}}],"collection":[{"href":"https:\/\/biblian.is\/videy\/wp-json\/wp\/v2\/pages"}],"about":[{"href":"https:\/\/biblian.is\/videy\/wp-json\/wp\/v2\/types\/page"}],"author":[{"embeddable":true,"href":"https:\/\/biblian.is\/videy\/wp-json\/wp\/v2\/users\/1"}],"replies":[{"embeddable":true,"href":"https:\/\/biblian.is\/videy\/wp-json\/wp\/v2\/comments?post=21718"}],"version-history":[{"count":0,"href":"https:\/\/biblian.is\/videy\/wp-json\/wp\/v2\/pages\/21718\/revisions"}],"wp:attachment":[{"href":"https:\/\/biblian.is\/videy\/wp-json\/wp\/v2\/media?parent=21718"}],"curies":[{"name":"wp","href":"https:\/\/api.w.org\/{rel}","templated":true}]}}