{"id":21712,"date":"2018-01-02T01:03:38","date_gmt":"2018-01-02T01:03:38","guid":{"rendered":"http:\/\/biblian.is\/videy\/hosea-1-kafli\/"},"modified":"2018-01-02T01:03:38","modified_gmt":"2018-01-02T01:03:38","slug":"hosea-1-kafli","status":"publish","type":"page","link":"https:\/\/biblian.is\/videy\/hosea-1-kafli\/","title":{"rendered":"H\u00f3sea 1. kafli"},"content":{"rendered":"<div class=\"fyrirsognVidey\">H\u00f3seas l\u00fdsir eftirminnilega, hv\u00f6rsu Gy\u00f0inga f\u00f3lk var trygg\u00f0alaust vi\u00f0 Drottin sinn, og hv\u00f6rsu Gu\u00f0 mundi \u00fev\u00ed hegna.<\/div>\n<p><a name=\"1\"><span class=\"versanumer\">1<\/span><\/a>\u00deetta er \u00fea\u00f0 or\u00f0, sem Drottinn tala\u00f0i til H\u00f3seass Ber\u00edsonar, \u00e1 d\u00f6gum \u00das\u00edass, J\u00f3tams, Akafs og Esek\u00edass, J\u00fadar\u00edkis konunga, og \u00e1 d\u00f6gum Jer\u00f3b\u00f3ams J\u00f3assonar, \u00cdsraelskonungs.<a name=\"2\"><span class=\"versanumer\">2<\/span><\/a>Upphaf Drottins or\u00f0a vi\u00f0 H\u00f3seas var \u00feetta: far \u00fe\u00fa, sag\u00f0i Drottinn vi\u00f0 H\u00f3seas, tak til \u00fe\u00edn h\u00f3rkonu nokkura og h\u00f3rb\u00f6rn, \u00fev\u00ed landi\u00f0 dr\u00fdgir h\u00f3rd\u00f3m, og er fr\u00e1sn\u00fai\u00f0 Drottni.<a name=\"3\"><span class=\"versanumer\">3<\/span><\/a>Hann f\u00f3r \u00fe\u00e1, og t\u00f3k G\u00f3meru Diblajimsd\u00f3ttur; h\u00fan var\u00f0 \u00feungu\u00f0 og f\u00e6ddi honum son.<a name=\"4\"><span class=\"versanumer\">4<\/span><\/a>\u00de\u00e1 sag\u00f0i Drottinn til hans: kalla \u00fe\u00fa hann J\u00edsreel <span class='VideyAth'>a)<\/span>, \u00fev\u00ed innan skamms mun eg hefna bl\u00f3\u00f0sektar J\u00edsreels \u00e1 Jeh\u00fas\u00e6tt <span class='VideyAth'>b)<\/span>, og enda gj\u00f6ra \u00e1 konungsr\u00edki \u00cdsraelsmanna;<a name=\"5\"><span class=\"versanumer\">5<\/span><\/a>og \u00e1 \u00feeim sama degi vil eg sundurbrj\u00f3ta boga \u00cdsraelsmanna \u00ed J\u00edsreels dal <span class='VideyAth'>c)<\/span>.<a name=\"6\"><span class=\"versanumer\">6<\/span><\/a>H\u00fan var\u00f0 \u00feungu\u00f0 \u00ed anna\u00f0 sinn, og f\u00e6ddi d\u00f3ttur. \u00de\u00e1 sag\u00f0i Drottinn til hans; kalla \u00fe\u00fa hana L\u00f3r\u00fdk\u00f6mu <span class='VideyAth'>d)<\/span>; \u00fev\u00ed eg vil ekki framar neina me\u00f0aumkvun hafa me\u00f0 \u00cdsraelsm\u00f6nnum, heldur l\u00e1ta \u00fe\u00e1 gjalda sinna misgj\u00f6r\u00f0a;<a name=\"7\"><span class=\"versanumer\">7<\/span><\/a>en me\u00f0 J\u00fadar\u00edkis m\u00f6nnum vil eg me\u00f0aumkvun hafa, og frelsa \u00fe\u00e1 me\u00f0 minni hj\u00e1lp, sem er Drottinn Gu\u00f0 \u00feeirra, en ekki mun eg frelsa \u00fe\u00e1 me\u00f0 bogum, sver\u00f0um, bard\u00f6gum, hestum e\u00f0a riddurum.<a name=\"8\"><span class=\"versanumer\">8<\/span><\/a>\u00de\u00e1 h\u00fan haf\u00f0i vani\u00f0 L\u00f3-r\u00fdk\u00f6mu af brj\u00f3sti var\u00f0 h\u00fan \u00feungu\u00f0 og \u00f3l son.<a name=\"9\"><span class=\"versanumer\">9<\/span><\/a>Og Drottinn sag\u00f0i: l\u00e1t \u00fe\u00fa hann heita L\u00f3-amm\u00ed <span class='VideyAth'>e)<\/span>, \u00fev\u00ed \u00fe\u00e9r eru\u00f0 ekki mitt f\u00f3lk, og eg vil ekki vera y\u00f0ar <span class='VideyAth'>(Gu\u00f0)<\/span>.<\/p>\n<div class=\"footnoteVidey\">V. 4. a. \u00de. e. \u201eDrottinn mun tv\u00edstra\u201c; \u00fe\u00fd\u00f0ing nafnanna \u00e1 a\u00f0 s\u00fdna, til hv\u00f6rs Gy\u00f0ingar h\u00f6f\u00f0u unni\u00f0 fyrir \u00f3trygg\u00f0 s\u00edna vi\u00f0 Gu\u00f0. b. Konungs\u00e6ttin, sem \u00fe\u00e1 r\u00edkti \u00ed \u00cdsrael.  V. 5. c. \u00de. e. eg vil gj\u00f6ra \u00cdsraelsmenn uppn\u00e6ma fyrir \u00f3vinum \u00feeirra.  V. 6. d. L\u00f3-r\u00fdkama, \u00fe. e. s\u00fa sem \u00f6ngva me\u00f0aumkvun ver\u00f0skuldar.  V. 9. e. \u00de. e. ekki mitt f\u00f3lk.<\/div>\n","protected":false},"excerpt":{"rendered":"<p>H\u00f3seas l\u00fdsir eftirminnilega, hv\u00f6rsu Gy\u00f0inga f\u00f3lk var trygg\u00f0alaust vi\u00f0 Drottin sinn, og hv\u00f6rsu Gu\u00f0 mundi \u00fev\u00ed hegna. 1\u00deetta er \u00fea\u00f0 or\u00f0, sem Drottinn tala\u00f0i til H\u00f3seass Ber\u00edsonar, \u00e1 d\u00f6gum \u00das\u00edass, J\u00f3tams, Akafs og Esek\u00edass, J\u00fadar\u00edkis konunga, og \u00e1 d\u00f6gum Jer\u00f3b\u00f3ams J\u00f3assonar, \u00cdsraelskonungs.2Upphaf Drottins or\u00f0a vi\u00f0 H\u00f3seas var \u00feetta: far \u00fe\u00fa, sag\u00f0i Drottinn vi\u00f0 H\u00f3seas, tak til \u00fe\u00edn h\u00f3rkonu nokkura og h\u00f3rb\u00f6rn, \u00fev\u00ed landi\u00f0 dr\u00fdgir h\u00f3rd\u00f3m, og er fr\u00e1sn\u00fai\u00f0 Drottni.3Hann f\u00f3r \u00fe\u00e1, og t\u00f3k G\u00f3meru Diblajimsd\u00f3ttur; h\u00fan var\u00f0 \u00feungu\u00f0 og f\u00e6ddi honum son.4\u00de\u00e1 sag\u00f0i Drottinn til hans: kalla \u00fe\u00fa hann J\u00edsreel a), \u00fev\u00ed innan skamms mun eg hefna bl\u00f3\u00f0sektar J\u00edsreels \u00e1 <a href=\"https:\/\/biblian.is\/videy\/hosea-1-kafli\/\"> [&#8230;]<\/a><\/p>\n","protected":false},"author":1,"featured_media":0,"parent":0,"menu_order":0,"comment_status":"open","ping_status":"open","template":"bibliukaflar.php","meta":{"footnotes":""},"class_list":["post-21712","page","type-page","status-publish","hentry"],"_links":{"self":[{"href":"https:\/\/biblian.is\/videy\/wp-json\/wp\/v2\/pages\/21712","targetHints":{"allow":["GET"]}}],"collection":[{"href":"https:\/\/biblian.is\/videy\/wp-json\/wp\/v2\/pages"}],"about":[{"href":"https:\/\/biblian.is\/videy\/wp-json\/wp\/v2\/types\/page"}],"author":[{"embeddable":true,"href":"https:\/\/biblian.is\/videy\/wp-json\/wp\/v2\/users\/1"}],"replies":[{"embeddable":true,"href":"https:\/\/biblian.is\/videy\/wp-json\/wp\/v2\/comments?post=21712"}],"version-history":[{"count":0,"href":"https:\/\/biblian.is\/videy\/wp-json\/wp\/v2\/pages\/21712\/revisions"}],"wp:attachment":[{"href":"https:\/\/biblian.is\/videy\/wp-json\/wp\/v2\/media?parent=21712"}],"curies":[{"name":"wp","href":"https:\/\/api.w.org\/{rel}","templated":true}]}}