{"id":21707,"date":"2018-01-02T01:03:30","date_gmt":"2018-01-02T01:03:30","guid":{"rendered":"http:\/\/biblian.is\/videy\/daniel-8-kafli\/"},"modified":"2018-01-02T01:03:30","modified_gmt":"2018-01-02T01:03:30","slug":"daniel-8-kafli","status":"publish","type":"page","link":"https:\/\/biblian.is\/videy\/daniel-8-kafli\/","title":{"rendered":"Dan\u00edel 8. kafli"},"content":{"rendered":"<div class=\"fyrirsognVidey\">Draumur Dan\u00edels um hr\u00fatinn og kjarnhafurinn.<\/div>\n<p><a name=\"1\"><span class=\"versanumer\">1<\/span><\/a>\u00c1 \u00feri\u00f0ja \u00e1ri r\u00edkis Beltsasars konungs, birtist m\u00e9r Dan\u00edel s\u00fdn, eftir \u00fev\u00ed sem m\u00e9r haf\u00f0i vitrast \u00ed fyrstunni.<a name=\"2\"><span class=\"versanumer\">2<\/span><\/a>\u00deegar eg s\u00e1 \u00feessa s\u00fdn, var eg \u00ed borginni S\u00fasan \u00ed Elamsh\u00e9ra\u00f0i, en \u00fe\u00e1 s\u00fdnina bar fyrir mig, var eg staddur vi\u00f0 flj\u00f3ti\u00f0 Ulai.<a name=\"3\"><span class=\"versanumer\">3<\/span><\/a>Eg h\u00f3f upp m\u00edn augu, og leit hr\u00fat nokkurn standa fram vi\u00f0 flj\u00f3ti\u00f0, hann var tv\u00edhyrndur, og h\u00e1 hornin, og \u00fe\u00f3 anna\u00f0 h\u00e6rra en anna\u00f0, og spratt h\u00e6rra horni\u00f0 s\u00ed\u00f0ar upp.<a name=\"4\"><span class=\"versanumer\">4<\/span><\/a>Eg s\u00e1 hr\u00fatinn stanga hornum m\u00f3t vestri, nor\u00f0ri og su\u00f0ri; ekkert d\u00fdr gat vi\u00f0 honum sta\u00f0ist, og enginn gat frelsa\u00f0 nokkurn undan valdi hans; hann gj\u00f6r\u00f0i hva\u00f0 honum leist, og l\u00e9t drembilega.<a name=\"5\"><span class=\"versanumer\">5<\/span><\/a>En sem eg gaf betur g\u00e6tur a\u00f0, s\u00e1 eg a\u00f0 kjarnhafur nokkur kom vestan, hann lei\u00f0 yfir alla j\u00f6r\u00f0ina, \u00e1n \u00feess a\u00f0 koma vi\u00f0 hana; og haf\u00f0i s\u00e1 kjarnhafur st\u00f3rt horn me\u00f0al augnanna;<a name=\"6\"><span class=\"versanumer\">6<\/span><\/a>hann kom allt a\u00f0 tv\u00edhyrnda hr\u00fatnum, sem eg s\u00e1 standa fram vi\u00f0 flj\u00f3ti\u00f0, og rann \u00e1 hann \u00ed heiftar\u00e6\u00f0i.<a name=\"7\"><span class=\"versanumer\">7<\/span><\/a>Eg s\u00e1, a\u00f0 \u00fe\u00e1 hann n\u00e1lga\u00f0ist hr\u00fatinn, illska\u00f0ist hann vi\u00f0 hann og stanga\u00f0i hann, braut b\u00e6\u00f0i horn hans, svo hr\u00faturinn m\u00e1tti \u00f6ngri v\u00f6rn vi\u00f0koma; hann fleyg\u00f0i honum til jar\u00f0ar og tra\u00f0 hann undir, og m\u00e1tti enginn frelsa hr\u00fatinn undan valdi hans.<a name=\"8\"><span class=\"versanumer\">8<\/span><\/a>Kjarnhafur \u00feessi l\u00e9t mj\u00f6g drembilega, en \u00feegar \u00fev\u00ed f\u00f3r h\u00e6st fram, brotna\u00f0i horni\u00f0 mikla, en \u00ed sta\u00f0 \u00feess spratt upp eitthva\u00f0, sem fj\u00f6gur horn v\u00e6ri, gegnt \u00feeim fj\u00f3rum h\u00f6fu\u00f0\u00e1ttum.<a name=\"9\"><span class=\"versanumer\">9<\/span><\/a>\u00dat af einu \u00feeirra spratt d\u00e1l\u00edti\u00f0 horn, sem v\u00f3x \u00f3\u00f0um m\u00f3ti su\u00f0ri og austri, og m\u00f3ti \u00fev\u00ed \u00e1g\u00e6ta landi;<a name=\"10\"><span class=\"versanumer\">10<\/span><\/a>\u00fea\u00f0 v\u00f3x allt upp til himnanna hers, og varpa\u00f0i nokkuru af hernum, \u00fea\u00f0 er stj\u00f6rnunum, til jar\u00f0ar, og tr\u00f3\u00f0 \u00fe\u00e6r undir:<a name=\"11\"><span class=\"versanumer\">11<\/span><\/a>j\u00e1, \u00fea\u00f0 v\u00f3x allt til h\u00f6f\u00f0ingja hersins, svo a\u00f0 hin daglega f\u00f3rn var fr\u00e1 honum tekin, og hans helgid\u00f3msb\u00fasta\u00f0ur ni\u00f0ur rifinn;<a name=\"12\"><span class=\"versanumer\">12<\/span><\/a>\u00fev\u00ed fyrir misgj\u00f6r\u00f0a sakir var herinn og dagsf\u00f3rnin seld \u00e1 vald \u00feess, \u00fea\u00f0 lag\u00f0i sannleikann a\u00f0 velli, og hva\u00f0 sem \u00fea\u00f0 gj\u00f6r\u00f0i, heppna\u00f0ist.<a name=\"13\"><span class=\"versanumer\">13<\/span><\/a>\u00de\u00e1 heyr\u00f0i eg einn heilagan tala, og \u00feessi heilagi m\u00e6lti til einhv\u00f6rs, sem spur\u00f0i: hva\u00f0 \u00e1 h\u00fan s\u00e9r langan aldur, \u00feessi s\u00fdn um hina daglegu f\u00f3rn, um hina sk\u00e6\u00f0u syndarefsingu, og um \u00fea\u00f0 a\u00f0 b\u00e6\u00f0i helgid\u00f3murinn og herinn skuli seljast \u00ed hers hendur til ni\u00f0urtro\u00f0slu?<a name=\"14\"><span class=\"versanumer\">14<\/span><\/a>Hann sag\u00f0i til m\u00edn: \u00fea\u00f0 eru 2300 kv\u00f6ld og morgnar, og \u00fe\u00e1 mun helgid\u00f3murinn frelsa\u00f0ur ver\u00f0a. <br \/><a name=\"15\"><span class=\"versanumer\">15<\/span><\/a>\u00deegar eg, Dan\u00edel, s\u00e1 \u00feessa s\u00fdn, f\u00fdsti mig a\u00f0 vita hva\u00f0 h\u00fan hef\u00f0i a\u00f0 \u00fe\u00fd\u00f0a; og sj\u00e1! \u00fe\u00e1 st\u00f3\u00f0 einhv\u00f6r hj\u00e1 m\u00e9r, \u00e1s\u00fdndar l\u00edkur manni;<a name=\"16\"><span class=\"versanumer\">16<\/span><\/a>og eg heyr\u00f0i fr\u00e1 flj\u00f3tinu Ulaj mannsraust, sem kalla\u00f0i og sag\u00f0i: Gabr\u00edel! \u00fatsk\u00fdr \u00fe\u00fa s\u00fdnina fyrir \u00feessum manni!<a name=\"17\"><span class=\"versanumer\">17<\/span><\/a>Hann gekk til m\u00edn, \u00fear sem eg var staddur; og \u00fe\u00e1 hann kom, var\u00f0 eg \u00f3ttasleginn og f\u00e9ll fram \u00e1 m\u00edna \u00e1sj\u00f3nu. En hann sag\u00f0i til m\u00edn: gef g\u00e6tur a\u00f0, \u00fe\u00fa mannsins son! \u00fev\u00ed \u00feessi s\u00fdn vi\u00f0kemur \u00feeim s\u00ed\u00f0ustu t\u00edmum.<a name=\"18\"><span class=\"versanumer\">18<\/span><\/a>\u00de\u00e1 hann tala\u00f0i vi\u00f0 mig, lei\u00f0 eg ni\u00f0ur \u00ed \u00f3megin til jar\u00f0ar, fram \u00e1 \u00e1sj\u00f3nu m\u00edna; en hann snart mig, og reisti mig \u00e1 f\u00e6tur, svo eg st\u00f3\u00f0.<a name=\"19\"><span class=\"versanumer\">19<\/span><\/a>S\u00ed\u00f0an sag\u00f0i hann: sj\u00e1! eg vil kunngj\u00f6ra \u00fe\u00e9r, hva\u00f0 ver\u00f0a muni \u00ed \u00feeim s\u00ed\u00f0asta refsid\u00f3mi; \u00fev\u00ed vitranin vi\u00f0kemur hinum s\u00ed\u00f0ustu t\u00edmum.<a name=\"20\"><span class=\"versanumer\">20<\/span><\/a>Hinn tv\u00edhyrndi hr\u00fatur, sem \u00fe\u00fa s\u00e1st, merkir konungana \u00ed Med\u00edalandi og Persalandi;<a name=\"21\"><span class=\"versanumer\">21<\/span><\/a>hinn lo\u00f0ni kjarnhafur er Grikklandskonungur, og st\u00f3ra horni\u00f0 me\u00f0al augna hans er hinn fyrsti konungur.<a name=\"22\"><span class=\"versanumer\">22<\/span><\/a>En \u00fear er horni\u00f0 brotna\u00f0i, og spruttu upp aftur fj\u00f6gur \u00ed \u00feess sta\u00f0, \u00fea\u00f0 merkir, a\u00f0 fj\u00f6gur r\u00edki munu hefjast af s\u00f6mu \u00fej\u00f3\u00f0, og \u00fe\u00f3 ekki jafnvoldug sem hann var.<a name=\"23\"><span class=\"versanumer\">23<\/span><\/a>Undir endalok \u00feessara konungsr\u00edkja, \u00feegar m\u00e6lir syndanna er fullur or\u00f0inn, mun konungur nokkur upp r\u00edsa, b\u00e6\u00f0i \u00f3sv\u00edfinn og hrekkv\u00eds;<a name=\"24\"><span class=\"versanumer\">24<\/span><\/a>hans styrkur mun vaxa, og \u00fe\u00f3 ekki af eigin \u00fer\u00f3tt; hann mun \u00e1 fur\u00f0ulegan h\u00e1tt \u00f6llu ey\u00f0a, og happadrj\u00fagur ver\u00f0a \u00ed \u00fev\u00ed, sem hann tekst \u00e1 hendur, hann mun ofureflismennina og mannafla enna heil\u00f6gu vi\u00f0 velli leggja.<a name=\"25\"><span class=\"versanumer\">25<\/span><\/a>Af k\u00e6nsku sinni, og af \u00fev\u00ed a\u00f0 v\u00e9labr\u00f6g\u00f0in heppnast honum, mun hann ey\u00f0ileggja, me\u00f0an \u00feeir eiga s\u00e9r einskis \u00f3tta vonir; hann mun upp r\u00edsa m\u00f3ti h\u00f6f\u00f0ingja h\u00f6f\u00f0ingjanna, en \u00fe\u00f3 mun hann loks \u00e1n manna tilverkna\u00f0ar sundurbrotinn ver\u00f0a.<a name=\"26\"><span class=\"versanumer\">26<\/span><\/a>\u00deessi s\u00fdn um kv\u00f6ldf\u00f3rnina og morgunf\u00f3rnina, sem um var tala\u00f0, h\u00fan er s\u00f6nn; en \u00fe\u00fa skalt leyna \u00feeirri s\u00fdn, \u00fev\u00ed h\u00fan \u00e1 s\u00e9r langan aldur.<a name=\"27\"><span class=\"versanumer\">27<\/span><\/a>Eg Dan\u00edel var\u00f0 veikur og sj\u00fakur nokkura stund; \u00feegar eg komst \u00e1 f\u00e6tur aftur, \u00fej\u00f3na\u00f0i eg a\u00f0 erindum konungsins, en mj\u00f6g var eg \u00f3ttasleginn af \u00feessari s\u00fdn, en \u00fe\u00f3tt enginn yr\u00f0i \u00feess var.<\/p>\n<div class=\"footnoteVidey\"><\/div>\n","protected":false},"excerpt":{"rendered":"<p>Draumur Dan\u00edels um hr\u00fatinn og kjarnhafurinn. 1\u00c1 \u00feri\u00f0ja \u00e1ri r\u00edkis Beltsasars konungs, birtist m\u00e9r Dan\u00edel s\u00fdn, eftir \u00fev\u00ed sem m\u00e9r haf\u00f0i vitrast \u00ed fyrstunni.2\u00deegar eg s\u00e1 \u00feessa s\u00fdn, var eg \u00ed borginni S\u00fasan \u00ed Elamsh\u00e9ra\u00f0i, en \u00fe\u00e1 s\u00fdnina bar fyrir mig, var eg staddur vi\u00f0 flj\u00f3ti\u00f0 Ulai.3Eg h\u00f3f upp m\u00edn augu, og leit hr\u00fat nokkurn standa fram vi\u00f0 flj\u00f3ti\u00f0, hann var tv\u00edhyrndur, og h\u00e1 hornin, og \u00fe\u00f3 anna\u00f0 h\u00e6rra en anna\u00f0, og spratt h\u00e6rra horni\u00f0 s\u00ed\u00f0ar upp.4Eg s\u00e1 hr\u00fatinn stanga hornum m\u00f3t vestri, nor\u00f0ri og su\u00f0ri; ekkert d\u00fdr gat vi\u00f0 honum sta\u00f0ist, og enginn gat frelsa\u00f0 nokkurn undan valdi hans; <a href=\"https:\/\/biblian.is\/videy\/daniel-8-kafli\/\"> [&#8230;]<\/a><\/p>\n","protected":false},"author":1,"featured_media":0,"parent":0,"menu_order":0,"comment_status":"open","ping_status":"open","template":"bibliukaflar.php","meta":{"footnotes":""},"class_list":["post-21707","page","type-page","status-publish","hentry"],"_links":{"self":[{"href":"https:\/\/biblian.is\/videy\/wp-json\/wp\/v2\/pages\/21707","targetHints":{"allow":["GET"]}}],"collection":[{"href":"https:\/\/biblian.is\/videy\/wp-json\/wp\/v2\/pages"}],"about":[{"href":"https:\/\/biblian.is\/videy\/wp-json\/wp\/v2\/types\/page"}],"author":[{"embeddable":true,"href":"https:\/\/biblian.is\/videy\/wp-json\/wp\/v2\/users\/1"}],"replies":[{"embeddable":true,"href":"https:\/\/biblian.is\/videy\/wp-json\/wp\/v2\/comments?post=21707"}],"version-history":[{"count":0,"href":"https:\/\/biblian.is\/videy\/wp-json\/wp\/v2\/pages\/21707\/revisions"}],"wp:attachment":[{"href":"https:\/\/biblian.is\/videy\/wp-json\/wp\/v2\/media?parent=21707"}],"curies":[{"name":"wp","href":"https:\/\/api.w.org\/{rel}","templated":true}]}}