{"id":21706,"date":"2018-01-02T01:03:30","date_gmt":"2018-01-02T01:03:30","guid":{"rendered":"http:\/\/biblian.is\/videy\/daniel-7-kafli\/"},"modified":"2018-01-02T01:03:30","modified_gmt":"2018-01-02T01:03:30","slug":"daniel-7-kafli","status":"publish","type":"page","link":"https:\/\/biblian.is\/videy\/daniel-7-kafli\/","title":{"rendered":"Dan\u00edel 7. kafli"},"content":{"rendered":"<div class=\"fyrirsognVidey\">S\u00fdn Dan\u00edels um \u00feau fj\u00f6gur d\u00fdr.<\/div>\n<p><a name=\"1\"><span class=\"versanumer\">1<\/span><\/a>\u00c1 fyrsta \u00e1ri Beltsasars konungs dreymdi Dan\u00edel draum, og b\u00e1ru sj\u00f3nir fyrir hann, \u00fear sem hann l\u00e1 \u00ed rekkju sinni; hann skr\u00e1setti drauminn og sag\u00f0i fr\u00e1 a\u00f0alatri\u00f0um hans.<a name=\"2\"><span class=\"versanumer\">2<\/span><\/a>Dan\u00edel h\u00f3f upp og sag\u00f0i svo: eg s\u00e1 eina s\u00fdn \u00e1 n\u00e1ttar\u00feeli, og sj\u00e1! \u00feeir fj\u00f3rir vindar himinsins brutust fram \u00e1 \u00fev\u00ed mikla sj\u00e1varhafi.<a name=\"3\"><span class=\"versanumer\">3<\/span><\/a>\u00de\u00e1 stigu fj\u00f6gur d\u00fdr geysist\u00f3r upp af hafinu, hv\u00f6rt \u00f6\u00f0ru \u00f3l\u00edkt:<a name=\"4\"><span class=\"versanumer\">4<\/span><\/a>fyrsta d\u00fdri\u00f0 l\u00edktist lj\u00f3ni, og haf\u00f0i arnarv\u00e6ngi; eg horf\u00f0i \u00e1, a\u00f0 v\u00e6ngirnir voru um s\u00ed\u00f0ir reyttir af \u00fev\u00ed, \u00fev\u00ed var lyft upp fr\u00e1 j\u00f6r\u00f0inni og reist \u00e1 tv\u00e6r f\u00e6tur, sem ma\u00f0ur, og \u00fev\u00ed var fengi\u00f0 mannshjarta.<a name=\"5\"><span class=\"versanumer\">5<\/span><\/a>Og sj\u00e1! \u00feessu n\u00e6st kom anna\u00f0 d\u00fdri\u00f0, \u00fea\u00f0 var l\u00edkt bjarnd\u00fdri; \u00fea\u00f0 var h\u00e1lfsta\u00f0i\u00f0 \u00e1 f\u00e6tur, og haf\u00f0i \u00ferj\u00fa rif \u00ed munni s\u00e9r me\u00f0al tannanna, til \u00feessa d\u00fdrs var sagt: statt upp, og et miki\u00f0 kj\u00f6t!<a name=\"6\"><span class=\"versanumer\">6<\/span><\/a>H\u00e9r n\u00e6st bar fyrir mig anna\u00f0 d\u00fdr, l\u00edkt pardusd\u00fdri, \u00fea\u00f0 haf\u00f0i fj\u00f3ra v\u00e6ngi \u00e1 baki s\u00e9r, eins og fuglsv\u00e6ngi; \u00feetta d\u00fdr haf\u00f0i fj\u00f6gur h\u00f6fu\u00f0, og \u00fev\u00ed var vald gefi\u00f0.<a name=\"7\"><span class=\"versanumer\">7<\/span><\/a>Eftir \u00feetta s\u00e1 eg \u00ed n\u00e6turs\u00fdn fj\u00f3r\u00f0a d\u00fdri\u00f0, \u00fea\u00f0 var hr\u00e6\u00f0ilegt og \u00f3gurlegt og yfirtaks \u00f6flugt; \u00fea\u00f0 haf\u00f0i st\u00f3rar j\u00e1rntennur, \u00e1t og sundurmuldi, og tr\u00f3\u00f0 \u00ed sundur me\u00f0 f\u00f3tunum \u00fea\u00f0 sem \u00fea\u00f0 leif\u00f0i; \u00fea\u00f0 var allt \u00f6\u00f0ruv\u00edsi, en \u00f6ll hin fyrri d\u00fdrin, og haf\u00f0i 10 horn.<a name=\"8\"><span class=\"versanumer\">8<\/span><\/a>\u00deegar eg gaf g\u00e6tur a\u00f0 hornunum, \u00fe\u00e1 t\u00f3k eg eftir, a\u00f0 anna\u00f0 l\u00edti\u00f0 horn spratt upp me\u00f0al \u00feeirra, og til \u00feess a\u00f0 \u00feessi stikill k\u00e6mist fyrir, voru slitin upp \u00ferj\u00fa af hinum fyrri hornunum, \u00feessi stikill haf\u00f0i augu, eins og mannsaugu, og munn \u00feann, sem tala\u00f0i gu\u00f0l\u00f6stunaryr\u00f0i <span class='VideyAth'>(st\u00f3ryr\u00f0i)<\/span>.<a name=\"9\"><span class=\"versanumer\">9<\/span><\/a>N\u00fa s\u00e1 eg, a\u00f0 st\u00f3lar voru settir fram, og hinn gamli settist ni\u00f0ur, hans kl\u00e6\u00f0i voru hv\u00edt sem snj\u00f3r, og hans h\u00f6fu\u00f0h\u00e1r sem hrein ull; hans h\u00e1s\u00e6ti var eldslogi, og hj\u00f3lin undir \u00fev\u00ed eldur brennandi;<a name=\"10\"><span class=\"versanumer\">10<\/span><\/a>fram undan honum gekk \u00fat flj\u00f3tandi eldstraumur; honum \u00fej\u00f3nu\u00f0u \u00fe\u00fasundir \u00fe\u00fasunda, og frammi fyrir honum st\u00f3\u00f0u 10 \u00fe\u00fasundir 10 \u00fe\u00fasunda, d\u00f3mendurnir settust ni\u00f0ur, og b\u00f3kunum var flett upp.<a name=\"11\"><span class=\"versanumer\">11<\/span><\/a>S\u00ed\u00f0an g\u00e6tti eg a\u00f0, og s\u00e1, a\u00f0 vegna \u00feeirra st\u00f3ryr\u00f0a, sem stikillinn haf\u00f0i tala\u00f0, var d\u00fdri\u00f0 drepi\u00f0, \u00feess l\u00edkami sundurh\u00f6ggvinn og \u00ed brennanda eld kasta\u00f0ur.<a name=\"12\"><span class=\"versanumer\">12<\/span><\/a>Vald hinna d\u00fdranna var \u00fe\u00e1 og undir lok li\u00f0i\u00f0, \u00fev\u00ed l\u00edfi\u00f0 var \u00feeim gefi\u00f0 til \u00feess \u00fea\u00f0 skyldi vara vissan tiltekinn t\u00edma.<a name=\"13\"><span class=\"versanumer\">13<\/span><\/a>\u00cd \u00feeim sj\u00f3num, sem fyrir mig b\u00e1ru um n\u00f3ttina, s\u00e1 eg a\u00f0 einhv\u00f6r kom \u00ed sk\u00fdjum himins, l\u00edkur mannsins syni; hann kom \u00feanga\u00f0, sem hinn gamli var fyrir, og var leiddur fram fyrir hann.<a name=\"14\"><span class=\"versanumer\">14<\/span><\/a>Honum var gefi\u00f0 vald, hei\u00f0ur og r\u00edki, svo honum skyldu \u00fej\u00f3na allar \u00fej\u00f3\u00f0ir og allir l\u00fd\u00f0ir, hv\u00f6rrar tungu sem v\u00e6ri; hans vald er eil\u00edft vald, \u00fea\u00f0 skal aldrei undir lok l\u00ed\u00f0a, og hans r\u00edki aldrei til grunna ganga. <br \/><a name=\"15\"><span class=\"versanumer\">15<\/span><\/a>\u00dat af \u00feessu var\u00f0 eg Dan\u00edel sturla\u00f0ur, og \u00fe\u00e6r sj\u00f3nir sem fyrir mig h\u00f6f\u00f0u bori\u00f0, skelfdu mig.<a name=\"16\"><span class=\"versanumer\">16<\/span><\/a>Eg gekk \u00fe\u00e1 til einhv\u00f6rs af \u00feeim, sem \u00fear st\u00f3\u00f0u, og ba\u00f0 hann segja m\u00e9r skyn \u00e1 \u00f6llu \u00feessu. Hann tala\u00f0i til m\u00edn, og sag\u00f0i m\u00e9r svofellda sk\u00fdringu \u00feess:<a name=\"17\"><span class=\"versanumer\">17<\/span><\/a>\u201e\u00feau hin miklu d\u00fdrin, sem voru fj\u00f6gur alls, \u00fea\u00f0 eru fj\u00f6gur r\u00edki, sem hefjast munu \u00e1 j\u00f6r\u00f0inni;<a name=\"18\"><span class=\"versanumer\">18<\/span><\/a>en hinir heil\u00f6gu hins h\u00e6sta munu eignast r\u00edki\u00f0, og halda \u00fev\u00ed eil\u00edflega, fr\u00e1 einni eil\u00edf\u00f0 til annarrar\u201c.<a name=\"19\"><span class=\"versanumer\">19<\/span><\/a>N\u00fa langa\u00f0i mig til a\u00f0 vita einhv\u00f6rja vissu um fj\u00f3r\u00f0a d\u00fdri\u00f0, sem var svo \u00f3l\u00edkt \u00f6llum hinum \u00f6\u00f0rum, mj\u00f6g svo \u00f3gurlegt, me\u00f0 j\u00e1rnt\u00f6nnum og eirkl\u00f3m, \u00e1t og sundurmuldi, og sundurtr\u00f3\u00f0 me\u00f0 f\u00f3tunum \u00fea\u00f0 sem \u00fea\u00f0 leif\u00f0i;<a name=\"20\"><span class=\"versanumer\">20<\/span><\/a>s\u00f6mulei\u00f0is um \u00feau 10 horn, sem voru \u00e1 h\u00f6f\u00f0i \u00feess, og um hitt horni\u00f0, sem \u00fear spratt upp, og undan hv\u00f6rju \u00ferj\u00fa hornin af f\u00e9llu, um \u00feann stikilinn, sem augun haf\u00f0i og \u00feann munn, sem st\u00f3ryr\u00f0i tala\u00f0i, hv\u00f6r stikill var meiri \u00e1s\u00fdndum, en \u00f6nnur horn, sem \u00ed kring voru.<a name=\"21\"><span class=\"versanumer\">21<\/span><\/a>Eg haf\u00f0i s\u00e9\u00f0, hv\u00f6rsu stikill \u00feessi h\u00e9lt orrustu vi\u00f0 ena heil\u00f6gu, og haf\u00f0i sigur yfir \u00feeim,<a name=\"22\"><span class=\"versanumer\">22<\/span><\/a>\u00fear til hinn gamli kom, og hinir heil\u00f6gu ins h\u00e6sta fengu a\u00f0 nj\u00f3ta r\u00e9ttar s\u00edns, og s\u00e1 t\u00edmi var kominn, a\u00f0 enir heil\u00f6gu skyldu eignast r\u00edki\u00f0.<a name=\"23\"><span class=\"versanumer\">23<\/span><\/a>Hann sag\u00f0i svo: \u201efj\u00f3r\u00f0a d\u00fdri\u00f0 skal vera hi\u00f0 fj\u00f3r\u00f0a r\u00edki\u00f0 \u00e1 j\u00f6r\u00f0inni, \u00fea\u00f0 skal \u00f3l\u00edkt vera \u00f6llum r\u00edkjum; \u00fea\u00f0 skal uppsvelgja \u00f6ll l\u00f6nd, ni\u00f0urtro\u00f0a \u00feau og sundurmerja.<a name=\"24\"><span class=\"versanumer\">24<\/span><\/a>\u00deau 10 hornin merkja \u00fea\u00f0, a\u00f0 af \u00feessu r\u00edki munu upp koma 10 konungar; en eftir \u00fe\u00e1 mun annar upp r\u00edsa, s\u00e1 mun \u00f3l\u00edkur ver\u00f0a hinum fyrri, og hann mun undiroka \u00ferj\u00e1 konunga.<a name=\"25\"><span class=\"versanumer\">25<\/span><\/a>Hann mun or\u00f0 m\u00e6la \u00ed gegn inum h\u00e6sta, k\u00faga ena heil\u00f6gu hins h\u00e6sta, og hafa \u00ed hyggju a\u00f0 umbreyta t\u00edmum og l\u00f6gum; og \u00feeir munu honum \u00ed hendur seldir ver\u00f0a um eina t\u00ed\u00f0, tv\u00e6r t\u00ed\u00f0ir og h\u00e1lfa t\u00ed\u00f0.<a name=\"26\"><span class=\"versanumer\">26<\/span><\/a>\u00de\u00e1 mun d\u00f3murinn settur ver\u00f0a, og honum viki\u00f0 ver\u00f0a fr\u00e1 v\u00f6ldum, og r\u00edki hans ni\u00f0urbroti\u00f0 ver\u00f0a og undir lok l\u00ed\u00f0a.<a name=\"27\"><span class=\"versanumer\">27<\/span><\/a>En r\u00edki\u00f0, valdi\u00f0 og yfirr\u00e1\u00f0in yfir \u00f6llum r\u00edkjum, sem undir himninum eru, munu gefin ver\u00f0a enu heilaga f\u00f3lki hins h\u00e6sta; \u00feess r\u00edki er eil\u00edft r\u00edki, og \u00f6ll maktarv\u00f6ld munu \u00fev\u00ed \u00fej\u00f3na og undirgefin ver\u00f0a.\u201c<a name=\"28\"><span class=\"versanumer\">28<\/span><\/a>H\u00e9r er endir \u00feeirrar r\u00e6\u00f0u. Eg Dan\u00edel sturla\u00f0ist mj\u00f6g af m\u00ednum hugsunum, svo a\u00f0 eg t\u00f3k litaskipti; \u00fe\u00f3 geymdi eg \u00feessi or\u00f0 \u00ed m\u00ednu hjarta.<\/p>\n<div class=\"footnoteVidey\"><\/div>\n","protected":false},"excerpt":{"rendered":"<p>S\u00fdn Dan\u00edels um \u00feau fj\u00f6gur d\u00fdr. 1\u00c1 fyrsta \u00e1ri Beltsasars konungs dreymdi Dan\u00edel draum, og b\u00e1ru sj\u00f3nir fyrir hann, \u00fear sem hann l\u00e1 \u00ed rekkju sinni; hann skr\u00e1setti drauminn og sag\u00f0i fr\u00e1 a\u00f0alatri\u00f0um hans.2Dan\u00edel h\u00f3f upp og sag\u00f0i svo: eg s\u00e1 eina s\u00fdn \u00e1 n\u00e1ttar\u00feeli, og sj\u00e1! \u00feeir fj\u00f3rir vindar himinsins brutust fram \u00e1 \u00fev\u00ed mikla sj\u00e1varhafi.3\u00de\u00e1 stigu fj\u00f6gur d\u00fdr geysist\u00f3r upp af hafinu, hv\u00f6rt \u00f6\u00f0ru \u00f3l\u00edkt:4fyrsta d\u00fdri\u00f0 l\u00edktist lj\u00f3ni, og haf\u00f0i arnarv\u00e6ngi; eg horf\u00f0i \u00e1, a\u00f0 v\u00e6ngirnir voru um s\u00ed\u00f0ir reyttir af \u00fev\u00ed, \u00fev\u00ed var lyft upp fr\u00e1 j\u00f6r\u00f0inni og reist \u00e1 tv\u00e6r f\u00e6tur, sem ma\u00f0ur, og \u00fev\u00ed var <a href=\"https:\/\/biblian.is\/videy\/daniel-7-kafli\/\"> [&#8230;]<\/a><\/p>\n","protected":false},"author":1,"featured_media":0,"parent":0,"menu_order":0,"comment_status":"open","ping_status":"open","template":"bibliukaflar.php","meta":{"footnotes":""},"class_list":["post-21706","page","type-page","status-publish","hentry"],"_links":{"self":[{"href":"https:\/\/biblian.is\/videy\/wp-json\/wp\/v2\/pages\/21706","targetHints":{"allow":["GET"]}}],"collection":[{"href":"https:\/\/biblian.is\/videy\/wp-json\/wp\/v2\/pages"}],"about":[{"href":"https:\/\/biblian.is\/videy\/wp-json\/wp\/v2\/types\/page"}],"author":[{"embeddable":true,"href":"https:\/\/biblian.is\/videy\/wp-json\/wp\/v2\/users\/1"}],"replies":[{"embeddable":true,"href":"https:\/\/biblian.is\/videy\/wp-json\/wp\/v2\/comments?post=21706"}],"version-history":[{"count":0,"href":"https:\/\/biblian.is\/videy\/wp-json\/wp\/v2\/pages\/21706\/revisions"}],"wp:attachment":[{"href":"https:\/\/biblian.is\/videy\/wp-json\/wp\/v2\/media?parent=21706"}],"curies":[{"name":"wp","href":"https:\/\/api.w.org\/{rel}","templated":true}]}}