{"id":21702,"date":"2018-01-02T01:03:30","date_gmt":"2018-01-02T01:03:30","guid":{"rendered":"http:\/\/biblian.is\/videy\/daniel-3-kafli\/"},"modified":"2018-01-02T01:03:30","modified_gmt":"2018-01-02T01:03:30","slug":"daniel-3-kafli","status":"publish","type":"page","link":"https:\/\/biblian.is\/videy\/daniel-3-kafli\/","title":{"rendered":"Dan\u00edel 3. kafli"},"content":{"rendered":"<div class=\"fyrirsognVidey\">Sadrak, Mesak og Abedneg\u00f3 er kasta\u00f0 \u00ed eldsofn.<\/div>\n<p><a name=\"1\"><span class=\"versanumer\">1<\/span><\/a>Neb\u00fakadnesar konungur l\u00e9t tilgj\u00f6ra l\u00edkneskju af gulli, 60 \u00e1lna \u00e1 h\u00e6\u00f0 og 6 \u00e1lna \u00e1 breidd; hann l\u00e9t reisa hana \u00ed D\u00faradal \u00ed Babels h\u00e9ra\u00f0i.<a name=\"2\"><span class=\"versanumer\">2<\/span><\/a>Neb\u00fakadnesar konungur gj\u00f6r\u00f0i bo\u00f0 eftir \u00fej\u00f3\u00f0j\u00f6rlunum, yfirj\u00f6rlunum, undirj\u00f6rlunum, yfird\u00f3murunum, gjaldkerunum, l\u00f6gm\u00f6nnunum, l\u00f6gs\u00f6gum\u00f6nnunum og \u00f6llum s\u00fdslum\u00f6nnum, a\u00f0 \u00feeir skyldu koma saman til a\u00f0 v\u00edgja \u00fe\u00e1 l\u00edkneskju, sem Neb\u00fakadnesar konungur haf\u00f0i reisa l\u00e1ti\u00f0.<a name=\"3\"><span class=\"versanumer\">3<\/span><\/a>\u00de\u00e1 s\u00f6fnu\u00f0ust saman \u00fej\u00f3\u00f0jarlarnir, yfirjarlarnir, undirjarlarnir, yfird\u00f3mendurnir, gjaldkerarnir, l\u00f6gmennirnir, l\u00f6gs\u00f6gumennirnir, og allir s\u00fdslumenn, til a\u00f0 v\u00edgja \u00fe\u00e1 l\u00edkneskju, sem Neb\u00fakadnesar konungur haf\u00f0i reisa l\u00e1ti\u00f0; og er \u00feeir st\u00f3\u00f0u frammi fyrir \u00feeirri l\u00edkneskju, er Neb\u00fakadnesar konungur haf\u00f0i l\u00e1ti\u00f0 reisa,<a name=\"4\"><span class=\"versanumer\">4<\/span><\/a>\u00fe\u00e1 kalla\u00f0i kallarinn h\u00e1rri r\u00f6ddu: svo er y\u00f0ur \u00f6llum bo\u00f0i\u00f0, hv\u00f6rrar \u00fej\u00f3\u00f0ar og hva\u00f0a landsmenn sem \u00fe\u00e9r eru\u00f0, og hv\u00f6rja tungu sem \u00fe\u00e9r tali\u00f0,<a name=\"5\"><span class=\"versanumer\">5<\/span><\/a>a\u00f0 \u00feegar er \u00fe\u00e9r heyri\u00f0 hlj\u00f3\u00f0 hornanna, p\u00edpnanna, harpnanna, g\u00edgjanna, saltaranna, symf\u00f3nanna, og alls kyns strengleika, \u00fe\u00e1 skulu\u00f0 \u00fe\u00e9r fram falla, og tilbi\u00f0ja \u00fe\u00e1 gulll\u00edkneskju, sem Neb\u00fakadnesar konungur hefir reisa l\u00e1ti\u00f0;<a name=\"6\"><span class=\"versanumer\">6<\/span><\/a>en hv\u00f6r sem eigi fellur fram og tilbi\u00f0ur, \u00feeim skal \u00e1 samri stundu kasta\u00f0 ver\u00f0a inn \u00ed brennanda eldsofn.<a name=\"7\"><span class=\"versanumer\">7<\/span><\/a>\u00deess vegna, undir eins og allt f\u00f3lki\u00f0 heyr\u00f0i hlj\u00f3\u00f0 hornanna, p\u00edpnanna, harpnanna, g\u00edgjanna, saltaranna og annarra hlj\u00f3\u00f0f\u00e6ra, \u00fe\u00e1 f\u00e9llu allir fram, hv\u00f6rrar \u00fej\u00f3\u00f0ar, hv\u00f6rs lands, og hv\u00f6rrar tungu sem voru, og tilb\u00e1\u00f0u \u00fea\u00f0 gulll\u00edkneski, sem Neb\u00fakadnesar konungur haf\u00f0i gj\u00f6ra l\u00e1ti\u00f0.<a name=\"8\"><span class=\"versanumer\">8<\/span><\/a>En \u00e1 s\u00f6mu stundu gengu fram nokkurir menn af Kaldeum, og \u00e1k\u00e6r\u00f0u Gy\u00f0inga;<a name=\"9\"><span class=\"versanumer\">9<\/span><\/a>\u00feeir t\u00f3ku svo til or\u00f0a, og s\u00f6g\u00f0u til Neb\u00fakadnesars konungs: nj\u00f3ti konungurinn langra l\u00edfdaga!<a name=\"10\"><span class=\"versanumer\">10<\/span><\/a>\u00de\u00fa gafst, konungur, \u00fe\u00e1 skipun, a\u00f0 hv\u00f6r ma\u00f0ur, sem heyr\u00f0i hlj\u00f3\u00f0 hornanna, p\u00edpnanna, harpnanna, g\u00edgjanna, saltaranna, symf\u00f3nanna, og annarra hlj\u00f3\u00f0f\u00e6ra, skyldi fram falla og tilbi\u00f0ja gulll\u00edkneski\u00f0,<a name=\"11\"><span class=\"versanumer\">11<\/span><\/a>og hv\u00f6r sem ekki f\u00e9lli fram og tilb\u00e6\u00f0i, honum skyldi kasta inn \u00ed brennanda eldsofn.<a name=\"12\"><span class=\"versanumer\">12<\/span><\/a>N\u00fa eru h\u00e9r Gy\u00f0ingar nokkrir, sem \u00fe\u00fa hefir sett til yfirstj\u00f3rnar yfir Babels h\u00e9ra\u00f0i, \u00feeir Sadrak, Mesak og Abedneg\u00f3; \u00feessir menn vir\u00f0a \u00feig a\u00f0 \u00f6ngvu, konungur, \u00feeir d\u00fdrka ekki \u00fe\u00edna gu\u00f0i, og tilbi\u00f0ja ekki \u00fe\u00e1 gulll\u00edkneskju, sem \u00fe\u00fa hefir reisa l\u00e1ti\u00f0.<a name=\"13\"><span class=\"versanumer\">13<\/span><\/a>\u00de\u00e1 var\u00f0 Neb\u00fakadnesar fullur rei\u00f0i og heiftar, og bau\u00f0 a\u00f0 lei\u00f0a fram \u00fe\u00e1 Sadrak, Mesak og Abedneg\u00f3; og voru \u00feessir menn leiddir fyrir konunginn.<a name=\"14\"><span class=\"versanumer\">14<\/span><\/a>Neb\u00fakadnesar t\u00f3k til m\u00e1ls og sag\u00f0i til \u00feeirra: er \u00fea\u00f0 af \u00e1settu, Sadrak, Mesak og Abedneg\u00f3, a\u00f0 \u00fe\u00e9r ekki vilji\u00f0 d\u00fdrka minn gu\u00f0, og ekki tilbi\u00f0ja \u00fe\u00e1 l\u00edkneskju, sem eg hefi gj\u00f6ra l\u00e1ti\u00f0?<a name=\"15\"><span class=\"versanumer\">15<\/span><\/a>N\u00fa vel! eru\u00f0 \u00fe\u00e9r n\u00fa vi\u00f0 b\u00fanir, jafnskj\u00f3tt og \u00fe\u00e9r heyri\u00f0 hlj\u00f3\u00f0 hornanna, p\u00edpnanna, harpnanna, g\u00edgjanna, saltaranna, symf\u00f3nanna og annarra hlj\u00f3\u00f0f\u00e6ra, a\u00f0 falla fram og tilbi\u00f0ja \u00fe\u00e1 l\u00edkneskju, sem eg hefi gj\u00f6ra l\u00e1ti\u00f0? Ef \u00fe\u00e9r tilbi\u00f0ji\u00f0 hana ekki, \u00fe\u00e1 skal y\u00f0ur samstundis kasta\u00f0 ver\u00f0a inn \u00ed eldsofn brennanda; og hv\u00f6r er s\u00e1 Gu\u00f0, er y\u00f0ur megi frelsa \u00far m\u00ednum h\u00f6ndum?<a name=\"16\"><span class=\"versanumer\">16<\/span><\/a>Sadrak, Mesak og Abedneg\u00f3 sv\u00f6ru\u00f0u, og s\u00f6g\u00f0u til Neb\u00fakadnesars konungs: ekki mun oss or\u00f0f\u00e1tt ver\u00f0a, a\u00f0 svara \u00fe\u00e9r h\u00e9r til;<a name=\"17\"><span class=\"versanumer\">17<\/span><\/a>sj\u00e1 \u00fe\u00fa! vor Gu\u00f0, sem v\u00e9r d\u00fdrkum, getur frelsa\u00f0 oss \u00far eldsofni brennanda; hann mun frelsa oss af \u00feinni hendi, konungur,<a name=\"18\"><span class=\"versanumer\">18<\/span><\/a>og \u00fe\u00f3 hann gj\u00f6ri \u00fea\u00f0 ekki, \u00fe\u00e1 skaltu samt vita, konungur, a\u00f0 v\u00e9r munum ekki d\u00fdrka \u00fe\u00edna gu\u00f0i, og ekki tilbi\u00f0ja \u00fe\u00e1 gulll\u00edkneskju, sem \u00fe\u00fa hefir reisa l\u00e1ti\u00f0.<a name=\"19\"><span class=\"versanumer\">19<\/span><\/a>\u00de\u00e1 fylltist Neb\u00fakadnesar heiftarrei\u00f0i vi\u00f0 \u00fe\u00e1 Sadrak, Mesak og Abedneg\u00f3, svo hans \u00e1sj\u00f3na afmynda\u00f0ist; en er hann f\u00e9kk or\u00f0um upp komi\u00f0, bau\u00f0 hann a\u00f0 kynda ofninn sj\u00f6falt heitara, en menn hef\u00f0i fyrr s\u00e9\u00f0;<a name=\"20\"><span class=\"versanumer\">20<\/span><\/a>\u00fe\u00e1 bau\u00f0 hann ramefldum m\u00f6nnum, sem voru \u00ed her hans, a\u00f0 binda \u00fe\u00e1 Sadrak, Mesak og Abedneg\u00f3, og kasta \u00feeim svo \u00ed hinn brennanda eldsofn.<a name=\"21\"><span class=\"versanumer\">21<\/span><\/a>S\u00ed\u00f0an voru \u00feessir menn bundnir \u00ed leistabr\u00f3kum, kyrtlum, yfirh\u00f6fnum og kl\u00e6\u00f0na\u00f0i s\u00ednum, og \u00feeim varpa\u00f0 inn \u00ed hinn brennanda eldsofn;<a name=\"22\"><span class=\"versanumer\">22<\/span><\/a>og s\u00f6kum \u00feess a\u00f0 skipun konungsins var svo strengileg, en ofninn kyntur \u00e1kaflega, \u00fe\u00e1 drap eldsloginn marga af m\u00f6nnum \u00feeim, sem k\u00f6stu\u00f0u \u00feeim Sadrak, Mesak og Abedneg\u00f3 inn \u00ed ofninn;<a name=\"23\"><span class=\"versanumer\">23<\/span><\/a>en \u00feeir \u00fer\u00edr menn, Sadrak, Mesak og Abedneg\u00f3, f\u00e9llu bundnir ni\u00f0ur \u00ed \u00feann brennanda eldsofn.<a name=\"24\"><span class=\"versanumer\">24<\/span><\/a>Br\u00e1tt \u00fear eftir var\u00f0 Neb\u00fakadnesar konungur forvi\u00f0a, spratt upp skyndilega, og m\u00e6lti til r\u00e1\u00f0gjafa sinna: h\u00f6fum v\u00e9r ekki l\u00e1ti\u00f0 fleygja \u00feremur m\u00f6nnum fj\u00f6tru\u00f0um inn \u00ed eldinn? \u00deeir sv\u00f6ru\u00f0u konunginum og s\u00f6g\u00f0u: vissulega konungur!<a name=\"25\"><span class=\"versanumer\">25<\/span><\/a>Hann svara\u00f0i og sag\u00f0i: eg s\u00e9 \u00fe\u00f3 fj\u00f3ra menn ganga lausa inni \u00ed eldinum, \u00e1n \u00feess nokku\u00f0 hafi or\u00f0i\u00f0 \u00feeim a\u00f0 grandi, og er \u00fev\u00ed l\u00edkast, sem hinn fj\u00f3r\u00f0i s\u00e9 sonur go\u00f0anna.<a name=\"26\"><span class=\"versanumer\">26<\/span><\/a>\u00de\u00e1 gekk Neb\u00fakadnesar a\u00f0 munna hins brennanda eldsofns, t\u00f3k til or\u00f0a og sag\u00f0i: Sadrak, Mesak og Abedneg\u00f3, \u00fej\u00f3nar hins h\u00e6sta Gu\u00f0s! gangi\u00f0 \u00fat, og komi\u00f0 hinga\u00f0! \u00de\u00e1 gengu \u00feeir Sadrak, Mesak og Abedneg\u00f3 \u00fat \u00far eldinum.<a name=\"27\"><span class=\"versanumer\">27<\/span><\/a>\u00de\u00e1 flykktust a\u00f0 \u00fej\u00f3\u00f0jarlarnir, yfirjarlarnir og undirjarlarnir, og r\u00e1\u00f0gjafar konungsins, og s\u00e1u, a\u00f0 eldurinn haf\u00f0i ekki \u00e1 \u00feessa menn unni\u00f0, og ekki var svi\u00f0na\u00f0 eitt h\u00e1r \u00e1 h\u00f6f\u00f0i \u00feeirra, leistabr\u00f3kum \u00feeirra var ekki brug\u00f0i\u00f0, og enginn eldseimur fannst af \u00feeim.<a name=\"28\"><span class=\"versanumer\">28<\/span><\/a>\u00de\u00e1 t\u00f3k Neb\u00fakadnesar til or\u00f0a, og sag\u00f0i: lofa\u00f0ur s\u00e9 Gu\u00f0 \u00feeirra Sadraks, Mesaks og Abedneg\u00f3s! hann sendi sinn engil, og frelsa\u00f0i s\u00edna \u00fej\u00f3na, sem \u00ed trausti til hans, skeyttu ekki bo\u00f0skapi konungsins, heldur l\u00f6g\u00f0u l\u00edkami s\u00edna \u00ed s\u00f6lurnar, til \u00feess \u00feeir skyldu \u00f6ngvan gu\u00f0 hei\u00f0ra n\u00e9 tilbi\u00f0ja annan, en \u00feeirra Gu\u00f0.<a name=\"29\"><span class=\"versanumer\">29<\/span><\/a>N\u00fa \u00fatgef eg \u00fe\u00e1 skipun, a\u00f0 s\u00e9rhv\u00f6r, hv\u00f6rrar \u00fej\u00f3\u00f0ar, hv\u00f6rs lands og hv\u00f6rrar tungu sem er, sem m\u00e6lir lastm\u00e6li gegn Gu\u00f0i \u00feeirra Sadraks, Mesaks og Abedneg\u00f3s, s\u00e1 skal h\u00f6ggvinn ver\u00f0a \u00ed stykki, og h\u00fas hans gj\u00f6rt a\u00f0 moldarhr\u00fagu; \u00fev\u00ed enginn annar gu\u00f0 er til, sem eins getur frelsa\u00f0 og hann.<a name=\"30\"><span class=\"versanumer\">30<\/span><\/a>S\u00ed\u00f0an h\u00f3f konungurinn \u00fe\u00e1 Sadrak, Mesak og Abedneg\u00f3 til st\u00f3rra mannvir\u00f0inga \u00ed Babels h\u00e9ra\u00f0i.<\/p>\n<div class=\"footnoteVidey\"><\/div>\n","protected":false},"excerpt":{"rendered":"<p>Sadrak, Mesak og Abedneg\u00f3 er kasta\u00f0 \u00ed eldsofn. 1Neb\u00fakadnesar konungur l\u00e9t tilgj\u00f6ra l\u00edkneskju af gulli, 60 \u00e1lna \u00e1 h\u00e6\u00f0 og 6 \u00e1lna \u00e1 breidd; hann l\u00e9t reisa hana \u00ed D\u00faradal \u00ed Babels h\u00e9ra\u00f0i.2Neb\u00fakadnesar konungur gj\u00f6r\u00f0i bo\u00f0 eftir \u00fej\u00f3\u00f0j\u00f6rlunum, yfirj\u00f6rlunum, undirj\u00f6rlunum, yfird\u00f3murunum, gjaldkerunum, l\u00f6gm\u00f6nnunum, l\u00f6gs\u00f6gum\u00f6nnunum og \u00f6llum s\u00fdslum\u00f6nnum, a\u00f0 \u00feeir skyldu koma saman til a\u00f0 v\u00edgja \u00fe\u00e1 l\u00edkneskju, sem Neb\u00fakadnesar konungur haf\u00f0i reisa l\u00e1ti\u00f0.3\u00de\u00e1 s\u00f6fnu\u00f0ust saman \u00fej\u00f3\u00f0jarlarnir, yfirjarlarnir, undirjarlarnir, yfird\u00f3mendurnir, gjaldkerarnir, l\u00f6gmennirnir, l\u00f6gs\u00f6gumennirnir, og allir s\u00fdslumenn, til a\u00f0 v\u00edgja \u00fe\u00e1 l\u00edkneskju, sem Neb\u00fakadnesar konungur haf\u00f0i reisa l\u00e1ti\u00f0; og er \u00feeir st\u00f3\u00f0u frammi fyrir \u00feeirri l\u00edkneskju, er Neb\u00fakadnesar konungur haf\u00f0i l\u00e1ti\u00f0 reisa,4\u00fe\u00e1 <a href=\"https:\/\/biblian.is\/videy\/daniel-3-kafli\/\"> [&#8230;]<\/a><\/p>\n","protected":false},"author":1,"featured_media":0,"parent":0,"menu_order":0,"comment_status":"open","ping_status":"open","template":"bibliukaflar.php","meta":{"footnotes":""},"class_list":["post-21702","page","type-page","status-publish","hentry"],"_links":{"self":[{"href":"https:\/\/biblian.is\/videy\/wp-json\/wp\/v2\/pages\/21702","targetHints":{"allow":["GET"]}}],"collection":[{"href":"https:\/\/biblian.is\/videy\/wp-json\/wp\/v2\/pages"}],"about":[{"href":"https:\/\/biblian.is\/videy\/wp-json\/wp\/v2\/types\/page"}],"author":[{"embeddable":true,"href":"https:\/\/biblian.is\/videy\/wp-json\/wp\/v2\/users\/1"}],"replies":[{"embeddable":true,"href":"https:\/\/biblian.is\/videy\/wp-json\/wp\/v2\/comments?post=21702"}],"version-history":[{"count":0,"href":"https:\/\/biblian.is\/videy\/wp-json\/wp\/v2\/pages\/21702\/revisions"}],"wp:attachment":[{"href":"https:\/\/biblian.is\/videy\/wp-json\/wp\/v2\/media?parent=21702"}],"curies":[{"name":"wp","href":"https:\/\/api.w.org\/{rel}","templated":true}]}}