{"id":21700,"date":"2018-01-02T01:03:30","date_gmt":"2018-01-02T01:03:30","guid":{"rendered":"http:\/\/biblian.is\/videy\/daniel-1-kafli\/"},"modified":"2018-01-02T01:03:30","modified_gmt":"2018-01-02T01:03:30","slug":"daniel-1-kafli","status":"publish","type":"page","link":"https:\/\/biblian.is\/videy\/daniel-1-kafli\/","title":{"rendered":"Dan\u00edel 1. kafli"},"content":{"rendered":"<div class=\"fyrirsognVidey\">Dan\u00edel er herleiddur til Bab\u00fdlonar og mennta\u00f0ur \u00fear, 1\u20137; hans sparneytni, 8\u201316, atgj\u00f6rvi, framf\u00f6r \u00ed v\u00edsindum og sp\u00e1d\u00f3msg\u00e1fa, 17\u201321.<\/div>\n<p><a name=\"1\"><span class=\"versanumer\">1<\/span><\/a>\u00c1 \u00feri\u00f0ja \u00e1ri r\u00edkis J\u00f3jakims, konungs \u00ed J\u00fadar\u00edki, f\u00f3r Neb\u00fakadnesar Babelskonungur me\u00f0 her m\u00f3ti Jer\u00fasalemsborg, og settist um hana;<a name=\"2\"><span class=\"versanumer\">2<\/span><\/a>og Drottinn gaf J\u00f3jakim, konung J\u00fadar\u00edkis, \u00e1 vald hans, og \u00fear me\u00f0 nokkrar af gersemum Gu\u00f0s h\u00fass, l\u00e9t konungurinn flytja \u00fe\u00e6r til S\u00ednearslands, og lag\u00f0i gersemarnar \u00ed go\u00f0afj\u00e1rhirslu s\u00edna.<a name=\"3\"><span class=\"versanumer\">3<\/span><\/a>Konungurinn bau\u00f0 Aspenasi, s\u00ednum \u00e6\u00f0sta hir\u00f0stj\u00f3ra, a\u00f0 velja nokkura unga menn me\u00f0al \u00cdsraelsmanna, af konungs\u00e6ttinni e\u00f0a \u00f6\u00f0rum h\u00f6f\u00f0ingja\u00e6ttum,<a name=\"4\"><span class=\"versanumer\">4<\/span><\/a>sveina \u00fe\u00e1, er engin l\u00fdti hef\u00f0i, v\u00e6ri fr\u00ed\u00f0ir s\u00fdnum, vel viti bornir, mennta\u00f0ir og til v\u00edsinda fallnir, og h\u00e6filegir til a\u00f0 \u00fej\u00f3na \u00ed h\u00f6ll konungsins og bau\u00f0 a\u00f0 kenna \u00feeim b\u00f3kmenntir og tungum\u00e1l Kaldeanna.<a name=\"5\"><span class=\"versanumer\">5<\/span><\/a>Konungurinn \u00e6tla\u00f0i \u00feeim daglegan skammt af \u00feeim konunglegu kr\u00e6singum og af \u00fev\u00ed v\u00edni, sem hann sj\u00e1lfur drakk, og \u00e6tla\u00f0i svo til, a\u00f0 \u00fe\u00e1 skyldi uppala \u00ed \u00ferj\u00fa \u00e1r, og a\u00f0 \u00feeim li\u00f0num skyldu \u00feeir \u00fej\u00f3na frammi fyrir konunginum.<a name=\"6\"><span class=\"versanumer\">6<\/span><\/a>Me\u00f0al \u00feessara voru \u00feeir Dan\u00edel, Hanan\u00eda, M\u00edsael og Asar\u00eda, af J\u00fadam\u00f6nnum;<a name=\"7\"><span class=\"versanumer\">7<\/span><\/a>en s\u00e1 \u00e6\u00f0sti hir\u00f0stj\u00f3ri breytti n\u00f6fnum \u00feeirra, og kalla\u00f0i Dan\u00edel Beltsasar, Hanan\u00edu Sadrak, M\u00edsael Mesak, og Asar\u00edu Abedneg\u00f3.<a name=\"8\"><span class=\"versanumer\">8<\/span><\/a>Dan\u00edel haf\u00f0i einsett s\u00e9r a\u00f0 saurga sig ekki \u00e1 kr\u00e6singum konungsins, e\u00f0a \u00e1 \u00fev\u00ed v\u00edni, sem hann drakk, og m\u00e6ltist \u00fev\u00ed til af hir\u00f0stj\u00f3ranum, a\u00f0 hann \u00feyrfti ekki a\u00f0 saurga sig \u00fear me\u00f0;<a name=\"9\"><span class=\"versanumer\">9<\/span><\/a>og Gu\u00f0 gaf Dan\u00edeli \u00fea\u00f0, a\u00f0 hir\u00f0stj\u00f3rinn var honum mildur og l\u00edknsamur.<a name=\"10\"><span class=\"versanumer\">10<\/span><\/a>Hir\u00f0stj\u00f3rinn sag\u00f0i til Dan\u00edels: eg \u00f3ttast, a\u00f0 minn herra, konungurinn, sem hefir tilteki\u00f0 y\u00f0ar mat og drykk, sj\u00e1i y\u00f0ur yfirbrag\u00f0sdaufari, en a\u00f0ra jafnborna sveina, og ver\u00f0i\u00f0 \u00fe\u00e9r svo \u00feess ollandi, a\u00f0 eg fyrirgj\u00f6ri l\u00edfi m\u00ednu vi\u00f0 konunginn.<a name=\"11\"><span class=\"versanumer\">11<\/span><\/a>\u00de\u00e1 sag\u00f0i Dan\u00edel til Melsars, sem hir\u00f0stj\u00f3rinn haf\u00f0i sett yfir \u00fe\u00e1 Dan\u00edel, Hanan\u00edu, M\u00edsael og Asar\u00edu:<a name=\"12\"><span class=\"versanumer\">12<\/span><\/a>gj\u00f6r tilraun vi\u00f0 oss, \u00fej\u00f3na \u00fe\u00edna, \u00ed 10 daga, og gef oss k\u00e1lmat a\u00f0 eta og vatn a\u00f0 drekka,<a name=\"13\"><span class=\"versanumer\">13<\/span><\/a>sko\u00f0a s\u00ed\u00f0an vort yfirbrag\u00f0 og svo yfirlit \u00feeirra \u00e6skumanna, sem eta af kr\u00e6singum konungsins, og breyt svo vi\u00f0 oss, \u00fej\u00f3na \u00fe\u00edna, eftir \u00fev\u00ed sem \u00fe\u00e9r \u00fe\u00e1 l\u00edst \u00e1 oss.<a name=\"14\"><span class=\"versanumer\">14<\/span><\/a>Hann l\u00e9t \u00feetta eftir \u00feeim, og gj\u00f6r\u00f0i tilraun vi\u00f0 \u00fe\u00e1 \u00ed 10 daga;<a name=\"15\"><span class=\"versanumer\">15<\/span><\/a>en a\u00f0 \u00feeim 10 d\u00f6gum li\u00f0num reyndist \u00fea\u00f0, a\u00f0 \u00feeir voru yfirbrag\u00f0sbetri og \u00feriflegri, en allir \u00feeir \u00e6skumenn, sem lif\u00f0u vi\u00f0 kr\u00e6singar konungsins;<a name=\"16\"><span class=\"versanumer\">16<\/span><\/a>t\u00f3k Melsar \u00fe\u00e1 fr\u00e1 \u00feeim \u00fe\u00e6r kr\u00e6singar og \u00fea\u00f0 v\u00edn, sem \u00feeim haf\u00f0i veri\u00f0 \u00e6tla\u00f0, og gaf \u00feeim k\u00e1lmat.<a name=\"17\"><span class=\"versanumer\">17<\/span><\/a>Gu\u00f0 gaf \u00feessum fj\u00f3rum \u00e6skum\u00f6nnum kunn\u00e1ttu og greind \u00ed alls konar b\u00f3kmenntum og v\u00edsindum; en Dan\u00edeli gaf hann skilning \u00e1 allsh\u00e1ttar vitrunum og draumum.<a name=\"18\"><span class=\"versanumer\">18<\/span><\/a>En er li\u00f0inn var s\u00e1 t\u00edmi, sem konungur haf\u00f0i tilteki\u00f0 a\u00f0 \u00feeir skyldu koma \u00e1 fund sinn, \u00fe\u00e1 leiddi hir\u00f0stj\u00f3rinn \u00fe\u00e1 fram fyrir Neb\u00fakadnesar.<a name=\"19\"><span class=\"versanumer\">19<\/span><\/a>En er konungur tala\u00f0i vi\u00f0 \u00fe\u00e1, fannst enginn af \u00feeim \u00f6llum, sem v\u00e6ri jafningi \u00feeirra Dan\u00edels, Hanan\u00edu, M\u00edsaels og Asar\u00edu, og voru \u00feeir teknir \u00ed konungs \u00fej\u00f3nustu;<a name=\"20\"><span class=\"versanumer\">20<\/span><\/a>og hvervetna \u00feegar konungur r\u00e1\u00f0f\u00e6r\u00f0i sig vi\u00f0 \u00fe\u00e1 \u00ed \u00feeim hlutum, sem viturleik og skilning \u00feurfti vi\u00f0 a\u00f0 hafa, \u00fe\u00e1 fann hann \u00fe\u00e1 t\u00edu sinnum fremri en alla kunn\u00e1ttumenn og stj\u00f6rnuvitringa \u00ed gj\u00f6rv\u00f6llu hans r\u00edki.<a name=\"21\"><span class=\"versanumer\">21<\/span><\/a>Dan\u00edel dvaldist <span class='VideyAth'>(\u00ed Bab\u00fdlon)<\/span> allt til fyrsta \u00e1rs S\u00fdrusar konungs.<\/p>\n<div class=\"footnoteVidey\"><\/div>\n","protected":false},"excerpt":{"rendered":"<p>Dan\u00edel er herleiddur til Bab\u00fdlonar og mennta\u00f0ur \u00fear, 1\u20137; hans sparneytni, 8\u201316, atgj\u00f6rvi, framf\u00f6r \u00ed v\u00edsindum og sp\u00e1d\u00f3msg\u00e1fa, 17\u201321. 1\u00c1 \u00feri\u00f0ja \u00e1ri r\u00edkis J\u00f3jakims, konungs \u00ed J\u00fadar\u00edki, f\u00f3r Neb\u00fakadnesar Babelskonungur me\u00f0 her m\u00f3ti Jer\u00fasalemsborg, og settist um hana;2og Drottinn gaf J\u00f3jakim, konung J\u00fadar\u00edkis, \u00e1 vald hans, og \u00fear me\u00f0 nokkrar af gersemum Gu\u00f0s h\u00fass, l\u00e9t konungurinn flytja \u00fe\u00e6r til S\u00ednearslands, og lag\u00f0i gersemarnar \u00ed go\u00f0afj\u00e1rhirslu s\u00edna.3Konungurinn bau\u00f0 Aspenasi, s\u00ednum \u00e6\u00f0sta hir\u00f0stj\u00f3ra, a\u00f0 velja nokkura unga menn me\u00f0al \u00cdsraelsmanna, af konungs\u00e6ttinni e\u00f0a \u00f6\u00f0rum h\u00f6f\u00f0ingja\u00e6ttum,4sveina \u00fe\u00e1, er engin l\u00fdti hef\u00f0i, v\u00e6ri fr\u00ed\u00f0ir s\u00fdnum, vel viti bornir, mennta\u00f0ir og til v\u00edsinda fallnir, og <a href=\"https:\/\/biblian.is\/videy\/daniel-1-kafli\/\"> [&#8230;]<\/a><\/p>\n","protected":false},"author":1,"featured_media":0,"parent":0,"menu_order":0,"comment_status":"open","ping_status":"open","template":"bibliukaflar.php","meta":{"footnotes":""},"class_list":["post-21700","page","type-page","status-publish","hentry"],"_links":{"self":[{"href":"https:\/\/biblian.is\/videy\/wp-json\/wp\/v2\/pages\/21700","targetHints":{"allow":["GET"]}}],"collection":[{"href":"https:\/\/biblian.is\/videy\/wp-json\/wp\/v2\/pages"}],"about":[{"href":"https:\/\/biblian.is\/videy\/wp-json\/wp\/v2\/types\/page"}],"author":[{"embeddable":true,"href":"https:\/\/biblian.is\/videy\/wp-json\/wp\/v2\/users\/1"}],"replies":[{"embeddable":true,"href":"https:\/\/biblian.is\/videy\/wp-json\/wp\/v2\/comments?post=21700"}],"version-history":[{"count":0,"href":"https:\/\/biblian.is\/videy\/wp-json\/wp\/v2\/pages\/21700\/revisions"}],"wp:attachment":[{"href":"https:\/\/biblian.is\/videy\/wp-json\/wp\/v2\/media?parent=21700"}],"curies":[{"name":"wp","href":"https:\/\/api.w.org\/{rel}","templated":true}]}}