{"id":21693,"date":"2018-01-02T01:03:30","date_gmt":"2018-01-02T01:03:30","guid":{"rendered":"http:\/\/biblian.is\/videy\/esekiel-42-kafli\/"},"modified":"2018-01-02T01:03:30","modified_gmt":"2018-01-02T01:03:30","slug":"esekiel-42-kafli","status":"publish","type":"page","link":"https:\/\/biblian.is\/videy\/esekiel-42-kafli\/","title":{"rendered":"Esek\u00edel 42. kafli"},"content":{"rendered":"<div class=\"fyrirsognVidey\">Um hli\u00f0arbygginguna hj\u00e1 forg\u00f6r\u00f0unum, 1\u201314; um m\u00e6ling \u00feess ysta m\u00farveggjar, 15\u201320.<\/div>\n<p><a name=\"1\"><span class=\"versanumer\">1<\/span><\/a>Hann leiddi mig n\u00fa \u00fat til hins ytra forgar\u00f0s, \u00feann veg sem liggur m\u00f3t nor\u00f0ri, og f\u00f3r me\u00f0 mig a\u00f0 \u00feeim herbergjum, sem l\u00e1gu gegnt h\u00fasa\u00feorpinu, og beint nor\u00f0ur fr\u00e1 frambyggingunni.<a name=\"2\"><span class=\"versanumer\">2<\/span><\/a>Herbergjast\u00e6\u00f0i\u00f0 var 100 \u00e1lna langt, fr\u00e1 nor\u00f0urportinu a\u00f0 telja, og 50 \u00e1lna breitt;<a name=\"3\"><span class=\"versanumer\">3<\/span><\/a>\u00fear af l\u00e1gu 20 \u00e1lnir gegnt innra forgar\u00f0inum, og eins margar gegnt steing\u00f3lfinu \u00ed ytra forgar\u00f0inum, hitt voru \u00fer\u00edsettar st\u00f3lpara\u00f0ir, hv\u00f6r andsp\u00e6nis m\u00f3ti annarri.<a name=\"4\"><span class=\"versanumer\">4<\/span><\/a>Fyrir framan herbergin var gangr\u00fam, 10 \u00e1lna breitt, og \u00e1lnarbrei\u00f0ur st\u00edgur inn \u00ed h\u00fasin; herbergja dyrnar sneru til nor\u00f0urs.<a name=\"5\"><span class=\"versanumer\">5<\/span><\/a>Efstu herbergin voru l\u00e6gri en mi\u00f0herbergin og ne\u00f0stu herbergin, \u00fev\u00ed st\u00f3lparnir n\u00e1\u00f0u ekki til \u00feeirra;<a name=\"6\"><span class=\"versanumer\">6<\/span><\/a>\u00fev\u00ed \u00feau voru \u00fer\u00edloftu\u00f0, en h\u00f6f\u00f0u \u00f6ngvar sl\u00edkar sto\u00f0ir, sem voru \u00ed forg\u00f6r\u00f0unum, voru \u00feess vegna \u00fer\u00f6ngbygg\u00f0ari en ne\u00f0stu herbergin og mi\u00f0herbergin, sem risu fr\u00e1 grundvelli.<a name=\"7\"><span class=\"versanumer\">7<\/span><\/a>Utanvert me\u00f0 endil\u00f6ngum herbergjunum gekk m\u00farveggur m\u00f3ts vi\u00f0 ytra forgar\u00f0inn, upp a\u00f0 honum l\u00e1gu herbergin; hann var 50 \u00e1lna langur;<a name=\"8\"><span class=\"versanumer\">8<\/span><\/a>\u00fev\u00ed lengd herbergjanna m\u00f3ts vi\u00f0 ytra forgar\u00f0inn var 50 \u00e1lna, \u00fear sem framhli\u00f0in \u00e1 helgid\u00f3minum var 100 \u00e1lna.<a name=\"9\"><span class=\"versanumer\">9<\/span><\/a>Fr\u00e1 austri var inngangur ne\u00f0an a\u00f0 \u00feessum herbergjum, \u00feegar menn vildu ganga inn \u00ed \u00feau fr\u00e1 ytra forgar\u00f0inum.<a name=\"10\"><span class=\"versanumer\">10<\/span><\/a>S\u00f6mulei\u00f0is voru herbergi me\u00f0 endil\u00f6ngum forgar\u00f0sm\u00farnum a\u00f0 austanver\u00f0u, fyrir framan h\u00fasa\u00feorpi\u00f0 og frambygginguna;<a name=\"11\"><span class=\"versanumer\">11<\/span><\/a>fyrir framan \u00feau var gangr\u00fam, \u00f6llu deili eins og vi\u00f0 herbergin \u00e1 nor\u00f0urhli\u00f0inni; \u00feau voru jafnl\u00f6ng og jafnbrei\u00f0; allir \u00fatgangar \u00feeirra, allt skipulag og dyrumb\u00faningur var eins og \u00e1 hinum.<a name=\"12\"><span class=\"versanumer\">12<\/span><\/a>Eins voru dyrnar a\u00f0 \u00feeim herbergjum, sem vissu til su\u00f0urs; \u00fear voru dyr \u00e1, \u00fear sem gangr\u00fami\u00f0 byrja\u00f0i, \u00fea\u00f0 gangr\u00fam, sem l\u00e1 fram me\u00f0 \u00feeim beina m\u00far, er sneri m\u00f3t austri, hvar inn var gengi\u00f0.<a name=\"13\"><span class=\"versanumer\">13<\/span><\/a>Hann sag\u00f0i til m\u00edn: nor\u00f0urherbergin og su\u00f0urherbergin, sem liggja fyrir framan h\u00fasa\u00feorpi\u00f0, \u00feau eru heil\u00f6g herbergi, \u00ed hv\u00f6rjum \u00feeir kennimenn, sem n\u00e1l\u00e6gja sig Drottni, skulu neyta hinna helgustu f\u00f3rna; \u00fear skulu \u00feeir l\u00e1ta \u00fe\u00e6r helgustu f\u00f3rnir, matarf\u00f3rnina, syndaf\u00f3rnina og sektaf\u00f3rnina, \u00fev\u00ed \u00feetta er heilagur sta\u00f0ur.<a name=\"14\"><span class=\"versanumer\">14<\/span><\/a>\u00deegar kennimennirnir eru gengnir \u00feanga\u00f0 inn, \u00fe\u00e1 skulu \u00feeir ekki \u00fatfara af helgid\u00f3minum \u00ed hinn ytra forgar\u00f0, fyrr en \u00feeir hafa \u00fear lagt kl\u00e6\u00f0i s\u00edn af s\u00e9r, \u00ed hv\u00f6rjum \u00feeir emb\u00e6tta, \u00fev\u00ed \u00feau eru heil\u00f6g, og f\u00e6rt sig aftur \u00ed \u00f6nnur kl\u00e6\u00f0i, og gangi svo \u00feanga\u00f0 sem f\u00f3lki\u00f0 er.<br \/><a name=\"15\"><span class=\"versanumer\">15<\/span><\/a>\u00de\u00e1 hann haf\u00f0i m\u00e6lt allt musteri\u00f0 a\u00f0 innanver\u00f0u, leiddi hann mig \u00fat a\u00f0 austurportinu, og m\u00e6ldi musteri\u00f0 allt \u00ed kring.<a name=\"16\"><span class=\"versanumer\">16<\/span><\/a>Hann m\u00e6ldi austurhli\u00f0ina me\u00f0 m\u00e6likvar\u00f0anum, 500 m\u00e6listengur, eftir m\u00e6likvar\u00f0anum;<a name=\"17\"><span class=\"versanumer\">17<\/span><\/a>hann m\u00e6ldi nor\u00f0urhli\u00f0ina \u00e1 kvar\u00f0ann, 500 m\u00e6listengur;<a name=\"18\"><span class=\"versanumer\">18<\/span><\/a>hann m\u00e6ldi su\u00f0urhli\u00f0ina \u00e1 kvar\u00f0ann, 500 m\u00e6listengur;<a name=\"19\"><span class=\"versanumer\">19<\/span><\/a>s\u00ed\u00f0an sneri hann s\u00e9r a\u00f0 vesturhli\u00f0inni, og m\u00e6ldi me\u00f0 kvar\u00f0anum 500 m\u00e6listengur.<a name=\"20\"><span class=\"versanumer\">20<\/span><\/a>\u00deannig m\u00e6ldi hann m\u00farvegg musterisins allt um kring \u00e1 fj\u00f3rum hli\u00f0um, 500 m\u00e6listengur \u00e1 lengdina og 500 \u00e1 breiddina, til a\u00f0 skilja \u00fea\u00f0 heilaga fr\u00e1 \u00fev\u00ed \u00f3heilaga.<\/p>\n<div class=\"footnoteVidey\"><\/div>\n","protected":false},"excerpt":{"rendered":"<p>Um hli\u00f0arbygginguna hj\u00e1 forg\u00f6r\u00f0unum, 1\u201314; um m\u00e6ling \u00feess ysta m\u00farveggjar, 15\u201320. 1Hann leiddi mig n\u00fa \u00fat til hins ytra forgar\u00f0s, \u00feann veg sem liggur m\u00f3t nor\u00f0ri, og f\u00f3r me\u00f0 mig a\u00f0 \u00feeim herbergjum, sem l\u00e1gu gegnt h\u00fasa\u00feorpinu, og beint nor\u00f0ur fr\u00e1 frambyggingunni.2Herbergjast\u00e6\u00f0i\u00f0 var 100 \u00e1lna langt, fr\u00e1 nor\u00f0urportinu a\u00f0 telja, og 50 \u00e1lna breitt;3\u00fear af l\u00e1gu 20 \u00e1lnir gegnt innra forgar\u00f0inum, og eins margar gegnt steing\u00f3lfinu \u00ed ytra forgar\u00f0inum, hitt voru \u00fer\u00edsettar st\u00f3lpara\u00f0ir, hv\u00f6r andsp\u00e6nis m\u00f3ti annarri.4Fyrir framan herbergin var gangr\u00fam, 10 \u00e1lna breitt, og \u00e1lnarbrei\u00f0ur st\u00edgur inn \u00ed h\u00fasin; herbergja dyrnar sneru til nor\u00f0urs.5Efstu herbergin voru l\u00e6gri en mi\u00f0herbergin <a href=\"https:\/\/biblian.is\/videy\/esekiel-42-kafli\/\"> [&#8230;]<\/a><\/p>\n","protected":false},"author":1,"featured_media":0,"parent":0,"menu_order":0,"comment_status":"open","ping_status":"open","template":"bibliukaflar.php","meta":{"footnotes":""},"class_list":["post-21693","page","type-page","status-publish","hentry"],"_links":{"self":[{"href":"https:\/\/biblian.is\/videy\/wp-json\/wp\/v2\/pages\/21693","targetHints":{"allow":["GET"]}}],"collection":[{"href":"https:\/\/biblian.is\/videy\/wp-json\/wp\/v2\/pages"}],"about":[{"href":"https:\/\/biblian.is\/videy\/wp-json\/wp\/v2\/types\/page"}],"author":[{"embeddable":true,"href":"https:\/\/biblian.is\/videy\/wp-json\/wp\/v2\/users\/1"}],"replies":[{"embeddable":true,"href":"https:\/\/biblian.is\/videy\/wp-json\/wp\/v2\/comments?post=21693"}],"version-history":[{"count":0,"href":"https:\/\/biblian.is\/videy\/wp-json\/wp\/v2\/pages\/21693\/revisions"}],"wp:attachment":[{"href":"https:\/\/biblian.is\/videy\/wp-json\/wp\/v2\/media?parent=21693"}],"curies":[{"name":"wp","href":"https:\/\/api.w.org\/{rel}","templated":true}]}}