{"id":21690,"date":"2018-01-02T01:03:30","date_gmt":"2018-01-02T01:03:30","guid":{"rendered":"http:\/\/biblian.is\/videy\/esekiel-39-kafli\/"},"modified":"2018-01-02T01:03:30","modified_gmt":"2018-01-02T01:03:30","slug":"esekiel-39-kafli","status":"publish","type":"page","link":"https:\/\/biblian.is\/videy\/esekiel-39-kafli\/","title":{"rendered":"Esek\u00edel 39. kafli"},"content":{"rendered":"<div class=\"fyrirsognVidey\">Framhald um ey\u00f0ilegging Gogs, 1\u201324; var\u00f0veisla Gu\u00f0s f\u00f3lks, 25\u201329.<\/div>\n<p><a name=\"1\"><span class=\"versanumer\">1<\/span><\/a>\u00de\u00fa, mannsins son! sp\u00e1 \u00fe\u00fa \u00ed m\u00f3ti Gog, og seg: Svo segir Drottinn alvaldur: sj\u00e1, eg r\u00eds \u00ed m\u00f3ti \u00fe\u00e9r, Gog, \u00fe\u00fa \u00e6\u00f0sti h\u00f6f\u00f0ingi yfir Meseks og T\u00fabalsm\u00f6nnum;<a name=\"2\"><span class=\"versanumer\">2<\/span><\/a>eg skal sn\u00faa \u00fe\u00e9r \u00ed kr\u00f3k og kring, og fara me\u00f0 \u00feig hv\u00f6rt \u00e1 land sem eg vil: eg skal fara me\u00f0 \u00feig fr\u00e1 \u00feeim nyrstu lands\u00e1lfum, og flytja \u00feig upp \u00e1 \u00cdsraelsfj\u00f6ll;<a name=\"3\"><span class=\"versanumer\">3<\/span><\/a>\u00fe\u00e1 skal eg sl\u00e1 boga \u00feinn \u00far \u00feinni vinstri hendi, og l\u00e1ta \u00fe\u00ednar \u00f6rvar detta \u00far hinni h\u00e6gri.<a name=\"4\"><span class=\"versanumer\">4<\/span><\/a>\u00c1 \u00cdsraelsfj\u00f6llum skaltu falla, \u00fe\u00fa og allir \u00fe\u00ednir herskarar, og \u00fe\u00e6r \u00fej\u00f3\u00f0ir, sem eru \u00ed f\u00f6r me\u00f0 \u00fe\u00e9r; eg hefi \u00e6tla\u00f0 \u00feig til br\u00e1\u00f0ar handa r\u00e1nsfuglum, \u00f6llum flugd\u00fdrum og sk\u00f3gard\u00fdrum;<a name=\"5\"><span class=\"versanumer\">5<\/span><\/a>\u00e1 v\u00ed\u00f0avangi skaltu falla, \u00fev\u00ed eg hefi tala\u00f0 \u00fea\u00f0, segir Drottinn alvaldur.<a name=\"6\"><span class=\"versanumer\">6<\/span><\/a>Eg vil steypa eldi yfir Magog, og yfir \u00fe\u00e1, sem ugglausir b\u00faa \u00ed fjarl\u00e6gum strandbygg\u00f0um, svo \u00feeir skulu vi\u00f0urkenna, a\u00f0 eg em Drottinn.<a name=\"7\"><span class=\"versanumer\">7<\/span><\/a>Eg vil gj\u00f6ra mitt heilaga nafn kunnugt \u00e1 me\u00f0al m\u00edns f\u00f3lks, \u00cdsraelsmanna, og ekki framar l\u00e1ta vanhelga mitt heilaga nafn, og hei\u00f0ingjarnir skulu vi\u00f0urkenna, a\u00f0 eg em Drottinn, s\u00e1 heilagi \u00ed \u00cdsrael.<a name=\"8\"><span class=\"versanumer\">8<\/span><\/a>Sj\u00e1, \u00fea\u00f0 kemur fram, \u00fea\u00f0 er \u00feegar fram komi\u00f0, segir Drottinn alvaldur; \u00fea\u00f0 er s\u00e1 dagur, sem eg hefi tala\u00f0 um.<a name=\"9\"><span class=\"versanumer\">9<\/span><\/a>\u00deeir sem b\u00faa \u00ed \u00cdsraels borgum, skulu \u00fat ganga og eld kynda, og brenna upp hervopnin, b\u00faklarana, skj\u00f6lduna, bogana, \u00f6rvarnar, p\u00e1lstafina, lensurnar; \u00ed sj\u00f6 \u00e1r skulu \u00feeir elda \u00feessu;<a name=\"10\"><span class=\"versanumer\">10<\/span><\/a>\u00feeir skulu ekki \u00feurfa a\u00f0 s\u00e6kja vi\u00f0 \u00ed m\u00f6rkina e\u00f0a h\u00f6ggva tr\u00e9 \u00ed sk\u00f3gunum, \u00fev\u00ed \u00feeir skulu hafa vopnin fyrir eldivi\u00f0; \u00feeir skulu fletta \u00fe\u00e1, sem \u00fe\u00e1 flettu, og r\u00e6na \u00fe\u00e1, sem \u00fe\u00e1 r\u00e6ndu, segir Drottinn alvaldur.<a name=\"11\"><span class=\"versanumer\">11<\/span><\/a>\u00c1 \u00feeim degi vil eg veita Gog legsta\u00f0 samasta\u00f0ar \u00ed \u00cdsraelslandi, dal \u00feann, sem lei\u00f0 liggur um fyrir austan hafi\u00f0, og skulu \u00feeir, sem \u00fear fara um, ver\u00f0a a\u00f0 byrgja fyrir vit s\u00edn; og \u00fear skal Gog ver\u00f0a grafinn og allur hans mannfj\u00f6ldi, og skal s\u00e1 dalur kallast Gogsm\u00fagadalur.<a name=\"12\"><span class=\"versanumer\">12<\/span><\/a>\u00cdsraelsmenn skulu vera a\u00f0 \u00ed sj\u00f6 m\u00e1nu\u00f0i, a\u00f0 jar\u00f0a \u00fe\u00e1, \u00e1\u00f0ur \u00feeir f\u00e1i hreinsa\u00f0 landi\u00f0;<a name=\"13\"><span class=\"versanumer\">13<\/span><\/a>allt landsf\u00f3lki\u00f0 skal starfa a\u00f0 \u00feeim grefti, og s\u00e1 dagur, er eg augl\u00fdsi m\u00edna d\u00fdr\u00f0, skal ver\u00f0a \u00feeim til fr\u00e6g\u00f0ar, segir Drottinn alvaldur.<a name=\"14\"><span class=\"versanumer\">14<\/span><\/a>Vissir menn skulu ver\u00f0a tilteknir, sem fara skulu um landi\u00f0, og \u00feeir skulu, me\u00f0 tilhj\u00e1lp \u00feeirra sem um veginn fara, grafa \u00fe\u00e1, sem eftir hafa or\u00f0i\u00f0 ofanjar\u00f0ar, til \u00feess a\u00f0 hreinsa landi\u00f0. A\u00f0 li\u00f0num sj\u00f6 m\u00e1nu\u00f0um skulu menn taka til a\u00f0 rannsaka landi\u00f0;<a name=\"15\"><span class=\"versanumer\">15<\/span><\/a>fari \u00fe\u00e1 fer\u00f0amenn um landi\u00f0, og sj\u00e1i einhv\u00f6r \u00feeirra mannsbein, \u00fe\u00e1 skal hann hla\u00f0a \u00fear v\u00f6r\u00f0u hj\u00e1, svo a\u00f0 graftrarmennirnir geti s\u00ed\u00f0an jar\u00f0a\u00f0 \u00feau \u00ed Gogsm\u00fagadal;<a name=\"16\"><span class=\"versanumer\">16<\/span><\/a>\u00fear skal og borg nokkur nefnast M\u00fagaborg. \u00deannig skulu \u00feeir hreinsa landi\u00f0.<a name=\"17\"><span class=\"versanumer\">17<\/span><\/a>\u00de\u00fa mannsins son, svo segir Drottinn alvaldur: seg til fuglanna, allra flugd\u00fdra og allra sk\u00f3gard\u00fdra: safni\u00f0 y\u00f0ur saman og komi\u00f0, safnist a\u00f0 \u00far \u00f6llum \u00e1ttum til minnar sl\u00e1turveislu, sem eg held y\u00f0ur, til hinnar miklu sl\u00e1turveislunnar \u00e1 \u00cdsraelsfj\u00f6llum; eti\u00f0 kj\u00f6t, og drekki\u00f0 bl\u00f3\u00f0!<a name=\"18\"><span class=\"versanumer\">18<\/span><\/a>Kj\u00f6t hinna voldugu skulu\u00f0 \u00fe\u00e9r eta, og drekka bl\u00f3\u00f0 jar\u00f0arinnar h\u00f6f\u00f0ingja, bl\u00f3\u00f0 hr\u00fatanna, lambanna, hafranna, uxanna, sem allt er ali\u00f0 \u00e1 Basanshei\u00f0um.<a name=\"19\"><span class=\"versanumer\">19<\/span><\/a>\u00cd \u00feeirri sl\u00e1turveislu, sem eg held y\u00f0ur, skulu\u00f0 \u00fe\u00e9r eta m\u00f6rinn, uns \u00fe\u00e9r ver\u00f0i\u00f0 saddir, og drekka bl\u00f3\u00f0i\u00f0, uns \u00fe\u00e9r ver\u00f0i\u00f0 drukknir;<a name=\"20\"><span class=\"versanumer\">20<\/span><\/a>\u00fe\u00e9r skulu\u00f0 se\u00f0jast vi\u00f0 mitt bor\u00f0 af hestum og riddurum, af st\u00f3reflism\u00f6nnum og alls konar herm\u00f6nnum, segir Drottinn alvaldur.<a name=\"21\"><span class=\"versanumer\">21<\/span><\/a>\u00deannig vil eg kunngj\u00f6ra m\u00edna d\u00fdr\u00f0 me\u00f0al hei\u00f0ingjanna, og allar \u00fej\u00f3\u00f0ir skulu sj\u00e1 \u00feann d\u00f3m, sem eg framkv\u00e6mi, og m\u00edna h\u00f6nd, sem eg legg \u00e1 \u00fe\u00e1.<a name=\"22\"><span class=\"versanumer\">22<\/span><\/a>Upp fr\u00e1 \u00feeim degi og framvegis skulu \u00cdsraelsmenn vi\u00f0urkenna, a\u00f0 eg em Drottinn, \u00feeirra Gu\u00f0.<a name=\"23\"><span class=\"versanumer\">23<\/span><\/a>Hei\u00f0ingjarnir skulu ver\u00f0a a\u00f0 j\u00e1ta, a\u00f0 \u00cdsraelsmenn hlutu a\u00f0 fara \u00far landi einungis vegna misgj\u00f6r\u00f0a sinna; s\u00f6kum \u00feess \u00feeir h\u00f6f\u00f0u misbroti\u00f0 m\u00f3ti m\u00e9r, byrg\u00f0i eg mitt auglit fyrir \u00feeim, og seldi \u00fe\u00e1 \u00ed hendur \u00f3vina sinna, svo \u00feeir f\u00e9llu allir fyrir sver\u00f0seggjum.<a name=\"24\"><span class=\"versanumer\">24<\/span><\/a>Eg breytti vi\u00f0 \u00fe\u00e1, eins og \u00feeirra \u00f3t\u00e9rlegi lifna\u00f0ur og syndsamlega ath\u00e6fi haf\u00f0i til unni\u00f0, og byrg\u00f0i mitt auglit fyrir \u00feeim. <br \/><a name=\"25\"><span class=\"versanumer\">25<\/span><\/a>\u00dear fyrir segir Drottinn alvaldur svo: n\u00fa vil eg aftur heim lei\u00f0a \u00fe\u00e1 herleiddu Jakobsni\u00f0ja, og miskunna mig yfir alla \u00cdsraelsmenn og vandl\u00e6ta um mitt heilaga nafn.<a name=\"26\"><span class=\"versanumer\">26<\/span><\/a>\u00deegar \u00feeir b\u00faa \u00f3hultir \u00ed s\u00ednu landi, \u00e1n \u00feess nokkur hr\u00e6\u00f0i \u00fe\u00e1, \u00fe\u00e1 skulu \u00feeir finna til sinnar sv\u00edvir\u00f0ingar, og til allra \u00feeirra misgj\u00f6r\u00f0a, sem \u00feeir hafa dr\u00fdgt \u00e1 m\u00f3ti m\u00e9r.<a name=\"27\"><span class=\"versanumer\">27<\/span><\/a>\u00deegar eg lei\u00f0i \u00fe\u00e1 heim aftur fr\u00e1 \u00fej\u00f3\u00f0unum, og safna \u00feeim saman \u00far l\u00f6ndum \u00f3vina sinna, \u00fe\u00e1 skal eg ver\u00f0a helga\u00f0ur me\u00f0al \u00feeirra \u00ed augs\u00fdn margra hei\u00f0ingja.<a name=\"28\"><span class=\"versanumer\">28<\/span><\/a>\u00deeir skulu \u00fe\u00e1 vi\u00f0urkenna, a\u00f0 eg var Drottinn, \u00feeirra Gu\u00f0, b\u00e6\u00f0i \u00feegar eg herleiddi \u00fe\u00e1 me\u00f0al hei\u00f0ingjanna, og eins \u00feegar eg samansafna\u00f0i \u00feeim aftur \u00ed \u00feeirra land, \u00e1n \u00feess a\u00f0 l\u00e1ta \u00fear nokkurn \u00feeirra eftir ver\u00f0a.<a name=\"29\"><span class=\"versanumer\">29<\/span><\/a>Eg vil ekki framar byrgja m\u00edna \u00e1sj\u00f3nu fyrir \u00feeim, eftir a\u00f0 eg hefi \u00fathellt m\u00ednum anda <span class='VideyAth'>a)<\/span> yfir \u00cdsraelsmenn, segir Drottinn alvaldur.<\/p>\n<div class=\"footnoteVidey\">V. 29. a. Sj\u00e1 Kap. 36,27.<\/div>\n","protected":false},"excerpt":{"rendered":"<p>Framhald um ey\u00f0ilegging Gogs, 1\u201324; var\u00f0veisla Gu\u00f0s f\u00f3lks, 25\u201329. 1\u00de\u00fa, mannsins son! sp\u00e1 \u00fe\u00fa \u00ed m\u00f3ti Gog, og seg: Svo segir Drottinn alvaldur: sj\u00e1, eg r\u00eds \u00ed m\u00f3ti \u00fe\u00e9r, Gog, \u00fe\u00fa \u00e6\u00f0sti h\u00f6f\u00f0ingi yfir Meseks og T\u00fabalsm\u00f6nnum;2eg skal sn\u00faa \u00fe\u00e9r \u00ed kr\u00f3k og kring, og fara me\u00f0 \u00feig hv\u00f6rt \u00e1 land sem eg vil: eg skal fara me\u00f0 \u00feig fr\u00e1 \u00feeim nyrstu lands\u00e1lfum, og flytja \u00feig upp \u00e1 \u00cdsraelsfj\u00f6ll;3\u00fe\u00e1 skal eg sl\u00e1 boga \u00feinn \u00far \u00feinni vinstri hendi, og l\u00e1ta \u00fe\u00ednar \u00f6rvar detta \u00far hinni h\u00e6gri.4\u00c1 \u00cdsraelsfj\u00f6llum skaltu falla, \u00fe\u00fa og allir \u00fe\u00ednir herskarar, og \u00fe\u00e6r \u00fej\u00f3\u00f0ir, sem eru \u00ed <a href=\"https:\/\/biblian.is\/videy\/esekiel-39-kafli\/\"> [&#8230;]<\/a><\/p>\n","protected":false},"author":1,"featured_media":0,"parent":0,"menu_order":0,"comment_status":"open","ping_status":"open","template":"bibliukaflar.php","meta":{"footnotes":""},"class_list":["post-21690","page","type-page","status-publish","hentry"],"_links":{"self":[{"href":"https:\/\/biblian.is\/videy\/wp-json\/wp\/v2\/pages\/21690","targetHints":{"allow":["GET"]}}],"collection":[{"href":"https:\/\/biblian.is\/videy\/wp-json\/wp\/v2\/pages"}],"about":[{"href":"https:\/\/biblian.is\/videy\/wp-json\/wp\/v2\/types\/page"}],"author":[{"embeddable":true,"href":"https:\/\/biblian.is\/videy\/wp-json\/wp\/v2\/users\/1"}],"replies":[{"embeddable":true,"href":"https:\/\/biblian.is\/videy\/wp-json\/wp\/v2\/comments?post=21690"}],"version-history":[{"count":0,"href":"https:\/\/biblian.is\/videy\/wp-json\/wp\/v2\/pages\/21690\/revisions"}],"wp:attachment":[{"href":"https:\/\/biblian.is\/videy\/wp-json\/wp\/v2\/media?parent=21690"}],"curies":[{"name":"wp","href":"https:\/\/api.w.org\/{rel}","templated":true}]}}