{"id":21689,"date":"2018-01-02T01:03:22","date_gmt":"2018-01-02T01:03:22","guid":{"rendered":"http:\/\/biblian.is\/videy\/esekiel-38-kafli\/"},"modified":"2018-01-02T01:03:22","modified_gmt":"2018-01-02T01:03:22","slug":"esekiel-38-kafli","status":"publish","type":"page","link":"https:\/\/biblian.is\/videy\/esekiel-38-kafli\/","title":{"rendered":"Esek\u00edel 38. kafli"},"content":{"rendered":"<div class=\"fyrirsognVidey\">\u00datlendar \u00fej\u00f3\u00f0ir, kalla\u00f0ar Magog, \u00e1ttu einhv\u00f6rn t\u00edma a\u00f0 brj\u00f3tast inn \u00ed \u00cdsraelsland me\u00f0 \u00f3v\u00edgan her undir herstj\u00f3rn Gogs, 1\u201317; ey\u00f0ilegging \u00feeirra, 18\u201323.<\/div>\n<p><a name=\"1\"><span class=\"versanumer\">1<\/span><\/a>Drottinn tala\u00f0i til m\u00edn svol\u00e1tandi or\u00f0um:<a name=\"2\"><span class=\"versanumer\">2<\/span><\/a>\u00fe\u00fa mannsins son, sn\u00fa \u00fe\u00e9r \u00ed m\u00f3ti Gog \u00ed Magogslandi, \u00feeim \u00e6\u00f0sta h\u00f6f\u00f0ingja yfir Meseks- og T\u00fabalsm\u00f6nnum, og sp\u00e1 \u00ed m\u00f3ti honum,<a name=\"3\"><span class=\"versanumer\">3<\/span><\/a>og seg: Svo segir Drottinn alvaldur: sj\u00e1, eg r\u00eds \u00ed m\u00f3ti \u00fe\u00e9r, Gog, \u00fe\u00fa \u00e6\u00f0sti h\u00f6f\u00f0ingi Meseks og T\u00fabalsmanna;<a name=\"4\"><span class=\"versanumer\">4<\/span><\/a>eg skal st\u00fdra \u00fe\u00e9r, leggja bitil \u00ed munn \u00fe\u00e9r, og lei\u00f0a \u00feig \u00fat me\u00f0 \u00f6llu \u00fe\u00ednu herli\u00f0i, hestum og riddurum, \u00f6llum me\u00f0 alvepni, miklum mannfj\u00f6lda, me\u00f0 skj\u00f6ldu og buklara, og skulu allir hafa sver\u00f0 \u00ed h\u00f6ndum s\u00e9r:<a name=\"5\"><span class=\"versanumer\">5<\/span><\/a>\u00ed f\u00f6r me\u00f0 \u00feeim eru Persar, Bl\u00e1lendingar og M\u00f3rlendingar, allir me\u00f0 b\u00faklurum og hj\u00e1lmum;<a name=\"6\"><span class=\"versanumer\">6<\/span><\/a>Simmer\u00edar og allir \u00feeirra herskarar, Armen\u00edar fr\u00e1 \u00feeim nyrstu l\u00f6ndum og allir herflokkar \u00feeirra; margar \u00fej\u00f3\u00f0ir hefir \u00fe\u00fa \u00ed f\u00f6r me\u00f0 \u00fe\u00e9r.<a name=\"7\"><span class=\"versanumer\">7<\/span><\/a>B\u00fa \u00feig \u00fat, og haf \u00feig til taks, \u00fe\u00fa og allur \u00feinn mannfj\u00f6ldi, sem \u00fe\u00fa hefir a\u00f0 \u00fe\u00e9r dregi\u00f0, og vert h\u00f6fu\u00f0sma\u00f0ur \u00feeirra1<a name=\"8\"><span class=\"versanumer\">8<\/span><\/a>\u00de\u00fa skalt vera foringi li\u00f0sins \u00ed langa t\u00edma, en \u00e1 s\u00ed\u00f0ustu \u00e1runum skaltu fara inn \u00ed \u00fea\u00f0 landi\u00f0, sem frelsa\u00f0 er undan sver\u00f0inu, hv\u00f6rs innb\u00faar eru samansafna\u00f0ir fr\u00e1 m\u00f6rgum \u00fej\u00f3\u00f0um, til \u00cdsraelsfjalla, sem lengi h\u00f6f\u00f0u \u00ed ey\u00f0i legi\u00f0, hv\u00f6rs innb\u00faar eru \u00fatleiddir fr\u00e1 \u00fej\u00f3\u00f0unum og b\u00faa \u00fear allir \u00ed fri\u00f0i.<a name=\"9\"><span class=\"versanumer\">9<\/span><\/a>\u00de\u00fa skalt brj\u00f3tast fram, og koma eins og stormbylur; \u00fe\u00fa og allir \u00fe\u00ednir herflokkar, og mannfj\u00f6ldinn, sem me\u00f0 \u00fe\u00e9r er, skal hylja landi\u00f0 eins og sk\u00fdmokkur.<a name=\"10\"><span class=\"versanumer\">10<\/span><\/a>Svo segir Drottinn alvaldur: \u00e1 \u00feeim degi munu hugsanir upp renna \u00ed \u00fe\u00ednu hjarta, og \u00fe\u00fa munt hafa illa fyrir\u00e6tlan me\u00f0 h\u00f6ndum;<a name=\"11\"><span class=\"versanumer\">11<\/span><\/a>\u00fe\u00fa munt segja: eg vil brj\u00f3tast inn \u00ed \u00feetta land, sem liggur opi\u00f0 og \u00f6ndvert fyrir m\u00e9r, va\u00f0a \u00fear upp \u00e1 landsmenn, sem b\u00faa \u00ed fri\u00f0i \u00f3hultir, \u00e1n \u00feess nokkur \u00feeirra hafi m\u00farveggi, slagbranda e\u00f0a borgarhli\u00f0;<a name=\"12\"><span class=\"versanumer\">12<\/span><\/a>svo \u00fe\u00fa megir fara \u00fear me\u00f0 r\u00e1n og rifs, og leggja aftur hendur \u00e1 n\u00fduppbygg\u00f0a ey\u00f0ista\u00f0i, og \u00e1 \u00fe\u00e1 \u00fej\u00f3\u00f0, sem samans\u00f6fnu\u00f0 er \u00far \u00fdmsum l\u00f6ndum, og hefir n\u00fa afla\u00f0 s\u00e9r b\u00fafj\u00e1r og eigna, og b\u00fdr \u00e1 h\u00e1lendinu.<a name=\"13\"><span class=\"versanumer\">13<\/span><\/a>Seba og Dedan, verslunarmenn Tarsisborgar og v\u00edkingar <span class='VideyAth'>a)<\/span> \u00feeirra munu segja til \u00fe\u00edn: ertu kominn til a\u00f0 r\u00e6na? hefir \u00fe\u00fa dregi\u00f0 saman li\u00f0safla \u00feinn til a\u00f0 afla herfangs, raka saman gulli og silfri, flytja burt b\u00faf\u00e9 og gripi, og fremja mikinn herskap?<a name=\"14\"><span class=\"versanumer\">14<\/span><\/a>\u00dear fyrir sp\u00e1 \u00fe\u00fa, mannsins son, og seg vi\u00f0 Gog: Svo segir Drottinn alvaldur:<a name=\"15\"><span class=\"versanumer\">15<\/span><\/a>\u00fe\u00fa vilt vita, hv\u00f6n\u00e6r mitt f\u00f3lk, \u00cdsraelsmenn, uggir ekki a\u00f0 s\u00e9r; \u00fe\u00e1 \u00e6tlar\u00f0u a\u00f0 koma fr\u00e1 st\u00f6\u00f0vum \u00fe\u00ednum, fr\u00e1 \u00feeim nyrstu lands\u00e1lfum, \u00fe\u00fa og margar \u00fej\u00f3\u00f0ir me\u00f0 \u00fe\u00e9r, allar r\u00ed\u00f0andi \u00e1 hestum, mikill herskari og fj\u00f6lmennur li\u00f0styrkur;<a name=\"16\"><span class=\"versanumer\">16<\/span><\/a>\u00fe\u00e1 \u00e6tlar\u00f0u a\u00f0 va\u00f0a upp \u00e1 mitt f\u00f3lk, \u00cdsraelsmenn, og hylja landi\u00f0 sem sk\u00fdmokkur. \u00deetta mun ver\u00f0a \u00e1 s\u00ed\u00f0ustu d\u00f6gunum; \u00fe\u00e1 vil eg lei\u00f0a \u00feig inn \u00ed mitt land, til \u00feess a\u00f0 hei\u00f0ingjarnir l\u00e6ri a\u00f0 \u00feekkja mig, \u00feegar eg augl\u00fdsi minn heilagleik \u00e1 \u00fe\u00e9r, Gog, \u00ed augs\u00fdn \u00feeirra.<a name=\"17\"><span class=\"versanumer\">17<\/span><\/a>Svo segir Drottinn alvaldur: ert\u00fa ekki s\u00e1, um hv\u00f6rn eg hefi tala\u00f0 \u00ed forn\u00f6ld fyrir munn \u00fej\u00f3na minna, \u00cdsraels sp\u00e1manna, sem \u00e1 \u00feeim d\u00f6gum sp\u00e1\u00f0u um \u00feau \u00e1r, \u00fe\u00e1 eg mundi lei\u00f0a \u00feig m\u00f3ti \u00feeim? <br \/><a name=\"18\"><span class=\"versanumer\">18<\/span><\/a>\u00c1 \u00feeim degi er Gog fer m\u00f3ti \u00cdsraelslandi, \u00fe\u00e1 skal\u2014segir Drottinn alvaldur\u2014m\u00edn heiftarrei\u00f0i upptendrast;<a name=\"19\"><span class=\"versanumer\">19<\/span><\/a>\u00ed minni vandl\u00e6tingu, \u00ed minni brennandi rei\u00f0i tala eg: sannarlega skal \u00e1 \u00feeim degi ver\u00f0a st\u00f3r skelfing \u00ed \u00cdsraelslandi:<a name=\"20\"><span class=\"versanumer\">20<\/span><\/a>fyrir m\u00ednu augliti skulu skj\u00e1lfa fiskar sj\u00e1varins, fuglar himinsins, d\u00fdr sk\u00f3garins, \u00f6ll skri\u00f0kvikindi jar\u00f0ar, og allir menn, sem \u00e1 jar\u00f0r\u00edki b\u00faa; fj\u00f6llin skulu kollvarpast, brattir hamrar hrynja, og hv\u00f6r m\u00farveggur til jar\u00f0ar falla.<a name=\"21\"><span class=\"versanumer\">21<\/span><\/a>Eg vil kalla til vopna m\u00f3ti honum \u00e1 \u00f6llum m\u00ednum fj\u00f6llum, segir Drottinn alvaldur, svo hv\u00f6rt sver\u00f0i\u00f0 skal reka sig \u00e1 anna\u00f0;<a name=\"22\"><span class=\"versanumer\">22<\/span><\/a>eg vil halda d\u00f3m yfir honum me\u00f0 dreps\u00f3tt og bl\u00f3\u00f0s\u00fathellingu: steypihr\u00ed\u00f0um, haglsteinum, eldi og brennusteini vil eg rigna l\u00e1ta yfir hann og herflokka hans og yfir \u00feann mikla mannfj\u00f6lda, sem me\u00f0 honum er.<a name=\"23\"><span class=\"versanumer\">23<\/span><\/a>Eg vil augl\u00fdsa mig d\u00fdr\u00f0legan og heilagan, og gj\u00f6ra mig alkunnan \u00ed augs\u00fdn margra hei\u00f0ingja, svo a\u00f0 \u00feeir skulu vi\u00f0urkenna, a\u00f0 eg em Drottinn.<\/p>\n<div class=\"footnoteVidey\">V. 13. a. E\u00f0a ungir kappar og herdrengir; \u00e1 hebr. lj\u00f3nsk\u00e1lfar.<\/div>\n","protected":false},"excerpt":{"rendered":"<p>\u00datlendar \u00fej\u00f3\u00f0ir, kalla\u00f0ar Magog, \u00e1ttu einhv\u00f6rn t\u00edma a\u00f0 brj\u00f3tast inn \u00ed \u00cdsraelsland me\u00f0 \u00f3v\u00edgan her undir herstj\u00f3rn Gogs, 1\u201317; ey\u00f0ilegging \u00feeirra, 18\u201323. 1Drottinn tala\u00f0i til m\u00edn svol\u00e1tandi or\u00f0um:2\u00fe\u00fa mannsins son, sn\u00fa \u00fe\u00e9r \u00ed m\u00f3ti Gog \u00ed Magogslandi, \u00feeim \u00e6\u00f0sta h\u00f6f\u00f0ingja yfir Meseks- og T\u00fabalsm\u00f6nnum, og sp\u00e1 \u00ed m\u00f3ti honum,3og seg: Svo segir Drottinn alvaldur: sj\u00e1, eg r\u00eds \u00ed m\u00f3ti \u00fe\u00e9r, Gog, \u00fe\u00fa \u00e6\u00f0sti h\u00f6f\u00f0ingi Meseks og T\u00fabalsmanna;4eg skal st\u00fdra \u00fe\u00e9r, leggja bitil \u00ed munn \u00fe\u00e9r, og lei\u00f0a \u00feig \u00fat me\u00f0 \u00f6llu \u00fe\u00ednu herli\u00f0i, hestum og riddurum, \u00f6llum me\u00f0 alvepni, miklum mannfj\u00f6lda, me\u00f0 skj\u00f6ldu og buklara, og skulu allir hafa sver\u00f0 <a href=\"https:\/\/biblian.is\/videy\/esekiel-38-kafli\/\"> [&#8230;]<\/a><\/p>\n","protected":false},"author":1,"featured_media":0,"parent":0,"menu_order":0,"comment_status":"open","ping_status":"open","template":"bibliukaflar.php","meta":{"footnotes":""},"class_list":["post-21689","page","type-page","status-publish","hentry"],"_links":{"self":[{"href":"https:\/\/biblian.is\/videy\/wp-json\/wp\/v2\/pages\/21689","targetHints":{"allow":["GET"]}}],"collection":[{"href":"https:\/\/biblian.is\/videy\/wp-json\/wp\/v2\/pages"}],"about":[{"href":"https:\/\/biblian.is\/videy\/wp-json\/wp\/v2\/types\/page"}],"author":[{"embeddable":true,"href":"https:\/\/biblian.is\/videy\/wp-json\/wp\/v2\/users\/1"}],"replies":[{"embeddable":true,"href":"https:\/\/biblian.is\/videy\/wp-json\/wp\/v2\/comments?post=21689"}],"version-history":[{"count":0,"href":"https:\/\/biblian.is\/videy\/wp-json\/wp\/v2\/pages\/21689\/revisions"}],"wp:attachment":[{"href":"https:\/\/biblian.is\/videy\/wp-json\/wp\/v2\/media?parent=21689"}],"curies":[{"name":"wp","href":"https:\/\/api.w.org\/{rel}","templated":true}]}}