{"id":21687,"date":"2018-01-02T01:03:22","date_gmt":"2018-01-02T01:03:22","guid":{"rendered":"http:\/\/biblian.is\/videy\/esekiel-36-kafli\/"},"modified":"2018-01-02T01:03:22","modified_gmt":"2018-01-02T01:03:22","slug":"esekiel-36-kafli","status":"publish","type":"page","link":"https:\/\/biblian.is\/videy\/esekiel-36-kafli\/","title":{"rendered":"Esek\u00edel 36. kafli"},"content":{"rendered":"<div class=\"fyrirsognVidey\">Fyrirheit Gu\u00f0s um frelsun Gy\u00f0inga.<\/div>\n<p><a name=\"1\"><span class=\"versanumer\">1<\/span><\/a>En \u00fe\u00fa mannsins son, sp\u00e1 fyrir \u00cdsraelsfj\u00f6llum, og seg: heyri\u00f0 or\u00f0 Drottins, \u00fe\u00e9r \u00cdsraelsfj\u00f6ll!<a name=\"2\"><span class=\"versanumer\">2<\/span><\/a>Svo segir Drottinn alvaldur: af \u00fev\u00ed \u00f3vinurinn hlakkar yfir y\u00f0ur, og segir: n\u00fa eru \u00fe\u00e6r eil\u00edfu h\u00e6\u00f0irnar <span class='VideyAth'>c)<\/span> or\u00f0nar vor eign:<a name=\"3\"><span class=\"versanumer\">3<\/span><\/a>\u00fear fyrir sp\u00e1 \u00fe\u00fa, og seg: Svo segir Drottinn alvaldur: s\u00f6kum \u00feess \u00feeir vilja ey\u00f0ileggja og uppsvelgja y\u00f0ur alla vega, svo \u00fe\u00e9r ver\u00f0i\u00f0 eign \u00feeirra eftiror\u00f0nu hei\u00f0ingja <span class='VideyAth'>d)<\/span>, og af \u00fev\u00ed \u00fe\u00e9r eru\u00f0 komnir \u00ed or\u00f0r\u00e6\u00f0u manna og or\u00f0nir fyrir \u00e1m\u00e6li f\u00f3lks:<a name=\"4\"><span class=\"versanumer\">4<\/span><\/a>\u00fear fyrir heyri\u00f0 or\u00f0 Drottins hins alvalda, \u00fe\u00e9r \u00cdsraelsfj\u00f6ll: Svo segir Drottinn alvaldur til fjallanna og h\u00e1lsanna, til l\u00e6kjanna og dalanna, til \u00feeirra \u00f3bygg\u00f0u ey\u00f0imarka og yfirgefnu borga, sem or\u00f0nar eru \u00feeim eftiror\u00f0nu hei\u00f0ingjum umhverfis y\u00f0ur a\u00f0 herfangi og h\u00e6\u00f0nisefni;<a name=\"5\"><span class=\"versanumer\">5<\/span><\/a>\u00fear fyrir, svo segir Drottinn alvaldur: sannlega tala eg \u00ed minni brennandi vandl\u00e6tingu \u00e1 m\u00f3ti \u00feeim eftiror\u00f0nu hei\u00f0ingjum, og \u00e1 m\u00f3ti \u00fev\u00ed gj\u00f6rvalla Edomslandi, sem me\u00f0 allshugar f\u00f6gnu\u00f0i og ofdrambi hefir \u00e6tla\u00f0 s\u00e9r mitt land til eignar, til \u00feess a\u00f0 gj\u00f6rey\u00f0a \u00fea\u00f0 me\u00f0 r\u00e1num.<a name=\"6\"><span class=\"versanumer\">6<\/span><\/a>Sp\u00e1 \u00fe\u00fa \u00feess vegna fyrir \u00cdsraelslandi, og seg til fjallanna, h\u00e1lsanna, l\u00e6kjanna og dalanna: Svo segir Drottinn alvaldur, sj\u00e1, eg tala \u00ed minni vandl\u00e6tingu og \u00ed minni heiftarrei\u00f0i; s\u00f6kum \u00feess \u00fe\u00e9r ver\u00f0i\u00f0 a\u00f0 \u00feola h\u00e1\u00f0ungar hei\u00f0ingjanna,<a name=\"7\"><span class=\"versanumer\">7<\/span><\/a>\u00fear fyrir\u2014svo segir Drottinn alvaldur\u2014sver eg me\u00f0 upplyftri hendi: \u00feeir hei\u00f0ingjar, sem b\u00faa umhverfis y\u00f0ur, \u00feeir skulu sj\u00e1lfir bera s\u00edna h\u00e1\u00f0ung:<a name=\"8\"><span class=\"versanumer\">8<\/span><\/a>en \u00fe\u00e9r \u00cdsraelsfj\u00f6ll skulu\u00f0 skj\u00f3ta kvistum og bera y\u00f0ar \u00e1v\u00f6xt handa m\u00ednu f\u00f3lki \u00cdsrael; \u00feessi umskipti munu br\u00e1\u00f0um ver\u00f0a,<a name=\"9\"><span class=\"versanumer\">9<\/span><\/a>\u00fev\u00ed, sj\u00e1i\u00f0! eg vil koma til y\u00f0ar, eg vil sn\u00faa m\u00ednu augliti til y\u00f0ar, og \u00fe\u00e1 skulu\u00f0 \u00fe\u00e9r ver\u00f0a yrkt og s\u00e1\u00f0:<a name=\"10\"><span class=\"versanumer\">10<\/span><\/a>eg vil fj\u00f6lga f\u00f3lkinu \u00e1 y\u00f0ur, gj\u00f6rv\u00f6llum \u00cdsraelsl\u00fd\u00f0, borgirnar skulu aftur bygg\u00f0ar ver\u00f0a, og ey\u00f0ib\u00fdlin reist a\u00f0 n\u00fdu;<a name=\"11\"><span class=\"versanumer\">11<\/span><\/a>eg vil fj\u00f6lga \u00e1 y\u00f0ur f\u00f3lki og f\u00e9: \u00fea\u00f0 skal margfaldast og \u00e6xlast, og eg skal l\u00e1ta y\u00f0ur ver\u00f0a fj\u00f6lbygg\u00f0, eins og \u00fe\u00e9r voru\u00f0 \u00ed fyrndinni, og gj\u00f6ra y\u00f0ur meira gott, enn \u00e1\u00f0ur fyrr, svo \u00fe\u00e9r skulu\u00f0 vi\u00f0urkenna, a\u00f0 eg em Drottinn.<a name=\"12\"><span class=\"versanumer\">12<\/span><\/a>Eg vil l\u00e1ta menn hafa umg\u00f6ngu um y\u00f0ur, \u00fea\u00f0 skal vera mitt f\u00f3lk, \u00cdsraelsmenn; \u00feeir skulu eignast \u00feig <span class='VideyAth'>(\u00cdsraelsland!)<\/span>, og \u00fe\u00fa skalt vera \u00feeirra eign; \u00fe\u00fa skalt ekki framar gj\u00f6ra \u00fe\u00e1 barnlausa.<a name=\"13\"><span class=\"versanumer\">13<\/span><\/a>Svo segir Drottinn alvaldur: af \u00fev\u00ed menn segja um y\u00f0ur: \u00fe\u00fa fargar mannf\u00f3lkinu, og gj\u00f6rir \u00fe\u00edna \u00fej\u00f3\u00f0 barnlausa:<a name=\"14\"><span class=\"versanumer\">14<\/span><\/a>\u00feess vegna skalt \u00fe\u00fa ekki framar m\u00f6nnum farga, og ekki framar gj\u00f6ra \u00fe\u00edna \u00fej\u00f3\u00f0 barnlausa, segir Drottinn alvaldur.<a name=\"15\"><span class=\"versanumer\">15<\/span><\/a>Eg skal ekki framar heyrast l\u00e1ta h\u00e1\u00f0syr\u00f0i hei\u00f0ingjanna um \u00feig, og \u00fe\u00fa skalt ekki framar liggja undir \u00e1m\u00e6li \u00fej\u00f3\u00f0anna; \u00fe\u00fa skalt ekki framar gj\u00f6ra \u00fe\u00edna \u00fej\u00f3\u00f0 barnlausa, segir Drottinn alvaldur.<br \/><a name=\"16\"><span class=\"versanumer\">16<\/span><\/a>Drottinn tala\u00f0i til m\u00edn svol\u00e1tandi or\u00f0um:<a name=\"17\"><span class=\"versanumer\">17<\/span><\/a>\u00fe\u00fa mannsins son! \u00feegar \u00cdsraelsmenn bjuggu \u00ed s\u00ednu landi, saurgu\u00f0u \u00feeir \u00fea\u00f0 me\u00f0 s\u00ednu ath\u00e6fi og verkum, svo a\u00f0 breytni \u00feeirra var\u00f0 hin vi\u00f0urstyggilegasta \u00ed m\u00ednum augum.<a name=\"18\"><span class=\"versanumer\">18<\/span><\/a>\u00de\u00e1 \u00fatj\u00f3s eg yfir \u00fe\u00e1 minni heiftarrei\u00f0i s\u00f6kum \u00feess bl\u00f3\u00f0s, sem \u00feeir h\u00f6f\u00f0u \u00fathellt \u00ed landinu, og sakir \u00feeirra skur\u00f0go\u00f0a, sem \u00feeir h\u00f6f\u00f0u saurga\u00f0 landi\u00f0 me\u00f0;<a name=\"19\"><span class=\"versanumer\">19<\/span><\/a>eg tv\u00edstra\u00f0i \u00feeim me\u00f0al hei\u00f0ingjanna, svo a\u00f0 \u00feeir dreif\u00f0ust \u00fat um l\u00f6ndin; eftir \u00feeirra verkum og breytni d\u00e6mdi eg \u00fe\u00e1.<a name=\"20\"><span class=\"versanumer\">20<\/span><\/a>\u00deegar \u00feeir komu me\u00f0al hei\u00f0ingjanna, vanhelgu\u00f0u \u00feeir mitt heilaga nafn, hvar sem \u00feeir komu, svo a\u00f0 um \u00fe\u00e1 var sagt: \u00feetta er Drottins f\u00f3lk, sem var\u00f0 a\u00f0 fara burt \u00far landi hans!<a name=\"21\"><span class=\"versanumer\">21<\/span><\/a>og mig t\u00f3k \u00fea\u00f0 s\u00e1rt, a\u00f0 \u00cdsraelsni\u00f0jar skyldu svo vanhelga mitt heilaga nafn me\u00f0al hei\u00f0ingjanna, hvar sem \u00feeir komu.<a name=\"22\"><span class=\"versanumer\">22<\/span><\/a>Seg \u00feess vegna til \u00cdsraelsni\u00f0ja: Svo segir Drottinn alvaldur: eg gj\u00f6ri \u00fea\u00f0 ekki <span class='VideyAth'>a)<\/span> fyrir y\u00f0ar sakir, \u00cdsraelsmenn, heldur fyrir sakir m\u00edns heilaga nafns, sem \u00fe\u00e9r hafi\u00f0 vanhelga\u00f0 me\u00f0al hei\u00f0ingjanna, hvar sem \u00fe\u00e9r komu\u00f0.<a name=\"23\"><span class=\"versanumer\">23<\/span><\/a>Eg vil helga mitt hi\u00f0 mikla nafn, sem vanhelga\u00f0 er me\u00f0al hei\u00f0ingjanna, sem \u00fe\u00e9r hafi\u00f0 vanhelga\u00f0 mitt \u00e1 me\u00f0al \u00feeirra, svo a\u00f0 hei\u00f0ingjarnir skulu vi\u00f0urkenna, a\u00f0 eg em Drottinn\u2014segir Drottinn alvaldur\u2014\u00feegar eg augl\u00fdsi \u00e1 y\u00f0ur minn heilagleik \u00ed augs\u00fdn \u00feeirra.<a name=\"24\"><span class=\"versanumer\">24<\/span><\/a>Eg vil s\u00e6kja y\u00f0ur til hei\u00f0inna \u00fej\u00f3\u00f0a, og samansafna y\u00f0ur fr\u00e1 \u00f6llum l\u00f6ndum, og lei\u00f0a y\u00f0ur inn \u00ed y\u00f0ar land.<a name=\"25\"><span class=\"versanumer\">25<\/span><\/a>Eg vil st\u00f6kkva hreinu vatni \u00e1 y\u00f0ur, svo \u00fe\u00e9r skulu\u00f0 ver\u00f0a hreinir; eg vil hreinsa y\u00f0ur af \u00f6llum y\u00f0ar \u00f3hreinindum og skur\u00f0go\u00f0um;<a name=\"26\"><span class=\"versanumer\">26<\/span><\/a>eg vil gefa y\u00f0ur n\u00fdtt hjarta, og koma n\u00fdjum anda \u00ed y\u00f0ar brj\u00f3st; eg vil taka steinhjarta\u00f0 \u00far brj\u00f3sti y\u00f0ar, og gefa y\u00f0ur aftur anna\u00f0 af holdi:<a name=\"27\"><span class=\"versanumer\">27<\/span><\/a>og m\u00ednum anda vil eg koma \u00ed y\u00f0ar hjartans grunn, og til vegar koma, a\u00f0 \u00fe\u00e9r lifi\u00f0 eftir m\u00ednum l\u00f6gum, g\u00e6ti\u00f0 minna bo\u00f0or\u00f0a og breyti\u00f0 eftir \u00feeim;<a name=\"28\"><span class=\"versanumer\">28<\/span><\/a>\u00fe\u00e9r skulu\u00f0 b\u00faa \u00ed \u00fev\u00ed landinu, sem eg gaf y\u00f0ar fe\u00f0rum; \u00fe\u00e9r skulu\u00f0 vera mitt f\u00f3lk, og eg vil vera y\u00f0ar Gu\u00f0,<a name=\"29\"><span class=\"versanumer\">29<\/span><\/a>og frelsa y\u00f0ur fr\u00e1 \u00f6llum y\u00f0ar \u00f3hreinleika. Eg vil kalla \u00e1 korni\u00f0 og margfalda \u00fea\u00f0, og ekkert hall\u00e6ri vil eg l\u00e1ta yfir y\u00f0ur koma;<a name=\"30\"><span class=\"versanumer\">30<\/span><\/a>eg vil margfalda \u00e1v\u00f6xt trj\u00e1nna og jar\u00f0arinnar gr\u00f3\u00f0a, svo a\u00f0 hei\u00f0ingjarnir skulu ekki framar \u00feurfa a\u00f0 breg\u00f0a y\u00f0ur um hall\u00e6ri.<a name=\"31\"><span class=\"versanumer\">31<\/span><\/a>\u00de\u00e1 munu\u00f0 \u00fe\u00e9r minnast y\u00f0ar vondu breytni og illu verka; y\u00f0ur mun bj\u00f3\u00f0a vi\u00f0 sj\u00e1lfum y\u00f0ur s\u00f6kum y\u00f0varra misgj\u00f6r\u00f0a og vi\u00f0urstygg\u00f0a.<a name=\"32\"><span class=\"versanumer\">32<\/span><\/a>Eg gj\u00f6ri \u00feetta ekki fyrir y\u00f0ar skuld,\u2014segir Drottinn alvaldur,\u2014\u00fea\u00f0 skulu\u00f0 \u00fe\u00e9r vita! Blyg\u00f0ist og skammist y\u00f0ar fyrir y\u00f0ar breytni, \u00fe\u00e9r \u00cdsraelsmenn!<a name=\"33\"><span class=\"versanumer\">33<\/span><\/a>Svo segir Drottinn alvaldur: \u00e1 \u00feeim degi er eg hreinsa y\u00f0ur af \u00f6llum y\u00f0ar misgj\u00f6r\u00f0um og gef y\u00f0ur sta\u00f0ina til \u00edb\u00fa\u00f0ar, \u00feegar \u00fea\u00f0 ni\u00f0urbrotna ver\u00f0ur uppbyggt,<a name=\"34\"><span class=\"versanumer\">34<\/span><\/a>og \u00fea\u00f0 ey\u00f0ilag\u00f0a land yrkt, \u00ed sta\u00f0 \u00feess a\u00f0 \u00fea\u00f0 \u00e1\u00f0ur var eins og au\u00f0n \u00ed augum allra umfarenda:<a name=\"35\"><span class=\"versanumer\">35<\/span><\/a>\u00fe\u00e1 mun sagt ver\u00f0a: \u00feetta land, sem \u00e1\u00f0ur var eins og ey\u00f0im\u00f6rk, er n\u00fa or\u00f0i\u00f0 sem Edensgar\u00f0ur, og \u00fe\u00e6r ni\u00f0urbrotnu, ey\u00f0il\u00f6g\u00f0u og umturnu\u00f0u borgir eru n\u00fa bygg\u00f0ar sem ramgj\u00f6r virki;<a name=\"36\"><span class=\"versanumer\">36<\/span><\/a>og \u00fe\u00e6r \u00fej\u00f3\u00f0ir, sem eftir eru or\u00f0nar kringum y\u00f0ur, skulu vi\u00f0urkenna, a\u00f0 eg Drottinn hefi uppbyggt \u00fea\u00f0 sem umturna\u00f0 var, og gr\u00f3\u00f0ursett \u00fea\u00f0 sem \u00ed ey\u00f0i var lagt. Eg Drottinn tala og framkv\u00e6mi.<a name=\"37\"><span class=\"versanumer\">37<\/span><\/a>Svo segir Drottinn alvaldur: \u00fe\u00e1 b\u00f3n skal eg enn veita \u00cdsraelsm\u00f6nnum: eg skal fj\u00f6lga \u00feeim, svo \u00far \u00feeim ver\u00f0i mannhj\u00f6r\u00f0,<a name=\"38\"><span class=\"versanumer\">38<\/span><\/a>heil\u00f6g hj\u00f6r\u00f0, eins og s\u00fa hj\u00f6r\u00f0, sem f\u00f3rnf\u00e6r\u00f0 er \u00ed Jer\u00fasalem \u00e1 l\u00f6gh\u00e1t\u00ed\u00f0um, \u00feannig skulu \u00fe\u00e6r ey\u00f0il\u00f6g\u00f0u borgir fyllast af mannhj\u00f6r\u00f0um, og \u00feeir skulu vi\u00f0urkenna, a\u00f0 eg em Drottinn.<\/p>\n<div class=\"footnoteVidey\">V. 2. c. \u00de. e. \u00cdsraelsland, Gy\u00f0inganna eil\u00edfa eign.  V. 3. d. \u00deeirra sem komist h\u00f6f\u00f0u undan ey\u00f0ileggingu Kaldea.  V. 22. a. A\u00f0 au\u00f0s\u00fdna y\u00f0ur m\u00edna miskunn.<\/div>\n","protected":false},"excerpt":{"rendered":"<p>Fyrirheit Gu\u00f0s um frelsun Gy\u00f0inga. 1En \u00fe\u00fa mannsins son, sp\u00e1 fyrir \u00cdsraelsfj\u00f6llum, og seg: heyri\u00f0 or\u00f0 Drottins, \u00fe\u00e9r \u00cdsraelsfj\u00f6ll!2Svo segir Drottinn alvaldur: af \u00fev\u00ed \u00f3vinurinn hlakkar yfir y\u00f0ur, og segir: n\u00fa eru \u00fe\u00e6r eil\u00edfu h\u00e6\u00f0irnar c) or\u00f0nar vor eign:3\u00fear fyrir sp\u00e1 \u00fe\u00fa, og seg: Svo segir Drottinn alvaldur: s\u00f6kum \u00feess \u00feeir vilja ey\u00f0ileggja og uppsvelgja y\u00f0ur alla vega, svo \u00fe\u00e9r ver\u00f0i\u00f0 eign \u00feeirra eftiror\u00f0nu hei\u00f0ingja d), og af \u00fev\u00ed \u00fe\u00e9r eru\u00f0 komnir \u00ed or\u00f0r\u00e6\u00f0u manna og or\u00f0nir fyrir \u00e1m\u00e6li f\u00f3lks:4\u00fear fyrir heyri\u00f0 or\u00f0 Drottins hins alvalda, \u00fe\u00e9r \u00cdsraelsfj\u00f6ll: Svo segir Drottinn alvaldur til fjallanna og h\u00e1lsanna, til l\u00e6kjanna og dalanna, <a href=\"https:\/\/biblian.is\/videy\/esekiel-36-kafli\/\"> [&#8230;]<\/a><\/p>\n","protected":false},"author":1,"featured_media":0,"parent":0,"menu_order":0,"comment_status":"open","ping_status":"open","template":"bibliukaflar.php","meta":{"footnotes":""},"class_list":["post-21687","page","type-page","status-publish","hentry"],"_links":{"self":[{"href":"https:\/\/biblian.is\/videy\/wp-json\/wp\/v2\/pages\/21687","targetHints":{"allow":["GET"]}}],"collection":[{"href":"https:\/\/biblian.is\/videy\/wp-json\/wp\/v2\/pages"}],"about":[{"href":"https:\/\/biblian.is\/videy\/wp-json\/wp\/v2\/types\/page"}],"author":[{"embeddable":true,"href":"https:\/\/biblian.is\/videy\/wp-json\/wp\/v2\/users\/1"}],"replies":[{"embeddable":true,"href":"https:\/\/biblian.is\/videy\/wp-json\/wp\/v2\/comments?post=21687"}],"version-history":[{"count":0,"href":"https:\/\/biblian.is\/videy\/wp-json\/wp\/v2\/pages\/21687\/revisions"}],"wp:attachment":[{"href":"https:\/\/biblian.is\/videy\/wp-json\/wp\/v2\/media?parent=21687"}],"curies":[{"name":"wp","href":"https:\/\/api.w.org\/{rel}","templated":true}]}}