{"id":21679,"date":"2018-01-02T01:03:22","date_gmt":"2018-01-02T01:03:22","guid":{"rendered":"http:\/\/biblian.is\/videy\/esekiel-28-kafli\/"},"modified":"2018-01-02T01:03:22","modified_gmt":"2018-01-02T01:03:22","slug":"esekiel-28-kafli","status":"publish","type":"page","link":"https:\/\/biblian.is\/videy\/esekiel-28-kafli\/","title":{"rendered":"Esek\u00edel 28. kafli"},"content":{"rendered":"<div class=\"fyrirsognVidey\">Esek\u00edel l\u00fdsir ofmetna\u00f0i T\u00fdrusborgar k\u00f3ngs, 1\u201310; harmas\u00f6ngur um upphef\u00f0 og ni\u00f0url\u00e6gingu hans, 11\u201319; sp\u00e1d\u00f3mur m\u00f3ti S\u00eddon, 20\u201324; huggunaror\u00f0 til Gy\u00f0inga, 25\u201326.<\/div>\n<p><a name=\"1\"><span class=\"versanumer\">1<\/span><\/a>Drottinn tala\u00f0i til m\u00edn svol\u00e1tandi or\u00f0um:<a name=\"2\"><span class=\"versanumer\">2<\/span><\/a>\u00fe\u00fa mannsins son, seg h\u00f6f\u00f0ingjanum \u00ed T\u00fdrusborg: Svo segir Drottinn alvaldur: af \u00fev\u00ed \u00fe\u00fa segir \u00ed ofdrambi \u00fe\u00ednu, \u201eeg er gu\u00f0, og sit \u00ed h\u00e1s\u00e6ti gu\u00f0s mitt \u00e1 hafinu\u201c; af \u00fev\u00ed \u00fe\u00fa, sem ert ma\u00f0ur, en enginn gu\u00f0, hugsar, a\u00f0 \u00feitt hyggjuvit s\u00e9 eins og v\u00edsd\u00f3mur Gu\u00f0s;<a name=\"3\"><span class=\"versanumer\">3<\/span><\/a>af \u00fev\u00ed \u00fe\u00fa \u00feykist vitrari en Dan\u00edel, svo a\u00f0 enginn leyndard\u00f3mur s\u00e9 hulinn fyrir \u00fe\u00e9r;<a name=\"4\"><span class=\"versanumer\">4<\/span><\/a>af \u00fev\u00ed \u00fe\u00fa \u00feykist hafa afla\u00f0 au\u00f0leg\u00f0ar, safna\u00f0 gulli og silfri \u00ed hirslur \u00fe\u00ednar me\u00f0 \u00fe\u00ednum eigin vitsmunum og hyggindum,<a name=\"5\"><span class=\"versanumer\">5<\/span><\/a>og auki\u00f0 \u00feessa au\u00f0leg\u00f0 me\u00f0 \u00fe\u00ednu st\u00f3ra verslunarviti, svo a\u00f0 \u00fe\u00fa ert or\u00f0inn drambl\u00e1tur af r\u00edkid\u00e6minu:<a name=\"6\"><span class=\"versanumer\">6<\/span><\/a>\u00feess vegna segir Drottinn alvaldur svo: af \u00fev\u00ed \u00fe\u00fa hugsar, a\u00f0 \u00feitt hyggjuvit s\u00e9 eins og v\u00edsd\u00f3mur Gu\u00f0s:<a name=\"7\"><span class=\"versanumer\">7<\/span><\/a>\u00feess vegna sj\u00e1 \u00fe\u00fa! eg sendi m\u00f3ti \u00fe\u00e9r \u00fatlenda menn, \u00fe\u00e1 mestu ofr\u00edkismenn \u00ed heimi; \u00feeir skulu me\u00f0 brug\u00f0num sver\u00f0um ey\u00f0a \u00feeim f\u00f6gru verkunum \u00feinnar visku, og gj\u00f6ra \u00fe\u00edna vegsemdarpr\u00fd\u00f0i a\u00f0 sm\u00e1n;<a name=\"8\"><span class=\"versanumer\">8<\/span><\/a>\u00feeir skulu steypa \u00fe\u00e9r ni\u00f0ur \u00ed gr\u00f6fina, svo \u00fe\u00fa skalt f\u00e1 dau\u00f0daga hinna vopnbitnu mitt \u00e1 sj\u00e1varhafinu.<a name=\"9\"><span class=\"versanumer\">9<\/span><\/a>Hv\u00f6rt muntu \u00fe\u00e1 segja til vegendanna: eg em gu\u00f0? Ma\u00f0ur skaltu reynast, en enginn gu\u00f0, \u00ed hendi banamanna \u00feinna;<a name=\"10\"><span class=\"versanumer\">10<\/span><\/a>\u00fe\u00fa skalt deyja dau\u00f0a hinna \u00f3umskornu \u00ed h\u00f6ndum \u00fatlendinga: \u00fev\u00ed eg hefi tala\u00f0 \u00fea\u00f0, segir Drottinn alvaldur. <br \/><a name=\"11\"><span class=\"versanumer\">11<\/span><\/a>Ennfremur tala\u00f0i Drottinn til m\u00edn \u00feessum or\u00f0um:<a name=\"12\"><span class=\"versanumer\">12<\/span><\/a>\u00fe\u00fa mannsins son! kyrja \u00fe\u00fa upp harmas\u00f6ng um T\u00fdrusborgarkonung, og seg til hans: Svo segir Drottinn alvaldur: \u00fe\u00fa varst einhv\u00f6r hinn gj\u00f6rfulegasti ma\u00f0ur, mesti vitsmunama\u00f0ur, og fullkominn a\u00f0 fegur\u00f0;<a name=\"13\"><span class=\"versanumer\">13<\/span><\/a>\u00fe\u00fa bj\u00f3st \u00ed Eden, aldingar\u00f0i Gu\u00f0s <span class='VideyAth'>a)<\/span>, varst \u00feakinn alls konar d\u00fdrum steinum, sard\u00edus, t\u00f3pas, beryllus, kr\u00fdsol\u00edtus, sardonyx, jaspis, saff\u00edr, karbunk\u00falus, smaragdus og gulli; \u00feann dag er \u00fe\u00fa komst til <span class='VideyAth'>(r\u00edkis)<\/span>, var \u00fe\u00e9r fagna\u00f0 me\u00f0 bumbusl\u00e6tti og p\u00edpubl\u00e6stri;<a name=\"14\"><span class=\"versanumer\">14<\/span><\/a>\u00fe\u00fa varst eins og yfirskyggjandi ker\u00fab, sem brei\u00f0ir \u00fat v\u00e6ngi s\u00edna; eg haf\u00f0i sett \u00feig \u00e1 Gu\u00f0s heilaga fjall, hvar \u00fe\u00fa gekkst me\u00f0al lj\u00f3mandi gimsteina.<a name=\"15\"><span class=\"versanumer\">15<\/span><\/a>\u00de\u00e9r l\u00e9k allt \u00ed lyndi, fr\u00e1 \u00fev\u00ed \u00fe\u00fa komst til <span class='VideyAth'>(r\u00edkis)<\/span> og \u00fear til a\u00f0 gu\u00f0leysi\u00f0 var\u00f0 opinbert um \u00feig.<a name=\"16\"><span class=\"versanumer\">16<\/span><\/a>S\u00f6kum \u00feinnar margf\u00f6ldu verslunar var\u00f0stu hi\u00f0 innra fullur rangl\u00e6tis, og \u00fe\u00fa syndga\u00f0ir; \u00feess vegna vil eg byggja \u00fe\u00e9r \u00fat, sem vanheil\u00f6gum, af fjalli Gu\u00f0s, og burtsk\u00fafa \u00fe\u00e9r, \u00fe\u00fa yfirskyggjandi ker\u00fab, fr\u00e1 \u00feeim lj\u00f3mandi gimsteinum.<a name=\"17\"><span class=\"versanumer\">17<\/span><\/a>\u00deitt hjarta var\u00f0 upphroka\u00f0 af \u00feinni fegur\u00f0, \u00fe\u00fa vanbr\u00faka\u00f0ir \u00fe\u00edna vitsmuni s\u00f6kum \u00feinnar vegsemdar pr\u00fd\u00f0i; \u00feess vegna vil eg varpa \u00fe\u00e9r til jar\u00f0ar \u00ed augs\u00fdn annarra konunga, og l\u00e1ta \u00fe\u00e1 horfa \u00e1 \u00feig.<a name=\"18\"><span class=\"versanumer\">18<\/span><\/a>\u00de\u00fa hefir vanhelga\u00f0 \u00feinn helgid\u00f3m me\u00f0 \u00fe\u00ednum margf\u00f6ldu misgj\u00f6r\u00f0um og rangl\u00e1tu kaupverslun; \u00feess vegna vil eg l\u00e1ta eld \u00fatganga af sj\u00e1lfum \u00fe\u00e9r, hann skal ey\u00f0a \u00fe\u00e9r, og eg skal gj\u00f6ra \u00feig a\u00f0 \u00f6sku \u00e1 j\u00f6r\u00f0unni, \u00ed augs\u00fdn allra sem \u00e1 \u00feig horfa.<a name=\"19\"><span class=\"versanumer\">19<\/span><\/a>Allar \u00fej\u00f3\u00f0ir, sem \u00feekkja til \u00fe\u00edn, skulu skelfast yfir \u00fe\u00e9r; \u00fe\u00fa skalt voveiflega \u00ed ey\u00f0i lag\u00f0ur ver\u00f0a, og ekki framar til vera.<br \/><a name=\"20\"><span class=\"versanumer\">20<\/span><\/a>Ennfremur tala\u00f0i Drottinn til m\u00edn \u00feessum or\u00f0um:<a name=\"21\"><span class=\"versanumer\">21<\/span><\/a>\u00fe\u00fa mannsins son, sn\u00fa andliti \u00fe\u00ednu gegn S\u00eddonsborg, og sp\u00e1 fyrir henni;<a name=\"22\"><span class=\"versanumer\">22<\/span><\/a>og seg: Svo segir Drottinn alvaldur: sj\u00e1, eg r\u00eds upp \u00e1 m\u00f3ti \u00fe\u00e9r, S\u00eddon, eg vil s\u00fdna m\u00edna d\u00fdr\u00f0, mitt alm\u00e6tti \u00e1 \u00fe\u00e9r, svo a\u00f0 menn skulu vi\u00f0urkenna, a\u00f0 eg em Drottinn, \u00feegar eg l\u00e6t d\u00f3minn yfir hana ganga, og augl\u00fdsi \u00e1 henni minn heilagleik:<a name=\"23\"><span class=\"versanumer\">23<\/span><\/a>eg vil senda henni dreps\u00f3tt, og bl\u00f3\u00f0s\u00fathelling \u00e1 hennar str\u00e6ti; \u00ed henni skulu helslegnir menn liggja, fallnir fyrir sver\u00f0inu, sem alla vega skal yfir hana ganga; og menn skulu vi\u00f0urkenna, a\u00f0 eg em Drottinn.<a name=\"24\"><span class=\"versanumer\">24<\/span><\/a>\u00cd \u00f6ngvum af n\u00e1b\u00faal\u00f6ndunum, sem fyrr meir hafa fyrirliti\u00f0 \u00cdsraelsmenn, skal \u00fe\u00e1 framar vera nokkur \u00feistill, sem gj\u00f6ri \u00feeim mein, e\u00f0a \u00feyrnir, sem s\u00e6ri \u00fe\u00e1; og \u00feeir skulu vi\u00f0urkenna, a\u00f0 eg em Drottinn alvaldur.<br \/><a name=\"25\"><span class=\"versanumer\">25<\/span><\/a>Svo segir Drottinn alvaldur: \u00feegar eg hefi safna\u00f0 saman \u00cdsraelsm\u00f6nnum fr\u00e1 \u00feeim \u00fej\u00f3\u00f0um, me\u00f0al hv\u00f6rra \u00feeir eru \u00fatdreif\u00f0ir, og eg hefi augl\u00fdst minn heilagleik \u00e1 \u00feeim \u00ed augs\u00fdn hei\u00f0ingjanna, \u00fe\u00e1 skulu \u00feeir b\u00faa \u00ed s\u00ednu landi, sem eg gaf m\u00ednum \u00fej\u00f3ni Jakob;<a name=\"26\"><span class=\"versanumer\">26<\/span><\/a>\u00fear skulu \u00feeir \u00f3hultir b\u00faa, byggja h\u00fas, og gr\u00f3\u00f0ursetja <span class='VideyAth'>(planta)<\/span> v\u00edngar\u00f0a; \u00f3hultir skulu \u00feeir b\u00faa mega, \u00feegar eg hefi l\u00e1ti\u00f0 refsid\u00f3minn ganga yfir alla n\u00e1b\u00faa \u00feeirra, sem \u00e1\u00f0ur fyrirlitu \u00fe\u00e1; og \u00fe\u00e1 skulu \u00feeir vi\u00f0urkenna, a\u00f0 eg em Drottinn, \u00feeirra Gu\u00f0.<\/p>\n<div class=\"footnoteVidey\">V. 13. a. \u00de. e. \u00ed fegurstu lands\u00e1lfu jar\u00f0arinnar.<\/div>\n","protected":false},"excerpt":{"rendered":"<p>Esek\u00edel l\u00fdsir ofmetna\u00f0i T\u00fdrusborgar k\u00f3ngs, 1\u201310; harmas\u00f6ngur um upphef\u00f0 og ni\u00f0url\u00e6gingu hans, 11\u201319; sp\u00e1d\u00f3mur m\u00f3ti S\u00eddon, 20\u201324; huggunaror\u00f0 til Gy\u00f0inga, 25\u201326. 1Drottinn tala\u00f0i til m\u00edn svol\u00e1tandi or\u00f0um:2\u00fe\u00fa mannsins son, seg h\u00f6f\u00f0ingjanum \u00ed T\u00fdrusborg: Svo segir Drottinn alvaldur: af \u00fev\u00ed \u00fe\u00fa segir \u00ed ofdrambi \u00fe\u00ednu, \u201eeg er gu\u00f0, og sit \u00ed h\u00e1s\u00e6ti gu\u00f0s mitt \u00e1 hafinu\u201c; af \u00fev\u00ed \u00fe\u00fa, sem ert ma\u00f0ur, en enginn gu\u00f0, hugsar, a\u00f0 \u00feitt hyggjuvit s\u00e9 eins og v\u00edsd\u00f3mur Gu\u00f0s;3af \u00fev\u00ed \u00fe\u00fa \u00feykist vitrari en Dan\u00edel, svo a\u00f0 enginn leyndard\u00f3mur s\u00e9 hulinn fyrir \u00fe\u00e9r;4af \u00fev\u00ed \u00fe\u00fa \u00feykist hafa afla\u00f0 au\u00f0leg\u00f0ar, safna\u00f0 gulli og silfri \u00ed hirslur \u00fe\u00ednar <a href=\"https:\/\/biblian.is\/videy\/esekiel-28-kafli\/\"> [&#8230;]<\/a><\/p>\n","protected":false},"author":1,"featured_media":0,"parent":0,"menu_order":0,"comment_status":"open","ping_status":"open","template":"bibliukaflar.php","meta":{"footnotes":""},"class_list":["post-21679","page","type-page","status-publish","hentry"],"_links":{"self":[{"href":"https:\/\/biblian.is\/videy\/wp-json\/wp\/v2\/pages\/21679","targetHints":{"allow":["GET"]}}],"collection":[{"href":"https:\/\/biblian.is\/videy\/wp-json\/wp\/v2\/pages"}],"about":[{"href":"https:\/\/biblian.is\/videy\/wp-json\/wp\/v2\/types\/page"}],"author":[{"embeddable":true,"href":"https:\/\/biblian.is\/videy\/wp-json\/wp\/v2\/users\/1"}],"replies":[{"embeddable":true,"href":"https:\/\/biblian.is\/videy\/wp-json\/wp\/v2\/comments?post=21679"}],"version-history":[{"count":0,"href":"https:\/\/biblian.is\/videy\/wp-json\/wp\/v2\/pages\/21679\/revisions"}],"wp:attachment":[{"href":"https:\/\/biblian.is\/videy\/wp-json\/wp\/v2\/media?parent=21679"}],"curies":[{"name":"wp","href":"https:\/\/api.w.org\/{rel}","templated":true}]}}