{"id":21678,"date":"2018-01-02T01:03:22","date_gmt":"2018-01-02T01:03:22","guid":{"rendered":"http:\/\/biblian.is\/videy\/esekiel-27-kafli\/"},"modified":"2018-01-02T01:03:22","modified_gmt":"2018-01-02T01:03:22","slug":"esekiel-27-kafli","status":"publish","type":"page","link":"https:\/\/biblian.is\/videy\/esekiel-27-kafli\/","title":{"rendered":"Esek\u00edel 27. kafli"},"content":{"rendered":"<div class=\"fyrirsognVidey\">Harmas\u00f6ngur yfir T\u00fdrusborg: um vegsemd borgarinnar, 1\u201325; og um hennar \u00f3farir, 26\u201336.<\/div>\n<p><a name=\"1\"><span class=\"versanumer\">1<\/span><\/a>Drottinn tala\u00f0i til m\u00edn svol\u00e1tandi or\u00f0um:<a name=\"2\"><span class=\"versanumer\">2<\/span><\/a>\u00de\u00fa mannsins son, hef \u00fe\u00fa upp harmas\u00f6ng um T\u00fdrusborg!<a name=\"3\"><span class=\"versanumer\">3<\/span><\/a>Seg til T\u00fdrusborgar, sem liggur \u00e1 sj\u00e1varbakkanum og verslar vi\u00f0 \u00fej\u00f3\u00f0ir \u00far m\u00f6rgum fjarl\u00e6gum l\u00f6ndum: Svo segir Drottinn alvaldur: \u00fe\u00fa segir, T\u00fdrusborg: eg em algj\u00f6r a\u00f0 fegur\u00f0.<a name=\"4\"><span class=\"versanumer\">4<\/span><\/a>Takm\u00f6rk \u00fe\u00edn eru mitt \u00ed hafinu, \u00fe\u00ednir uppbyggjendur hafa fullkomna\u00f0 \u00fe\u00edna fegur\u00f0:<a name=\"5\"><span class=\"versanumer\">5<\/span><\/a>\u00feeir hafa sm\u00ed\u00f0a\u00f0 alla \u00fe\u00edna byr\u00f0ingu af furutrj\u00e1m fr\u00e1 Sen\u00edr, og v\u00f6ldu sedrusvi\u00f0 \u00e1 L\u00edbanon og gj\u00f6r\u00f0u \u00fear af \u00fe\u00edn siglutr\u00e9:<a name=\"6\"><span class=\"versanumer\">6<\/span><\/a>\u00e1rar \u00fe\u00ednar gj\u00f6r\u00f0u \u00feeir \u00far eikitrj\u00e1m fr\u00e1 Basansfjalli, en \u00fe\u00f3ftur \u00fe\u00ednar gj\u00f6r\u00f0u \u00feeir \u00far b\u00fassvi\u00f0i fr\u00e1 Kitteyjum, og greyptu inn \u00ed \u00fe\u00e6r f\u00edlsbein;<a name=\"7\"><span class=\"versanumer\">7<\/span><\/a>\u00fe\u00fa l\u00e9st sl\u00e1 \u00fat hv\u00edtum vi\u00f0ullard\u00faki glitofnum fr\u00e1 Egyptalandi, og haf\u00f0ir hann fyrir skipsmerki: tj\u00f6ld \u00fe\u00edn voru \u00far d\u00f6kkbl\u00e1rri ull og purpura fr\u00e1 Eliseyjum.<a name=\"8\"><span class=\"versanumer\">8<\/span><\/a>S\u00eddonsb\u00faar og Arvadsmenn voru h\u00e1setar \u00fe\u00ednir, en listk\u00e6nir menn, sem \u00fe\u00fa sj\u00e1lf \u00e1ttir, T\u00fdrusborg! \u00feeir voru \u00fe\u00ednir skipstj\u00f3rnarmenn;<a name=\"9\"><span class=\"versanumer\">9<\/span><\/a>gamlir menn og hagleiksmenn fr\u00e1 Gebal voru hj\u00e1 \u00fe\u00e9r til a\u00f0 gj\u00f6ra a\u00f0 spj\u00f6llunum; \u00f6ll hafskip og sj\u00f3farendur komu til \u00fe\u00edn til a\u00f0 kaupa varning \u00feinn.<a name=\"10\"><span class=\"versanumer\">10<\/span><\/a>Persar, Lydar og M\u00f3rlendingar \u00fej\u00f3nu\u00f0u \u00ed her \u00fe\u00ednum, og voru \u00fe\u00ednir str\u00ed\u00f0smenn, \u00feeir festu upp b\u00faklara og hj\u00e1lma hj\u00e1 \u00fe\u00e9r, og \u00feeir gj\u00f6r\u00f0u \u00feig veglega;<a name=\"11\"><span class=\"versanumer\">11<\/span><\/a>Arvadsmenn og \u00fe\u00ednir eigin li\u00f0smenn voru umhverfis \u00e1 m\u00farveggjum \u00fe\u00ednum, og Gammadar \u00ed turnum \u00fe\u00ednum, \u00feeir h\u00f6f\u00f0u fest upp skj\u00f6ldu s\u00edna alla vega \u00e1 \u00fe\u00ednum m\u00farveggjum, og \u00feessir menn fullkomnu\u00f0u fegur\u00f0 \u00fe\u00edna.<a name=\"12\"><span class=\"versanumer\">12<\/span><\/a>Tarsisborg \u00e1tti kaupskap vi\u00f0 \u00feig, af \u00fev\u00ed \u00fe\u00fa \u00e1ttir gn\u00f3tt alls konar kaupeyris; h\u00fan flutti silfur, j\u00e1rn, tin og bl\u00fd \u00e1 \u00feitt kauptorg.<a name=\"13\"><span class=\"versanumer\">13<\/span><\/a>Javan, T\u00fabal og Mesek keyptu vi\u00f0 \u00feig, og fluttu mansmenn og eirsm\u00ed\u00f0i til \u00feinnar kaupstefnu;<a name=\"14\"><span class=\"versanumer\">14<\/span><\/a>fr\u00e1 T\u00f3garma voru rei\u00f0skj\u00f3tar, str\u00ed\u00f0shestar og m\u00falasnar f\u00e6r\u00f0ir \u00e1 \u00feitt kauptorg.<a name=\"15\"><span class=\"versanumer\">15<\/span><\/a>Dedansmenn keyptu vi\u00f0 \u00feig <span class='VideyAth'>(\u00fev\u00ed margir eyjamenn voru \u00fe\u00ednir kaupunautar)<\/span>, \u00feeir g\u00e1fu \u00fe\u00e9r f\u00edlst\u00f6nn og ebentr\u00e9 fyrir v\u00f6rur \u00fe\u00ednar.<a name=\"16\"><span class=\"versanumer\">16<\/span><\/a>S\u00fdrlendingar keyptu vi\u00f0 \u00feig, s\u00f6kum \u00feess \u00fe\u00fa \u00e1ttir gn\u00f3tt alls konar v\u00f6rusm\u00ed\u00f0is; \u00feeir fluttu r\u00fab\u00edn, purpura, glitofna d\u00faka, l\u00edn, k\u00f3rhalla og krystalla \u00e1 \u00feitt kauptorg.<a name=\"17\"><span class=\"versanumer\">17<\/span><\/a>J\u00fadaland og \u00cdsraelsland keyptu og vi\u00f0 \u00feig, og fluttu til \u00feinnar kaupstefnu hveiti fr\u00e1 Minn\u00edt, s\u00e6tabrau\u00f0, hunang, vi\u00f0smj\u00f6r og balsamskvo\u00f0u.<a name=\"18\"><span class=\"versanumer\">18<\/span><\/a>Damaskusborg keypti vi\u00f0 \u00feig, s\u00f6kum \u00feess \u00fe\u00fa \u00e1ttir gn\u00f3tt alls konar v\u00f6rusm\u00ed\u00f0is og kaupeyris; h\u00fan f\u00e6r\u00f0i \u00fe\u00e9r v\u00edn fr\u00e1 Kalybon og mjallhv\u00edta ull.<a name=\"19\"><span class=\"versanumer\">19<\/span><\/a>Vedan og Javan fluttu t\u00f3vinnu \u00e1 \u00fe\u00edna kaupstefnu; sm\u00ed\u00f0a\u00f0 j\u00e1rn, angvi\u00f0i og ilmreyr kom \u00e1 \u00feitt kauptorg.<a name=\"20\"><span class=\"versanumer\">20<\/span><\/a>Dedan seldi \u00fe\u00e9r s\u00f6\u00f0ul\u00e1kl\u00e6\u00f0i til a\u00f0 r\u00ed\u00f0a \u00e1.<a name=\"21\"><span class=\"versanumer\">21<\/span><\/a>Arabar og allir Kedars h\u00f6f\u00f0ingjar voru \u00fe\u00ednir kaupunautar, og seldu \u00fe\u00e9r feit l\u00f6mb, hr\u00fata og hafra.<a name=\"22\"><span class=\"versanumer\">22<\/span><\/a>Kaupmenn fr\u00e1 Saba og Raema keyptu vi\u00f0 \u00feig, og f\u00e6r\u00f0u alls konar bestu kryddjurtir, d\u00fdrlega gimsteina og gull til \u00feinnar kaupstefnu.<a name=\"23\"><span class=\"versanumer\">23<\/span><\/a>Haran, Kanne, Eden, og kaupmenn fr\u00e1 Saba, Ass\u00far og Kilmad voru \u00fe\u00ednir kaupunautar;<a name=\"24\"><span class=\"versanumer\">24<\/span><\/a>\u00feessir seldu \u00fe\u00e9r \u00e1 kauptorgi \u00fe\u00ednu d\u00fdrindis kl\u00e6\u00f0i, d\u00f6kkbl\u00e1ar og glitofnar yfirhafnir, og fullar kistur af alla vega litum vefna\u00f0i, bundnar me\u00f0 taugum og vel umvanda\u00f0ar.<a name=\"25\"><span class=\"versanumer\">25<\/span><\/a>Skip Tarsisborgar efldu mest \u00fe\u00edna kaupverslun; \u00fear af ertu or\u00f0in au\u00f0ug og mj\u00f6g voldug mitt \u00e1 sj\u00e1varhafinu.<br \/><a name=\"26\"><span class=\"versanumer\">26<\/span><\/a>H\u00e1setar \u00fe\u00ednir hafa flutt \u00feig \u00fat \u00e1 sj\u00e1vardj\u00fapi\u00f0, en austanvindurinn sundurbr\u00fdtur \u00feig mitt \u00e1 hafinu;<a name=\"27\"><span class=\"versanumer\">27<\/span><\/a>\u00fe\u00edn au\u00f0leg\u00f0, \u00feinn kaupeyrir, \u00fe\u00ednar v\u00f6rur, \u00fe\u00ednir sj\u00f3menn og st\u00fdrimenn, \u00feeir sem gj\u00f6r\u00f0u a\u00f0 spj\u00f6llum \u00fe\u00ednum, \u00fe\u00ednir verslunarmenn, allir \u00feeir hermenn, sem \u00fe\u00fa \u00e1tt, og allur s\u00e1 mannfj\u00f6ldi, sem \u00fe\u00fa hefir innan borgar, munu hrapa \u00ed sj\u00f3inn, \u00feann dag er \u00fe\u00fa gengur til grunna.<a name=\"28\"><span class=\"versanumer\">28<\/span><\/a>Vi\u00f0 hlj\u00f3\u00f0i\u00f0 af \u00f3pi \u00feinna skipstj\u00f3rnarmanna munu borgar umv\u00f6rpin skj\u00e1lfa.<a name=\"29\"><span class=\"versanumer\">29<\/span><\/a>Allir h\u00e1setar, sem \u00e1 \u00e1rum halda, allir skipstj\u00f3rnarmenn \u00e1 hafinu, munu st\u00edga af skipun s\u00ednum, leita til lands og standa \u00fear;<a name=\"30\"><span class=\"versanumer\">30<\/span><\/a>\u00feeir munu \u00e6pa h\u00e1st\u00f6fum yfir \u00fe\u00e9r, hlj\u00f3\u00f0a upp h\u00f6rmulega, ausa moldu yfir h\u00f6fu\u00f0 s\u00e9r, velta s\u00e9r \u00ed \u00f6sku,<a name=\"31\"><span class=\"versanumer\">31<\/span><\/a>raka sig bersk\u00f6ll\u00f3tta \u00fat af \u00fe\u00e9r, taka upp sorgarb\u00faning, og gr\u00e1ta yfir \u00fe\u00e9r sorgbitnir, me\u00f0 h\u00f6rmulegu kveini;<a name=\"32\"><span class=\"versanumer\">32<\/span><\/a>\u00feeirra b\u00f6rn munu upphefja sorgars\u00f6ng, og harma yfir \u00fe\u00e9r: hv\u00f6r var jafnoki T\u00fdrusborgar, \u00feeirrar er n\u00fa liggur \u00fe\u00f6gul \u00e1 mararbotni?<a name=\"33\"><span class=\"versanumer\">33<\/span><\/a>me\u00f0 \u00fe\u00ednum varningi, sem fluttur var yfir h\u00f6fin, f\u00e6ddir \u00fe\u00fa margar \u00fej\u00f3\u00f0ir: me\u00f0 gn\u00f3tt \u00feinnar au\u00f0leg\u00f0ar og kaupeyris au\u00f0ga\u00f0ir \u00fe\u00fa konunga jar\u00f0arinnar;<a name=\"34\"><span class=\"versanumer\">34<\/span><\/a>n\u00fa liggur \u00fe\u00fa brotin af bylgjum, ni\u00f0urs\u00f6kkt \u00ed sj\u00e1vardj\u00fapi\u00f0: \u00feinn varningur og allur \u00feinn mannfj\u00f6ldi s\u00f6kk \u00e1samt me\u00f0 \u00fe\u00e9r.<a name=\"35\"><span class=\"versanumer\">35<\/span><\/a>Allir innbyggjendur fjarl\u00e6gra landa skelfast yfir \u00fe\u00e9r, og \u00feeirra konungum bl\u00f6skrar svo \u00feeir skipta litum.<a name=\"36\"><span class=\"versanumer\">36<\/span><\/a>Verslunarmenn \u00fej\u00f3\u00f0anna bl\u00edstra a\u00f0 \u00fe\u00e9r; \u00fe\u00e9r hefi voveiflega veri\u00f0 \u00ed burtu svipt, og \u00fe\u00fa ver\u00f0ur ekki framar til a\u00f0 eil\u00edfu.<\/p>\n<div class=\"footnoteVidey\"><\/div>\n","protected":false},"excerpt":{"rendered":"<p>Harmas\u00f6ngur yfir T\u00fdrusborg: um vegsemd borgarinnar, 1\u201325; og um hennar \u00f3farir, 26\u201336. 1Drottinn tala\u00f0i til m\u00edn svol\u00e1tandi or\u00f0um:2\u00de\u00fa mannsins son, hef \u00fe\u00fa upp harmas\u00f6ng um T\u00fdrusborg!3Seg til T\u00fdrusborgar, sem liggur \u00e1 sj\u00e1varbakkanum og verslar vi\u00f0 \u00fej\u00f3\u00f0ir \u00far m\u00f6rgum fjarl\u00e6gum l\u00f6ndum: Svo segir Drottinn alvaldur: \u00fe\u00fa segir, T\u00fdrusborg: eg em algj\u00f6r a\u00f0 fegur\u00f0.4Takm\u00f6rk \u00fe\u00edn eru mitt \u00ed hafinu, \u00fe\u00ednir uppbyggjendur hafa fullkomna\u00f0 \u00fe\u00edna fegur\u00f0:5\u00feeir hafa sm\u00ed\u00f0a\u00f0 alla \u00fe\u00edna byr\u00f0ingu af furutrj\u00e1m fr\u00e1 Sen\u00edr, og v\u00f6ldu sedrusvi\u00f0 \u00e1 L\u00edbanon og gj\u00f6r\u00f0u \u00fear af \u00fe\u00edn siglutr\u00e9:6\u00e1rar \u00fe\u00ednar gj\u00f6r\u00f0u \u00feeir \u00far eikitrj\u00e1m fr\u00e1 Basansfjalli, en \u00fe\u00f3ftur \u00fe\u00ednar gj\u00f6r\u00f0u \u00feeir \u00far b\u00fassvi\u00f0i fr\u00e1 Kitteyjum, og <a href=\"https:\/\/biblian.is\/videy\/esekiel-27-kafli\/\"> [&#8230;]<\/a><\/p>\n","protected":false},"author":1,"featured_media":0,"parent":0,"menu_order":0,"comment_status":"open","ping_status":"open","template":"bibliukaflar.php","meta":{"footnotes":""},"class_list":["post-21678","page","type-page","status-publish","hentry"],"_links":{"self":[{"href":"https:\/\/biblian.is\/videy\/wp-json\/wp\/v2\/pages\/21678","targetHints":{"allow":["GET"]}}],"collection":[{"href":"https:\/\/biblian.is\/videy\/wp-json\/wp\/v2\/pages"}],"about":[{"href":"https:\/\/biblian.is\/videy\/wp-json\/wp\/v2\/types\/page"}],"author":[{"embeddable":true,"href":"https:\/\/biblian.is\/videy\/wp-json\/wp\/v2\/users\/1"}],"replies":[{"embeddable":true,"href":"https:\/\/biblian.is\/videy\/wp-json\/wp\/v2\/comments?post=21678"}],"version-history":[{"count":0,"href":"https:\/\/biblian.is\/videy\/wp-json\/wp\/v2\/pages\/21678\/revisions"}],"wp:attachment":[{"href":"https:\/\/biblian.is\/videy\/wp-json\/wp\/v2\/media?parent=21678"}],"curies":[{"name":"wp","href":"https:\/\/api.w.org\/{rel}","templated":true}]}}