{"id":21674,"date":"2018-01-02T01:03:22","date_gmt":"2018-01-02T01:03:22","guid":{"rendered":"http:\/\/biblian.is\/videy\/esekiel-23-kafli\/"},"modified":"2018-01-02T01:03:22","modified_gmt":"2018-01-02T01:03:22","slug":"esekiel-23-kafli","status":"publish","type":"page","link":"https:\/\/biblian.is\/videy\/esekiel-23-kafli\/","title":{"rendered":"Esek\u00edel 23. kafli"},"content":{"rendered":"<div class=\"fyrirsognVidey\">Esek\u00edel s\u00fdnir, a\u00f0eins og Samar\u00eda (\u00cdsraelsr\u00edki) haf\u00f0i fengi\u00f0 refsingu fyrir sinn \u00f3gu\u00f0leika, eins \u00e1tti Jer\u00fasalem (J\u00fadar\u00edki), sem ekki var h\u00f3ti betri, von \u00e1 s\u00f6mu hegningu, 1\u201335; afm\u00e1lar afgu\u00f0ad\u00fdrkun beggja r\u00edkja, og \u00fe\u00e1 lesti, sem henni voru samfara, 36\u201349.<\/div>\n<p><a name=\"1\"><span class=\"versanumer\">1<\/span><\/a>Drottinn tala\u00f0i til m\u00edn svol\u00e1tandi or\u00f0um:<a name=\"2\"><span class=\"versanumer\">2<\/span><\/a>\u00fe\u00fa mannsins son, einu sinni voru tv\u00e6r konur, sem voru d\u00e6tur einnar m\u00f3\u00f0ur;<a name=\"3\"><span class=\"versanumer\">3<\/span><\/a>\u00fe\u00e6r voru lausl\u00e1tar \u00ed \u00e6sku sinni, og fr\u00f6mdu h\u00f3rd\u00f3m \u00ed Egyptalandi, l\u00e9tu \u00fear taka \u00e1 brj\u00f3stum s\u00e9r og fara h\u00f6ndum um sinn meyjarbarm.<a name=\"4\"><span class=\"versanumer\">4<\/span><\/a>Hin st\u00e6rri h\u00e9t Ohola <span class='VideyAth'>a)<\/span>, en systir hennar Ohol\u00edba <span class='VideyAth'>b)<\/span>; eg batt vi\u00f0 \u00fe\u00e6r hj\u00faskap, og f\u00e6ddu \u00fe\u00e6r m\u00e9r syni og d\u00e6tur. S\u00fa er \u00fe\u00fd\u00f0ing nafna \u00feeirra, a\u00f0 Ohola er Samar\u00eda, en Ohol\u00edba Jer\u00fasalem.<a name=\"5\"><span class=\"versanumer\">5<\/span><\/a>Ohola t\u00f3k framhj\u00e1 m\u00e9r, og felldi hug til fylgismanna sinna, \u00feeirra Assyr\u00edumanna, sem til hennar komu;<a name=\"6\"><span class=\"versanumer\">6<\/span><\/a>\u00feeir gengu allir \u00e1 d\u00f6kkbl\u00e1um kl\u00e6\u00f0um, voru \u00fea\u00f0 jarlar, landsh\u00f6f\u00f0ingjar, fr\u00ed\u00f0ir \u00e6skumenn og riddarar, r\u00ed\u00f0andi \u00e1 hestum.<a name=\"7\"><span class=\"versanumer\">7<\/span><\/a>H\u00fan ofurseldi sig \u00feessum m\u00f6nnum til saurlifna\u00f0ar, \u00f6llum hinum \u00fatv\u00f6ldustu m\u00f6nnum af Assyr\u00edalandi, og flekka\u00f0i sig me\u00f0 skur\u00f0go\u00f0um allra \u00feeirra, sem h\u00fan felldi hug sinn til.<a name=\"8\"><span class=\"versanumer\">8<\/span><\/a>Ekki l\u00e9t h\u00fan a\u00f0 heldur af samlagi vi\u00f0 Egyptalandsmenn, \u00fev\u00ed \u00feeir h\u00f6f\u00f0u legi\u00f0 me\u00f0 henni \u00ed ungd\u00e6mi hennar, fari\u00f0 h\u00f6ndum um brj\u00f3st hennar, og gj\u00f6rt hana drukkna af saurl\u00edfislosta.<a name=\"9\"><span class=\"versanumer\">9<\/span><\/a>\u00deess vegna seldi eg hana \u00ed hendur \u00e1stmanna sinna, \u00ed hendur Assyr\u00edumanna, sem h\u00fan haf\u00f0i fellt hug sinn til;<a name=\"10\"><span class=\"versanumer\">10<\/span><\/a>\u00feeir flettu hana kl\u00e6\u00f0um, t\u00f3ku burt syni hennar og d\u00e6tur, og v\u00f3gu hana sj\u00e1lfa me\u00f0 sver\u00f0i; var\u00f0 h\u00fan svo \u00f6\u00f0rum konum til vi\u00f0v\u00f6runar, eftir \u00fea\u00f0 a\u00f0 hegningin var fram \u00e1 henni komin.<a name=\"11\"><span class=\"versanumer\">11<\/span><\/a>En \u00fe\u00f3tt Ohol\u00edba, systir hennar, s\u00e6i \u00feetta, \u00fe\u00e1 var\u00f0 h\u00fan \u00fe\u00f3 enn frekari \u00ed lostanum, og dr\u00fdg\u00f0i enn meiri saurlifna\u00f0, en systir hennar.<a name=\"12\"><span class=\"versanumer\">12<\/span><\/a>H\u00fan felldi \u00e1st til Assyr\u00edumanna, voru \u00fea\u00f0 jarlar og landsh\u00f6f\u00f0ingjar, er til hennar komu pr\u00fa\u00f0b\u00fanir, og riddarar, r\u00ed\u00f0andi \u00e1 hestum, alltsaman fr\u00ed\u00f0ir \u00e6skumenn.<a name=\"13\"><span class=\"versanumer\">13<\/span><\/a>Eg s\u00e1, hv\u00f6rsu h\u00fan saurga\u00f0i sig, og a\u00f0 eitt og hi\u00f0 sama var h\u00e1ttalag beggja \u00feeirra systra.<a name=\"14\"><span class=\"versanumer\">14<\/span><\/a>\u00de\u00f3 var\u00f0 \u00feessi enn frekari \u00ed saurlifna\u00f0inum: h\u00fan s\u00e1 mannsmyndir, sem dregnar voru \u00e1 vegginn, \u00fea\u00f0 voru myndir Kaldea, \u00feeir voru m\u00e1la\u00f0ir me\u00f0 menju,<a name=\"15\"><span class=\"versanumer\">15<\/span><\/a>h\u00f6f\u00f0u belti um sig mi\u00f0ja, og langa lafdregla um h\u00f6fu\u00f0 s\u00e9r, allir voru \u00feeir hinir hermannlegustu, og l\u00edkir Babelsm\u00f6nnum, \u00feeim Kaldeum, eins og \u00feeir eru heima \u00ed f\u00f6\u00f0urlandi s\u00ednu.<a name=\"16\"><span class=\"versanumer\">16<\/span><\/a>Undir eins og h\u00fan leit \u00fe\u00e1 augum, felldi h\u00fan \u00e1st til \u00feeirra, og gj\u00f6r\u00f0i bo\u00f0 eftir \u00feeim til Kaldealands.<a name=\"17\"><span class=\"versanumer\">17<\/span><\/a>\u00de\u00e1 komu Babelsmenn til samlags vi\u00f0 hana, og flekku\u00f0u hana me\u00f0 saurlifna\u00f0i s\u00ednum; en \u00feegar h\u00fan haf\u00f0i saurgast me\u00f0 \u00feeim, var\u00f0 h\u00fan lei\u00f0 \u00e1 \u00feeim.<a name=\"18\"><span class=\"versanumer\">18<\/span><\/a>\u00deegar h\u00fan n\u00fa framdi sinn saurlifna\u00f0 og sv\u00edvir\u00f0ingu svo berlega, \u00fe\u00e1 var\u00f0 eg einnig lei\u00f0ur \u00e1 henni, eins og eg haf\u00f0i or\u00f0i\u00f0 lei\u00f0ur \u00e1 systur hennar.<a name=\"19\"><span class=\"versanumer\">19<\/span><\/a>En h\u00fan var\u00f0 \u00e6 frekari \u00ed h\u00f3rd\u00f3minum, \u00fear e\u00f0 h\u00fan minntist s\u00edns \u00e6skut\u00edma, \u00fe\u00e1 h\u00fan framdi saurlifna\u00f0 \u00e1 Egyptalandi;<a name=\"20\"><span class=\"versanumer\">20<\/span><\/a>og n\u00fa felldi h\u00fan hug til \u00feessara fylgismanna sinna, hv\u00f6rra girndarbruni var sem girndarbruni asna og fl\u00f3\u00f0hesta.<a name=\"21\"><span class=\"versanumer\">21<\/span><\/a>\u00deannig hvarfst \u00fe\u00fa aftur til \u00feess sv\u00edvir\u00f0ilega ath\u00e6fis, sem \u00fe\u00fa framdir \u00ed \u00e6sku \u00feinni, \u00fe\u00e1 Egyptalandsmenn h\u00f6f\u00f0u vi\u00f0 \u00feig \u00e1stfarir, upptendra\u00f0ir af \u00fe\u00ednum \u00e6skubl\u00f3ma.<a name=\"22\"><span class=\"versanumer\">22<\/span><\/a>\u00dear fyrir, Ohol\u00edba! Svo segir Drottinn alvaldur: sj\u00e1! eg skal \u00e6sa upp \u00e1stmenn \u00fe\u00edna gegn \u00fe\u00e9r, \u00fe\u00e1 sem \u00fe\u00e9r eru lei\u00f0ir or\u00f0nir, og l\u00e1ta \u00fe\u00e1 veitast a\u00f0 \u00fe\u00e9r \u00far \u00f6llum \u00e1ttum:<a name=\"23\"><span class=\"versanumer\">23<\/span><\/a>Babelsmenn, alla Kaldea me\u00f0 valdsm\u00f6nnunum, r\u00edkism\u00f6nnunum og st\u00f3reflism\u00f6nnunum, \u00fear me\u00f0 alla Assyr\u00edumenn, hina fr\u00ed\u00f0u \u00e6skumenn, alla jarlana og landsh\u00f6f\u00f0ingjana, kappana og \u00e1g\u00e6tismennina, alla r\u00ed\u00f0andi \u00e1 hestum;<a name=\"24\"><span class=\"versanumer\">24<\/span><\/a>\u00feeir skulu fara \u00ed m\u00f3ti \u00fe\u00e9r v\u00edgb\u00fanir, me\u00f0 hj\u00f3lv\u00f6gnum og mannfj\u00f6lda, skj\u00f6ldum og b\u00faklurum og hj\u00e1lmum, og setjast umhverfis um \u00feig; \u00feeim vil eg d\u00f3msatkv\u00e6\u00f0i\u00f0 \u00ed hendur f\u00e1, og \u00feeir skulu d\u00e6ma \u00feig eftir s\u00ednum l\u00f6gum.<a name=\"25\"><span class=\"versanumer\">25<\/span><\/a>Eg skal l\u00e1ta m\u00edna vandl\u00e6tingu ni\u00f0ur \u00e1 \u00fe\u00e9r koma, svo a\u00f0 \u00feeir skulu breyta vi\u00f0 \u00feig heiftarlega, sn\u00ed\u00f0a af \u00fe\u00e9r nef og eyru, og \u00fea\u00f0 sem eftir ver\u00f0ur af \u00fe\u00e9r, skal fyrir sver\u00f0i falla; \u00feeir skulu herlei\u00f0a \u00fe\u00edna syni og d\u00e6tur, og \u00fea\u00f0 sem \u00fe\u00e1 ver\u00f0ur eftir af \u00fe\u00e9r, skal ver\u00f0a eldsmatur;<a name=\"26\"><span class=\"versanumer\">26<\/span><\/a>\u00feeir skulu f\u00e6ra \u00feig af kl\u00e6\u00f0um og taka af \u00fe\u00e9r skarti\u00f0.<a name=\"27\"><span class=\"versanumer\">27<\/span><\/a>\u00deannig vil eg enda gj\u00f6ra \u00e1 \u00fe\u00ednum sv\u00edvir\u00f0ilega lifna\u00f0i og h\u00f3rd\u00f3mi \u00fe\u00ednum vi\u00f0 Egyptalandsmenn; \u00fe\u00fa skalt ekki framar l\u00edta vi\u00f0 \u00feeim, og ekki framar hugsa til Egyptalands.<a name=\"28\"><span class=\"versanumer\">28<\/span><\/a>\u00dev\u00ed svo segir Drottinn alvaldur: sj\u00e1! eg sel \u00feig \u00ed hendur \u00feeim, sem \u00fe\u00fa hatar, \u00ed hendur \u00feeirra, sem \u00fe\u00fa ert or\u00f0in lei\u00f0 \u00e1;<a name=\"29\"><span class=\"versanumer\">29<\/span><\/a>\u00feeir skulu breyta vi\u00f0 \u00feig haturslega, taka fr\u00e1 \u00fe\u00e9r alla atvinnu \u00fe\u00edna, og l\u00e1ta \u00feig eftir nakta og bera, svo sv\u00edvir\u00f0ing \u00fe\u00edns saurlifna\u00f0ar, lausl\u00e6tis og h\u00f3ranar ver\u00f0i opinber.<a name=\"30\"><span class=\"versanumer\">30<\/span><\/a>\u00deetta skal eg l\u00e1ta fram vi\u00f0 \u00feig koma fyrir \u00feann saurlifna\u00f0, sem \u00fe\u00fa hefir frami\u00f0 vi\u00f0 hei\u00f0ingjana, og fyrir \u00fea\u00f0 \u00fe\u00fa hefir saurga\u00f0 \u00feig \u00e1 \u00feeirra afgu\u00f0um.<a name=\"31\"><span class=\"versanumer\">31<\/span><\/a>\u00de\u00fa hefir gengi\u00f0 g\u00f6tu systur \u00feinnar, \u00feess vegna r\u00e9tti eg a\u00f0 \u00fe\u00e9r hennar bikar;<a name=\"32\"><span class=\"versanumer\">32<\/span><\/a>svo segir Drottinn alvaldur: \u00feann dj\u00fapa og v\u00ed\u00f0a bikarinn systur \u00feinnar skaltu afdrekka; hann skal gj\u00f6ra \u00feig a\u00f0 athl\u00e6gi og h\u00e1\u00f0ung\u2014svo \u00edl\u00f6gug\u00f3\u00f0ur er hann!<a name=\"33\"><span class=\"versanumer\">33<\/span><\/a>\u00de\u00fa skalt ver\u00f0a drukkin af h\u00f6rmungarinnar sterka drykk, af bikar angistarinnar og sinnuleysisins, af bikar Samar\u00edu, systur \u00feinnar;<a name=\"34\"><span class=\"versanumer\">34<\/span><\/a>\u00feenna bikar skaltu afdrekka og \u00ed botn s\u00f6tra, brj\u00f3ta hann s\u00ed\u00f0an \u00ed mola, og sundurr\u00edfa \u00fe\u00edn brj\u00f3st, \u00fev\u00ed eg hefi tala\u00f0 \u00fea\u00f0, segir Drottinn alvaldur.<a name=\"35\"><span class=\"versanumer\">35<\/span><\/a>\u00dear fyrir, svo segir Drottinn alvaldur: s\u00f6kum \u00feess \u00fe\u00fa gleymdir m\u00e9r, og snerir baki vi\u00f0 m\u00e9r, \u00fe\u00e1 skaltu n\u00fa og gj\u00f6ld taka fyrir \u00feinn illlifna\u00f0 og saurlifna\u00f0. <br \/><a name=\"36\"><span class=\"versanumer\">36<\/span><\/a>Ennfremur sag\u00f0i Drottinn til m\u00edn: \u00fe\u00fa mannsins son! \u00e1v\u00edta \u00fe\u00fa Oholu og Ohol\u00edbu, og lei\u00f0 \u00feeim fyrir sj\u00f3nir s\u00ednar sv\u00edvir\u00f0ingar:<a name=\"37\"><span class=\"versanumer\">37<\/span><\/a>\u00fev\u00ed \u00fe\u00e6r hafa dr\u00fdgt h\u00f3rd\u00f3m og flekka\u00f0 hendur s\u00ednar me\u00f0 bl\u00f3\u00f0i, \u00fe\u00e6r hafa frami\u00f0 h\u00f3rd\u00f3m me\u00f0 afgu\u00f0um, og \u00fear me\u00f0 brenndu \u00fe\u00e6r, \u00feeim til f\u00f3rnar, s\u00edn eigin b\u00f6rn, sem \u00fe\u00e6r f\u00e6ddu m\u00e9r.<a name=\"38\"><span class=\"versanumer\">38<\/span><\/a>Auk \u00feessa hafa \u00fe\u00e6r gj\u00f6rt m\u00e9r \u00fea\u00f0, a\u00f0 \u00fe\u00e6r sama daginn saurgu\u00f0u minn helgid\u00f3m og vanhelgu\u00f0u m\u00edna hv\u00edldardaga;<a name=\"39\"><span class=\"versanumer\">39<\/span><\/a>\u00fev\u00ed \u00fe\u00e1 \u00fe\u00e6r h\u00f6f\u00f0u sl\u00e1tra\u00f0 b\u00f6rnum s\u00ednum, afgu\u00f0unum til f\u00f3rnar, gengu \u00fe\u00e6r sama daginn inn \u00ed minn helgid\u00f3m, til \u00feess a\u00f0 vanhelga hann. Sl\u00edkt a\u00f0h\u00f6f\u00f0ust \u00fe\u00e6r \u00ed m\u00ednu eigin musteri!<a name=\"40\"><span class=\"versanumer\">40<\/span><\/a>\u00de\u00e6r sendu jafnvel eftir m\u00f6nnum, sem koma skyldu af fjarl\u00e6gum l\u00f6ndum; \u00feegar \u00feessir fengu bo\u00f0in, \u00fe\u00e1 komu \u00feeir: fyrir \u00feeirra skuld lauga\u00f0ir \u00fe\u00fa \u00feig, barst lit \u00ed augu \u00fe\u00e9r, og bj\u00f3st \u00feig \u00ed skart;<a name=\"41\"><span class=\"versanumer\">41<\/span><\/a>s\u00ed\u00f0an settist \u00fe\u00fa \u00e1 veglegan bekk, \u00fear st\u00f3\u00f0 fyrir framan uppb\u00fai\u00f0 bor\u00f0, og \u00fear lag\u00f0ir \u00fe\u00fa \u00e1 mitt reykelsi og mitt vi\u00f0smj\u00f6r;<a name=\"42\"><span class=\"versanumer\">42<\/span><\/a>h\u00e9r var n\u00fa s\u00f6ngur upphafinn af \u00feeim gu\u00f0lausa manngr\u00faa, var \u00fear auk tignarmanna fj\u00f6ldi minni h\u00e1ttar f\u00f3lks, drykkjumenn, sem s\u00f3ttir h\u00f6f\u00f0u veri\u00f0 \u00ed ey\u00f0im\u00f6rkina, l\u00e9tu \u00feeir armbauga \u00e1 handleggi \u00feeirra systra og veglegar k\u00f3r\u00f3nur \u00e1 h\u00f6fu\u00f0 \u00feeim.<a name=\"43\"><span class=\"versanumer\">43<\/span><\/a>Eg hugsa\u00f0i me\u00f0 sj\u00e1lfum m\u00e9r um \u00feessa g\u00f6mlu h\u00f3ru: mun nokkur enn vilja dr\u00fdgja h\u00f3rd\u00f3m me\u00f0 sl\u00edkri sem h\u00fan er?<a name=\"44\"><span class=\"versanumer\">44<\/span><\/a>j\u00fa, \u00feeir gengu inn til hennar! Eins og gengi\u00f0 er inn til einnar h\u00f3rkonu, eins gengu \u00feeir inn til Oholu og Ohol\u00edbu, \u00feeirra saurl\u00edfiskvenna.<a name=\"45\"><span class=\"versanumer\">45<\/span><\/a>En r\u00e9ttl\u00e1tu mennirnir <span class='VideyAth'>a)<\/span>, \u00feeir skulu lj\u00faka d\u00f3minum \u00e1 \u00feeim, d\u00f3mi h\u00f3rkvenna og mor\u00f0kvenna; \u00fev\u00ed h\u00f3rkonur eru \u00fe\u00e6r, og hafa bl\u00f3\u00f0flekka\u00f0ar hendur.<a name=\"46\"><span class=\"versanumer\">46<\/span><\/a>\u00dev\u00ed svo segir Drottinn alvaldur: stefndu fj\u00f6lmenni \u00ed gegn \u00feeim, og ofursel \u00fe\u00e6r til mis\u00feyrmingar og herfangs;<a name=\"47\"><span class=\"versanumer\">47<\/span><\/a>mannfj\u00f6ldinn skal gj\u00f6ra \u00feeim grj\u00f3thr\u00ed\u00f0, og h\u00f6ggva \u00fe\u00e6r sundur me\u00f0 sver\u00f0um, drepa sonu \u00feeirra og d\u00e6tur, og brenna upp h\u00fas \u00feeirra.<a name=\"48\"><span class=\"versanumer\">48<\/span><\/a>Me\u00f0 \u00feessu m\u00f3ti vil eg \u00fatr\u00fdma illlifna\u00f0inum \u00far landinu, og allar konur skulu l\u00e1ta s\u00e9r y\u00f0ar v\u00edti a\u00f0 varna\u00f0i ver\u00f0a, a\u00f0 \u00fe\u00e6r breyti ekki eftir y\u00f0ar skammarlega ath\u00e6fi.<a name=\"49\"><span class=\"versanumer\">49<\/span><\/a>\u00deegar \u00feeir svo l\u00e1ta y\u00f0ar sv\u00edvir\u00f0ingu ni\u00f0ur \u00e1 y\u00f0ur koma, og \u00fe\u00e9r hlj\u00f3ti\u00f0 a\u00f0 gjalda y\u00f0ar syndsamlegu afgu\u00f0ad\u00fdrkunar, \u00fe\u00e1 skulu\u00f0 \u00fe\u00e9r vi\u00f0urkenna, a\u00f0 eg em Drottinn alvaldur.<\/p>\n<div class=\"footnoteVidey\">V. 4. a. Ohola (eigin tjaldb\u00fa\u00f0) bendir til \u00feeirrar sj\u00e1lfgj\u00f6r\u00f0u gu\u00f0sd\u00fdrkunar, er Jer\u00f3b\u00f3am k\u00f3ngur innleiddi \u00ed \u00cdsraelsr\u00edki, 1 K\u00f3ng. 12,26\u201333. b. Ohol\u00edba (m\u00edn tjaldb\u00fa\u00f0 er \u00ed henni) l\u00fdtur til \u00feess, a\u00f0 musteri og helgid\u00f3mur Drottins var \u00ed Jer\u00fasalem.  V. 45. a. Kaldear, sem \u00e1ttu a\u00f0 framkv\u00e6ma rei\u00f0id\u00f3m Drottins \u00e1 Jer\u00fasalem.<\/div>\n","protected":false},"excerpt":{"rendered":"<p>Esek\u00edel s\u00fdnir, a\u00f0eins og Samar\u00eda (\u00cdsraelsr\u00edki) haf\u00f0i fengi\u00f0 refsingu fyrir sinn \u00f3gu\u00f0leika, eins \u00e1tti Jer\u00fasalem (J\u00fadar\u00edki), sem ekki var h\u00f3ti betri, von \u00e1 s\u00f6mu hegningu, 1\u201335; afm\u00e1lar afgu\u00f0ad\u00fdrkun beggja r\u00edkja, og \u00fe\u00e1 lesti, sem henni voru samfara, 36\u201349. 1Drottinn tala\u00f0i til m\u00edn svol\u00e1tandi or\u00f0um:2\u00fe\u00fa mannsins son, einu sinni voru tv\u00e6r konur, sem voru d\u00e6tur einnar m\u00f3\u00f0ur;3\u00fe\u00e6r voru lausl\u00e1tar \u00ed \u00e6sku sinni, og fr\u00f6mdu h\u00f3rd\u00f3m \u00ed Egyptalandi, l\u00e9tu \u00fear taka \u00e1 brj\u00f3stum s\u00e9r og fara h\u00f6ndum um sinn meyjarbarm.4Hin st\u00e6rri h\u00e9t Ohola a), en systir hennar Ohol\u00edba b); eg batt vi\u00f0 \u00fe\u00e6r hj\u00faskap, og f\u00e6ddu \u00fe\u00e6r m\u00e9r syni og d\u00e6tur. S\u00fa <a href=\"https:\/\/biblian.is\/videy\/esekiel-23-kafli\/\"> [&#8230;]<\/a><\/p>\n","protected":false},"author":1,"featured_media":0,"parent":0,"menu_order":0,"comment_status":"open","ping_status":"open","template":"bibliukaflar.php","meta":{"footnotes":""},"class_list":["post-21674","page","type-page","status-publish","hentry"],"_links":{"self":[{"href":"https:\/\/biblian.is\/videy\/wp-json\/wp\/v2\/pages\/21674","targetHints":{"allow":["GET"]}}],"collection":[{"href":"https:\/\/biblian.is\/videy\/wp-json\/wp\/v2\/pages"}],"about":[{"href":"https:\/\/biblian.is\/videy\/wp-json\/wp\/v2\/types\/page"}],"author":[{"embeddable":true,"href":"https:\/\/biblian.is\/videy\/wp-json\/wp\/v2\/users\/1"}],"replies":[{"embeddable":true,"href":"https:\/\/biblian.is\/videy\/wp-json\/wp\/v2\/comments?post=21674"}],"version-history":[{"count":0,"href":"https:\/\/biblian.is\/videy\/wp-json\/wp\/v2\/pages\/21674\/revisions"}],"wp:attachment":[{"href":"https:\/\/biblian.is\/videy\/wp-json\/wp\/v2\/media?parent=21674"}],"curies":[{"name":"wp","href":"https:\/\/api.w.org\/{rel}","templated":true}]}}