{"id":21667,"date":"2018-01-02T01:03:15","date_gmt":"2018-01-02T01:03:15","guid":{"rendered":"http:\/\/biblian.is\/videy\/esekiel-16-kafli\/"},"modified":"2018-01-02T01:03:15","modified_gmt":"2018-01-02T01:03:15","slug":"esekiel-16-kafli","status":"publish","type":"page","link":"https:\/\/biblian.is\/videy\/esekiel-16-kafli\/","title":{"rendered":"Esek\u00edel 16. kafli"},"content":{"rendered":"<div class=\"fyrirsognVidey\">Esek\u00edel l\u00fdsir \u00ed einni d\u00e6mis\u00f6gu velgj\u00f6rningum Gu\u00f0s vi\u00f0 \u00cdsraelsmenn, 1\u201314; \u00feeirra \u00f3\u00feakkl\u00e6ti vi\u00f0 hann aftur \u00e1 m\u00f3ti, 15\u201334; Gu\u00f0s r\u00e9ttv\u00edsu hegningu, 35\u201343; syndast\u00e6r\u00f0 \u00feeirra spilltu Gy\u00f0inga, 44\u201352; miskunnsemi Gu\u00f0s vi\u00f0 \u00fe\u00e1, ef \u00feeir b\u00e6ttu r\u00e1\u00f0 sitt, 53\u201363.<\/div>\n<p><a name=\"1\"><span class=\"versanumer\">1<\/span><\/a>Drottinn tala\u00f0i til m\u00edn \u00feessum or\u00f0um:<a name=\"2\"><span class=\"versanumer\">2<\/span><\/a>\u00fe\u00fa mannsins son, leiddu Jer\u00fasalemsborg fyrir sj\u00f3nir sv\u00edvir\u00f0ingar hennar,<a name=\"3\"><span class=\"versanumer\">3<\/span><\/a>og seg: Svo talar Drottinn alvaldur til Jer\u00fasalemsborgar: a\u00f0 uppruna og \u00e6tterni ertu fr\u00e1 Kanaanslandi, fa\u00f0ir \u00feinn var af Amor\u00edtum, og m\u00f3\u00f0ir \u00fe\u00edn af Het\u00edtum <span class='VideyAth'>b)<\/span>.<a name=\"4\"><span class=\"versanumer\">4<\/span><\/a>\u00dea\u00f0 er a\u00f0 segja fr\u00e1 uppruna \u00fe\u00ednum, a\u00f0 \u00feann dag sem \u00fe\u00fa f\u00e6ddist, var ekki skori\u00f0 \u00e1 naflastreng \u00feinn; \u00de\u00fa varst ekki laugu\u00f0 \u00ed vatni, svo \u00fe\u00fa yr\u00f0ir hrein, ekki n\u00fain me\u00f0 salti, og ekki reifum vafin.<a name=\"5\"><span class=\"versanumer\">5<\/span><\/a>Engin renndi til \u00fe\u00edn me\u00f0aumkvunarauga, til \u00feess a\u00f0 veita \u00fe\u00e9r nokkurt eitt af \u00feessu e\u00f0a kenna \u00ed brj\u00f3sti um \u00feig: sama daginn og \u00fe\u00fa f\u00e6ddist, var \u00fe\u00e9r kasta\u00f0 \u00fat \u00e1 v\u00ed\u00f0avang, af \u00fev\u00ed ekki var hirt um a\u00f0 l\u00e1ta \u00feig lifa.<a name=\"6\"><span class=\"versanumer\">6<\/span><\/a>\u00de\u00e1 gekk eg framhj\u00e1 \u00fe\u00e9r, og s\u00e1 \u00feig bl\u00f3\u00f0uga fyrir mannaf\u00f3tum; eg sag\u00f0i til \u00fe\u00edn, \u00fear sem \u00fe\u00fa l\u00e1st \u00ed \u00fe\u00ednu bl\u00f3\u00f0i: \u00fe\u00fa skalt lifa! j\u00e1, \u00fear sem \u00fe\u00fa l\u00e1st \u00ed \u00fe\u00ednu bl\u00f3\u00f0i, sag\u00f0i eg til \u00fe\u00edn: \u00fe\u00fa skalt lifa!<a name=\"7\"><span class=\"versanumer\">7<\/span><\/a>Eg \u00e1setti m\u00e9r a\u00f0 gj\u00f6ra \u00feig a\u00f0 \u00e6ttm\u00f3\u00f0ur svo margra \u00fe\u00fasunda, sem gr\u00f6sin eru \u00e1 akri; \u00fe\u00fa v\u00f3x upp, var\u00f0st mikil vexti og hin fegursta s\u00fdnum, brj\u00f3stamikil og h\u00e1rpr\u00fa\u00f0, en ber og nakin.<a name=\"8\"><span class=\"versanumer\">8<\/span><\/a>Eg gekk framhj\u00e1 \u00fe\u00e9r, leit \u00feig, og s\u00e1, a\u00f0 \u00feinn t\u00edmi var \u00e1starinnar t\u00edmi; eg tr\u00falofa\u00f0ist \u00fe\u00e9r, gj\u00f6r\u00f0i vi\u00f0 \u00feig ei\u00f0bundinn s\u00e1ttm\u00e1la, segir Drottinn alvaldur, og \u00fe\u00fa var\u00f0st m\u00edn.<a name=\"9\"><span class=\"versanumer\">9<\/span><\/a>Eg lauga\u00f0i \u00feig \u00ed vatni, \u00fevo\u00f0i af \u00fe\u00e9r bl\u00f3\u00f0i\u00f0, og smur\u00f0i \u00feig me\u00f0 vi\u00f0smj\u00f6ri;<a name=\"10\"><span class=\"versanumer\">10<\/span><\/a>eg f\u00e6r\u00f0i \u00feig \u00ed glitkl\u00e6\u00f0i, dr\u00f3 selskinnssk\u00f3 \u00e1 f\u00e6tur \u00fe\u00e9r, falda\u00f0i \u00fe\u00e9r me\u00f0 hv\u00edtu l\u00edni, og f\u00e9kk \u00fe\u00e9r silkisk\u00fdlu.<a name=\"11\"><span class=\"versanumer\">11<\/span><\/a>Eg pr\u00fdddi \u00feig \u00e1 allar lundir, spennti armbaugum um handleggi \u00fe\u00edna, og l\u00e9t festi \u00e1 h\u00e1ls \u00fe\u00e9r;<a name=\"12\"><span class=\"versanumer\">12<\/span><\/a>eg l\u00e9t \u00e1 \u00feig nasanisti, eyrnagull, og veglega k\u00f3r\u00f3nu \u00e1 h\u00f6fu\u00f0 \u00fe\u00e9r.<a name=\"13\"><span class=\"versanumer\">13<\/span><\/a>\u00de\u00fa varst n\u00fa pr\u00fddd gulli og silfri, skr\u00fddd hv\u00edtu l\u00edni, silki og gliti; \u00fe\u00fa \u00e1st k\u00f6kur tilb\u00fanar af sm\u00e6sta mj\u00f6li, hunangi og vi\u00f0smj\u00f6ri; \u00fe\u00fa varst fr\u00e1b\u00e6r a\u00f0 v\u00e6nleik, og vel fallin til konunglegrar tignar;<a name=\"14\"><span class=\"versanumer\">14<\/span><\/a>og n\u00fa f\u00f3r or\u00f0 af \u00fe\u00e9r til hei\u00f0inna \u00fej\u00f3\u00f0a s\u00f6kum fegur\u00f0ar \u00feinnar, sem a\u00f0 \u00f6llu var sambo\u00f0in \u00fev\u00ed skarti sem eg haf\u00f0i \u00e1 \u00feig l\u00e1ti\u00f0, segir Drottinn alvaldur.<br \/><a name=\"15\"><span class=\"versanumer\">15<\/span><\/a>En n\u00fa gj\u00f6r\u00f0ist \u00fe\u00fa skeytingarlaus, s\u00f6kum fegur\u00f0ar \u00feinnar, t\u00f3kst til a\u00f0 fremja saurlifna\u00f0, \u00e1n \u00feess a\u00f0 g\u00e6ta s\u00f3ma \u00fe\u00edns, og sveifst ekki a\u00f0 dr\u00fdgja h\u00f3rd\u00f3m me\u00f0 hv\u00f6rjum, sem framhj\u00e1 gekk, hv\u00f6r sem hann var.<a name=\"16\"><span class=\"versanumer\">16<\/span><\/a>\u00de\u00fa t\u00f3kst nokku\u00f0 af kl\u00e6\u00f0na\u00f0i \u00fe\u00ednum, og gj\u00f6r\u00f0ir \u00fe\u00e9r bl\u00f3th\u00fas me\u00f0 mislitum tj\u00f6ldum, til a\u00f0 dr\u00fdgja h\u00f3rd\u00f3m \u00ed, hva\u00f0 e\u00f0 aldrei haf\u00f0i fyrr or\u00f0i\u00f0, og aldrei mun ver\u00f0a.<a name=\"17\"><span class=\"versanumer\">17<\/span><\/a>\u00de\u00fa t\u00f3kst \u00fe\u00e6r gersemar gulls og silfurs, sem eg haf\u00f0i gefi\u00f0 \u00fe\u00e9r til b\u00faningsb\u00f3tar, og gj\u00f6r\u00f0ir \u00fe\u00e9r karlmannsl\u00edkneskjur \u00fear af og dr\u00fdg\u00f0ir h\u00f3rd\u00f3m me\u00f0 \u00feeim;<a name=\"18\"><span class=\"versanumer\">18<\/span><\/a>\u00fe\u00fa t\u00f3kst \u00fe\u00edn glitkl\u00e6\u00f0i og lag\u00f0ir yfir \u00fe\u00e6r, og settir fyrir \u00fe\u00e6r mitt vi\u00f0smj\u00f6r og mitt reykelsi;<a name=\"19\"><span class=\"versanumer\">19<\/span><\/a>\u00feau brau\u00f0 af hveiti, vi\u00f0smj\u00f6ri og hunangi, sem eg haf\u00f0i gefi\u00f0 \u00fe\u00e9r til f\u00e6\u00f0slu, lag\u00f0ir \u00fe\u00fa fyrir \u00fe\u00e6r til \u00fe\u00e6gilegs f\u00f3rnarilms; j\u00e1, svo voru mikil br\u00f6g\u00f0 a\u00f0 \u00feessu, segir Drottinn alvaldur,<a name=\"20\"><span class=\"versanumer\">20<\/span><\/a>a\u00f0 \u00fe\u00fa t\u00f3kst syni \u00fe\u00edna og d\u00e6tur, sem \u00fe\u00fa haf\u00f0ir ali\u00f0 m\u00e9r, og bl\u00f3ta\u00f0ir \u00feeim til f\u00e6\u00f0slu fyrir skur\u00f0go\u00f0in. Var ekki saurlifna\u00f0ur \u00feinn n\u00f3gur,<a name=\"21\"><span class=\"versanumer\">21<\/span><\/a>\u00fe\u00f3 \u00fe\u00fa ekki \u00fear \u00e1 ofan sl\u00e1tra\u00f0ir b\u00f6rnum m\u00ednum, og g\u00e6fir \u00feau skur\u00f0go\u00f0um, me\u00f0 \u00fev\u00ed a\u00f0 brenna \u00feau \u00e1 b\u00e1li \u00feeim til hei\u00f0urs?<a name=\"22\"><span class=\"versanumer\">22<\/span><\/a>\u00cd \u00f6llum \u00fe\u00ednum sv\u00edvir\u00f0ingum og saurlifna\u00f0i minntist \u00fe\u00fa ekki \u00feinna barn\u00e6skudaga, \u00fe\u00e1 \u00fe\u00fa varst ber og nakin, og l\u00e1st bl\u00f3\u00f0ug fyrir mannaf\u00f3tum.<a name=\"23\"><span class=\"versanumer\">23<\/span><\/a>Ofan \u00e1 allar sl\u00edkar \u00f3d\u00e1\u00f0ir <span class='VideyAth'>(vei \u00fe\u00e9r, vei \u00fe\u00e9r, segir Drottinn alvaldur)<\/span><a name=\"24\"><span class=\"versanumer\">24<\/span><\/a>bygg\u00f0ir \u00fe\u00fa \u00fe\u00e9r porth\u00fas <span class='VideyAth'>a)<\/span> og hl\u00f3\u00f0st \u00fe\u00e9r h\u00f6rga \u00e1 \u00f6llum torgum;<a name=\"25\"><span class=\"versanumer\">25<\/span><\/a>\u00e1 \u00f6llum gatnam\u00f3tum hl\u00f3\u00f0st \u00fe\u00fa \u00fe\u00e9r h\u00f6rga, og gj\u00f6r\u00f0ir fr\u00ed\u00f0leik \u00feinn vi\u00f0bj\u00f3\u00f0slegan me\u00f0 \u00fev\u00ed a\u00f0 glensast vi\u00f0 hv\u00f6rn, sem framhj\u00e1 gekk, og margfalda \u00feinn saurlifna\u00f0;<a name=\"26\"><span class=\"versanumer\">26<\/span><\/a>\u00fe\u00fa framdir h\u00f3rd\u00f3m me\u00f0 n\u00e1b\u00faum \u00fe\u00ednum, \u00feeim lausl\u00e1tu Egyptalandsm\u00f6nnum, og dr\u00fdg\u00f0ir margfaldan saurlifna\u00f0 m\u00e9r til m\u00f3\u00f0gunar.<a name=\"27\"><span class=\"versanumer\">27<\/span><\/a>\u00de\u00e1 \u00fatr\u00e9tti eg m\u00edna h\u00f6nd \u00e1 m\u00f3ti \u00fe\u00e9r, dr\u00f3 af \u00fe\u00e9r matarskammt \u00feinn, og seldi \u00feig \u00e1 vald \u00f3vina \u00feinna, d\u00e6tra Filisteanna, sem fyrirur\u00f0u sig fyrir \u00feitt lastafulla ath\u00e6fi.<a name=\"28\"><span class=\"versanumer\">28<\/span><\/a>\u00de\u00fa dr\u00fdg\u00f0ir h\u00f3rd\u00f3m me\u00f0 Assyr\u00edum\u00f6nnum, \u00e1n \u00feess a\u00f0 f\u00e1 n\u00e6gju \u00fe\u00edna; og \u00feegar \u00fe\u00fa f\u00e9kkst ekki n\u00f3g af saurlifna\u00f0i \u00fe\u00ednum vi\u00f0 \u00fe\u00e1,<a name=\"29\"><span class=\"versanumer\">29<\/span><\/a>\u00fe\u00e1 \u00fatbreiddir \u00fe\u00fa \u00fe\u00ednar h\u00f3ranir til verslunarlandsins, Kaldealands, og enn n\u00e6g\u00f0i \u00fe\u00e9r ekki.<a name=\"30\"><span class=\"versanumer\">30<\/span><\/a>Af hv\u00edl\u00edkum girndarbruna pl\u00e1ga\u00f0ist hjarta \u00feitt, segir Drottinn alvaldur, \u00feegar \u00fe\u00fa framdir allt sl\u00edkt ath\u00e6fi, sem hin \u00f3sv\u00edfnasta sk\u00e6kja mundi fremja!<a name=\"31\"><span class=\"versanumer\">31<\/span><\/a>\u00deegar \u00fe\u00fa bygg\u00f0ir \u00fe\u00e9r porth\u00fas \u00e1 \u00f6llum gatnam\u00f3tum, og hl\u00f3\u00f0st h\u00f6rga \u00e1 \u00f6llum torgum! \u00fe\u00fa varst ekki eins og s\u00fa sk\u00e6kja, sem er d\u00fdr \u00e1 s\u00e9r,<a name=\"32\"><span class=\"versanumer\">32<\/span><\/a>heldur sem s\u00fa h\u00f3rkona, er tekur \u00f3kunnuga menn undir b\u00f3nda sinn.<a name=\"33\"><span class=\"versanumer\">33<\/span><\/a>\u00d6llum sk\u00e6kjum er vant a\u00f0 gefa kaupgjald; \u00fe\u00fa \u00fear \u00e1 m\u00f3ti gafst kaup \u00f6llum \u00fe\u00ednum fylgism\u00f6nnum, og ginntir \u00fe\u00e1 me\u00f0 gj\u00f6fum a\u00f0 \u00fe\u00e9r \u00far \u00f6llum \u00e1ttum, til \u00feess \u00feeir k\u00e6mi og fremdi h\u00f3rd\u00f3m me\u00f0 \u00fe\u00e9r.<a name=\"34\"><span class=\"versanumer\">34<\/span><\/a>\u00deinn saurlifna\u00f0ur var \u00f6\u00f0ruv\u00edsi, en annarra kvenna; menn hlupu ekki eftir \u00fe\u00e9r til fylgjulags, heldur gafst \u00fe\u00fa gjafir en \u00f6ngvar voru gefnar \u00fe\u00e9r; svo fr\u00e1leitt var \u00feitt h\u00e1ttalag annarra. <br \/><a name=\"35\"><span class=\"versanumer\">35<\/span><\/a>\u00dear fyrir heyr \u00fe\u00fa or\u00f0 Drottins, \u00fe\u00fa h\u00f3ra!<a name=\"36\"><span class=\"versanumer\">36<\/span><\/a>Svo segir Drottinn alvaldur: me\u00f0 \u00fev\u00ed a\u00f0 \u00fe\u00fa j\u00f3st \u00fat f\u00e9 \u00fe\u00ednu, og me\u00f0 \u00fe\u00ednum saurlifna\u00f0i bera\u00f0ir blyg\u00f0un \u00fe\u00edna fyrir \u00fe\u00ednum fylgim\u00f6nnum og fyrir \u00fe\u00ednum andstyggilegu skur\u00f0go\u00f0um, og bl\u00f3ta\u00f0ir \u00feeim bl\u00f3\u00f0i barna \u00feinna:<a name=\"37\"><span class=\"versanumer\">37<\/span><\/a>\u00fear fyrir \u00fe\u00e1 skal eg samansafna \u00f6llum \u00fe\u00ednum \u00e1stm\u00f6nnum, sem \u00fe\u00fa hefir haft samlag vi\u00f0, og \u00f6llum sem \u00fe\u00e9r eru k\u00e6rir, sem og \u00f6llum \u00f3vinum \u00fe\u00ednum; \u00feeim skal eg safna saman a\u00f0 \u00fe\u00e9r allt \u00ed kring um \u00feig, og setja \u00feeim fyrir augu \u00fe\u00edna sv\u00edvir\u00f0ing, svo \u00feeir sj\u00e1i hana eins og h\u00fan er.<a name=\"38\"><span class=\"versanumer\">38<\/span><\/a>Eg skal l\u00e1ta refsingard\u00f3m h\u00f3rkvenna og mor\u00f0kvenna yfir \u00feig ganga, og ofurselja \u00feig bl\u00f3\u00f0ugri hefnd uppv\u00e6grar vandl\u00e6tingar:<a name=\"39\"><span class=\"versanumer\">39<\/span><\/a>eg skal selja \u00feig \u00ed hendur \u00feeim, og \u00feeir skulu \u00ed ey\u00f0i leggja \u00fe\u00edn porth\u00fas, ni\u00f0urbrj\u00f3ta \u00fe\u00edna h\u00f6rga, f\u00e6ra \u00feig af kl\u00e6\u00f0um \u00fe\u00ednum, taka burtu skartsb\u00fana\u00f0 \u00feinn, og l\u00e1ta \u00feig sitja eftir bera og nakta;<a name=\"40\"><span class=\"versanumer\">40<\/span><\/a>\u00feeir skulu gj\u00f6ra a\u00f0 \u00fe\u00e9r manns\u00f6fnu\u00f0, gr\u00fdta \u00feig og sundurh\u00f6ggva \u00feig me\u00f0 s\u00ednum sver\u00f0um;<a name=\"41\"><span class=\"versanumer\">41<\/span><\/a>\u00feeir skulu brenna \u00fe\u00edn h\u00fas \u00ed eldi, og framkv\u00e6ma refsingard\u00f3minn \u00e1 \u00fe\u00e9r \u00ed augs\u00fdn margra kvenna. \u00deannig skal eg til vegar koma, a\u00f0 \u00fe\u00fa skalt l\u00e1ta af a\u00f0 vera h\u00f3ra, og ekki framar leggja f\u00e9 \u00fat til \u00feess;<a name=\"42\"><span class=\"versanumer\">42<\/span><\/a>\u00fe\u00e1 skal eg l\u00e1ta m\u00edna heift gegn \u00fe\u00e9r enda taka, og m\u00edn vandl\u00e6ting vi\u00f0 \u00feig skal hverfa; eg skal vera kyrr og ekki framar gremja ge\u00f0 mitt.<a name=\"43\"><span class=\"versanumer\">43<\/span><\/a>Af \u00fev\u00ed \u00fe\u00fa hefir gleymt \u00fe\u00ednum barn\u00e6skud\u00f6gum, og s\u00fdnt m\u00e9r \u00feverm\u00f3\u00f0sku me\u00f0 \u00f6llu \u00feessu, \u00fe\u00e1 skal eg l\u00edka l\u00e1ta \u00fe\u00edn verk \u00fe\u00e9r \u00ed koll koma, segir Drottinn alvaldur, \u00fev\u00ed \u00fe\u00fa getur ekki lengra fram fari\u00f0 \u00fe\u00ednum sv\u00edvir\u00f0ingum, en \u00fe\u00fa hefir gj\u00f6rt. <br \/><a name=\"44\"><span class=\"versanumer\">44<\/span><\/a>Hv\u00f6r sem m\u00e1lsh\u00e1ttu t\u00ed\u00f0kar, m\u00e1 vel hafa \u00feann m\u00e1lsh\u00e1tt um \u00feig, a\u00f0 m\u00e6r er jafnan m\u00f3\u00f0ur l\u00edk.<a name=\"45\"><span class=\"versanumer\">45<\/span><\/a>\u00de\u00fa ert d\u00f3ttir m\u00f3\u00f0ur \u00feinnar, sem rak burt b\u00f3nda sinn og b\u00f6rn s\u00edn; \u00fe\u00fa ert systir systra \u00feinna, sem burtr\u00e1ku b\u00e6ndur s\u00edna og b\u00f6rn; y\u00f0ar m\u00f3\u00f0ir var af Het\u00edtum, og y\u00f0ar fa\u00f0ir af Amor\u00edtum.<a name=\"46\"><span class=\"versanumer\">46<\/span><\/a>St\u00e6rri systir \u00fe\u00edn er Samar\u00eda me\u00f0 hennar d\u00e6trum, h\u00fan b\u00fdr til vinstri handar \u00fe\u00e9r; minni systir \u00fe\u00edn sem b\u00fdr til h\u00e6gri handar \u00fe\u00e9r, er S\u00f3d\u00f3ma me\u00f0 hennar d\u00e6trum.<a name=\"47\"><span class=\"versanumer\">47<\/span><\/a>\u00de\u00f3 hefir \u00fe\u00fa ekki gengi\u00f0 \u00feeirra g\u00f6tu, og ekki frami\u00f0 \u00feeirra sv\u00edvir\u00f0ingar: nei, \u00fe\u00e9r n\u00e6g\u00f0i \u00fea\u00f0 ekki, heldur hefir \u00fe\u00fa \u00ed \u00f6llu \u00fe\u00ednu h\u00e1ttalagi breytt verr enn \u00fe\u00e6r.<a name=\"48\"><span class=\"versanumer\">48<\/span><\/a>Svo framarlega sem eg lifi, segir Drottinn alvaldur: S\u00f3d\u00f3ma systir \u00fe\u00edn og hennar d\u00e6tur hafa ekki gj\u00f6rt \u00fea\u00f0 sem \u00fe\u00fa og \u00fe\u00ednar d\u00e6tur hafa gj\u00f6rt.<a name=\"49\"><span class=\"versanumer\">49<\/span><\/a>Synd S\u00f3d\u00f3mu systur \u00feinnar var ofdramb: h\u00fan og hennar d\u00e6tur h\u00f6f\u00f0u gn\u00f3tt matar og fullan fri\u00f0, en r\u00e9ttu \u00fe\u00f3 ekki hinum f\u00e1t\u00e6ka og \u00feurfamanninum hj\u00e1lparh\u00f6nd.<a name=\"50\"><span class=\"versanumer\">50<\/span><\/a>\u00de\u00e6r voru drambsfullar, og fr\u00f6mdu sv\u00edvir\u00f0ingar fyrir augum m\u00e9r; \u00feegar eg s\u00e1 \u00fea\u00f0, svipta eg \u00feeim \u00ed burt.<a name=\"51\"><span class=\"versanumer\">51<\/span><\/a>Samar\u00eda hefir ekki dr\u00fdgt helminginn af \u00fe\u00ednum syndum; \u00fe\u00fa hefir frami\u00f0 miklu meiri sv\u00edvir\u00f0ingar, en systur \u00fe\u00ednar: j\u00e1, \u00fe\u00fa hefir s\u00fdnt me\u00f0 \u00f6llum \u00feeim sv\u00edvir\u00f0ingum, sem \u00fe\u00fa hefir frami\u00f0, a\u00f0 \u00fe\u00e6r eru betri, en \u00fe\u00fa.<a name=\"52\"><span class=\"versanumer\">52<\/span><\/a>Ber \u00fe\u00fa n\u00fa \u00feess vegna sj\u00e1lf \u00fe\u00e1 sm\u00e1n, sem \u00fe\u00fa hefir sagt a\u00f0 makleg v\u00e6ri systrum \u00fe\u00ednum; me\u00f0 \u00fe\u00ednum syndum, sem eru enn vi\u00f0urstyggilegri enn \u00feeirra, hefir \u00fe\u00fa sanna\u00f0, a\u00f0 \u00fe\u00e6r eru h\u00e1t\u00ed\u00f0 hj\u00e1 \u00fe\u00e9r. Skammastu \u00fe\u00edn \u00fe\u00e1, og ber\u00f0u \u00fe\u00edna sm\u00e1n, fyrst \u00fe\u00fa hefir or\u00f0i\u00f0 eftirb\u00e1tur systra \u00feinna! <br \/><a name=\"53\"><span class=\"versanumer\">53<\/span><\/a>Samt skal eg aftur heimlei\u00f0a \u00feeirra herleidda f\u00f3lk, b\u00e6\u00f0i \u00fe\u00e1 sem burtfluttir hafa veri\u00f0 fr\u00e1 S\u00f3d\u00f3mu og hennar d\u00e6trum, og \u00fe\u00e1 sem herleiddir hafa veri\u00f0 fr\u00e1 Samar\u00edu og hennar d\u00e6trum, og \u00e1samt me\u00f0 \u00feeim \u00fe\u00e1 sem fr\u00e1 \u00fe\u00e9r hafa burtfluttir veri\u00f0;<a name=\"54\"><span class=\"versanumer\">54<\/span><\/a>svo \u00fe\u00fa berir \u00fe\u00edna sm\u00e1n, og skammist \u00fe\u00edn fyrir allt \u00fea\u00f0 sem \u00fe\u00fa hefir gj\u00f6rt, \u00feegar \u00fe\u00fa ver\u00f0ur \u00feeim til hugfr\u00f3ar <span class='VideyAth'>a)<\/span>.<a name=\"55\"><span class=\"versanumer\">55<\/span><\/a>S\u00f3d\u00f3ma systir \u00fe\u00edn og hennar d\u00e6tur skulu aftur komast \u00ed sitt fyrra gengi, Samar\u00eda og hennar d\u00e6tur skulu og aftur komast \u00ed sitt fyrra gengi, og \u00fe\u00fa og \u00fe\u00ednar d\u00e6tur skulu\u00f0 eins aftur komast \u00ed ykkar fyrra gengi;<a name=\"56\"><span class=\"versanumer\">56<\/span><\/a>og \u00fe\u00f3 virtir \u00fe\u00fa \u00feig \u00feess ekki, a\u00f0 nefna S\u00f3d\u00f3mu systur \u00fe\u00edna \u00e1 nafn, \u00e1 \u00fe\u00ednum ofdrambsd\u00f6gum,<a name=\"57\"><span class=\"versanumer\">57<\/span><\/a>\u00feegar \u00fe\u00edn vonska var enn ekki opinber or\u00f0in, \u00ed \u00feann t\u00ed\u00f0 er hneisan var komin yfir S\u00fdrlandsd\u00e6tur og allar grannkonur \u00feeirra, d\u00e6tur Filistanna, hv\u00f6rjar e\u00f0 n\u00fa l\u00edta \u00e1 \u00feig me\u00f0 spotti \u00ed kr\u00f3k og kring.<a name=\"58\"><span class=\"versanumer\">58<\/span><\/a>\u00de\u00fa ver\u00f0ur n\u00fa a\u00f0 gjalda \u00feinna lasta og sv\u00edvir\u00f0inga, segir Drottinn.<a name=\"59\"><span class=\"versanumer\">59<\/span><\/a>J\u00e1, svo segir Drottinn alvaldur: \u00fea\u00f0 v\u00e6ri maklegast, a\u00f0 eg gj\u00f6r\u00f0i eins og \u00fe\u00fa hefir gj\u00f6rt, \u00fe\u00fa sem gekkst \u00e1 ei\u00f0inn og raufst s\u00e1ttm\u00e1li\u00f0.<a name=\"60\"><span class=\"versanumer\">60<\/span><\/a>Ei a\u00f0 s\u00ed\u00f0ur vil eg muna til \u00feess s\u00e1ttm\u00e1la, sem eg gj\u00f6r\u00f0i vi\u00f0 \u00feig \u00ed \u00e6sku \u00feinni, og binda vi\u00f0 \u00feig eil\u00edft s\u00e1ttm\u00e1l;<a name=\"61\"><span class=\"versanumer\">61<\/span><\/a>muntu \u00fe\u00e1 minnast \u00e1 ath\u00e6fi \u00feitt, og blyg\u00f0ast, \u00feegar \u00fe\u00fa tekur til \u00fe\u00edn eldri og yngri systur \u00fe\u00ednar, hv\u00f6rjar eg mun gj\u00f6ra a\u00f0 d\u00e6trum \u00fe\u00ednum, um \u00fea\u00f0 fram sem \u00feinn s\u00e1ttm\u00e1li stendur til.<a name=\"62\"><span class=\"versanumer\">62<\/span><\/a>Eg vil sta\u00f0festa mitt s\u00e1ttm\u00e1l vi\u00f0 \u00feig, svo \u00fe\u00fa skalt vi\u00f0urkenna, a\u00f0 eg em Drottinn;<a name=\"63\"><span class=\"versanumer\">63<\/span><\/a>\u00fe\u00fa skalt minnast <span class='VideyAth'>(\u00e1 \u00feinn fyrra lifna\u00f0)<\/span>, og skammast \u00fe\u00edn, og ver\u00f0a or\u00f0laus af blyg\u00f0un, \u00feegar eg fyrirgef \u00fe\u00e9r allt \u00fea\u00f0 sem \u00fe\u00fa hefir gj\u00f6rt, segir Drottinn alvaldur.<\/p>\n<div class=\"footnoteVidey\">V. 3. b. \u00de. e. \u00fe\u00fa ert l\u00edkari \u00fev\u00ed, a\u00f0 \u00fe\u00fa s\u00e9rt komin af kanverskum \u00fej\u00f3\u00f0um, Amor\u00edtum og Het\u00edtum, sem bl\u00f3tu\u00f0u skur\u00f0go\u00f0, en af Abraham hinum tr\u00fafasta.  V. 24. a. Sk\u00e6kjuh\u00fas \u00fe. e. bl\u00f3th\u00fas, \u00fev\u00ed skur\u00f0go\u00f0ad\u00fdrkun kallar sp\u00e1ma\u00f0urinn h\u00f3rd\u00f3m, sk\u00e6kjulifna\u00f0 og saurlifna\u00f0, \u00fear e\u00f0 lausl\u00e6tislifna\u00f0ur var \u00fer\u00e1falt samfara afgu\u00f0ad\u00fdrkun.  V. 54. a. Me\u00f0 \u00fev\u00ed a\u00f0 \u00fe\u00fa hefir or\u00f0i\u00f0 fyrir s\u00f6mu hegningu og \u00fe\u00e6r.<\/div>\n","protected":false},"excerpt":{"rendered":"<p>Esek\u00edel l\u00fdsir \u00ed einni d\u00e6mis\u00f6gu velgj\u00f6rningum Gu\u00f0s vi\u00f0 \u00cdsraelsmenn, 1\u201314; \u00feeirra \u00f3\u00feakkl\u00e6ti vi\u00f0 hann aftur \u00e1 m\u00f3ti, 15\u201334; Gu\u00f0s r\u00e9ttv\u00edsu hegningu, 35\u201343; syndast\u00e6r\u00f0 \u00feeirra spilltu Gy\u00f0inga, 44\u201352; miskunnsemi Gu\u00f0s vi\u00f0 \u00fe\u00e1, ef \u00feeir b\u00e6ttu r\u00e1\u00f0 sitt, 53\u201363. 1Drottinn tala\u00f0i til m\u00edn \u00feessum or\u00f0um:2\u00fe\u00fa mannsins son, leiddu Jer\u00fasalemsborg fyrir sj\u00f3nir sv\u00edvir\u00f0ingar hennar,3og seg: Svo talar Drottinn alvaldur til Jer\u00fasalemsborgar: a\u00f0 uppruna og \u00e6tterni ertu fr\u00e1 Kanaanslandi, fa\u00f0ir \u00feinn var af Amor\u00edtum, og m\u00f3\u00f0ir \u00fe\u00edn af Het\u00edtum b).4\u00dea\u00f0 er a\u00f0 segja fr\u00e1 uppruna \u00fe\u00ednum, a\u00f0 \u00feann dag sem \u00fe\u00fa f\u00e6ddist, var ekki skori\u00f0 \u00e1 naflastreng \u00feinn; \u00de\u00fa varst ekki laugu\u00f0 \u00ed vatni, <a href=\"https:\/\/biblian.is\/videy\/esekiel-16-kafli\/\"> [&#8230;]<\/a><\/p>\n","protected":false},"author":1,"featured_media":0,"parent":0,"menu_order":0,"comment_status":"open","ping_status":"open","template":"bibliukaflar.php","meta":{"footnotes":""},"class_list":["post-21667","page","type-page","status-publish","hentry"],"_links":{"self":[{"href":"https:\/\/biblian.is\/videy\/wp-json\/wp\/v2\/pages\/21667","targetHints":{"allow":["GET"]}}],"collection":[{"href":"https:\/\/biblian.is\/videy\/wp-json\/wp\/v2\/pages"}],"about":[{"href":"https:\/\/biblian.is\/videy\/wp-json\/wp\/v2\/types\/page"}],"author":[{"embeddable":true,"href":"https:\/\/biblian.is\/videy\/wp-json\/wp\/v2\/users\/1"}],"replies":[{"embeddable":true,"href":"https:\/\/biblian.is\/videy\/wp-json\/wp\/v2\/comments?post=21667"}],"version-history":[{"count":0,"href":"https:\/\/biblian.is\/videy\/wp-json\/wp\/v2\/pages\/21667\/revisions"}],"wp:attachment":[{"href":"https:\/\/biblian.is\/videy\/wp-json\/wp\/v2\/media?parent=21667"}],"curies":[{"name":"wp","href":"https:\/\/api.w.org\/{rel}","templated":true}]}}