{"id":21666,"date":"2018-01-02T01:03:15","date_gmt":"2018-01-02T01:03:15","guid":{"rendered":"http:\/\/biblian.is\/videy\/esekiel-15-kafli\/"},"modified":"2018-01-02T01:03:15","modified_gmt":"2018-01-02T01:03:15","slug":"esekiel-15-kafli","status":"publish","type":"page","link":"https:\/\/biblian.is\/videy\/esekiel-15-kafli\/","title":{"rendered":"Esek\u00edel 15. kafli"},"content":{"rendered":"<div class=\"fyrirsognVidey\">Esek\u00edel fyrirmyndar me\u00f0 einu v\u00edntr\u00e9 spillingu og sorgleg afdrif Jer\u00fasalems innbyggjenda.<\/div>\n<p><a name=\"1\"><span class=\"versanumer\">1<\/span><\/a>Drottinn tala\u00f0i til m\u00edn \u00feessum or\u00f0um:<a name=\"2\"><span class=\"versanumer\">2<\/span><\/a>hva\u00f0 hefir v\u00ednvi\u00f0urinn fram yfir annan vi\u00f0, \u00feessi teinungur me\u00f0al sk\u00f3gard\u00fdranna?<a name=\"3\"><span class=\"versanumer\">3<\/span><\/a>Ver\u00f0ur nokku\u00f0 af honum tekinn efnivi\u00f0ur til sm\u00ed\u00f0a? f\u00e6st nokku\u00f0 \u00far honum nagli, til a\u00f0 hengja eitthv\u00f6rt ambo\u00f0 upp \u00e1?<a name=\"4\"><span class=\"versanumer\">4<\/span><\/a>Nei, hann er haf\u00f0ur til eldsneytis. Hafi n\u00fa eldurinn brennt b\u00e1\u00f0a enda hans, og s\u00e9 mi\u00f0jan svi\u00f0nu\u00f0, hv\u00f6rt gagn er \u00fe\u00e1 a\u00f0 honum til efnivi\u00f0ar?<a name=\"5\"><span class=\"versanumer\">5<\/span><\/a>Me\u00f0an hann var enn \u00fe\u00e1 heill, var\u00f0 ekkert \u00far honum sm\u00ed\u00f0a\u00f0, \u00fev\u00ed s\u00ed\u00f0ur, a\u00f0 n\u00fa ver\u00f0i nokku\u00f0 \u00far honum gj\u00f6rt, \u00feegar eldurinn hefir brennt hann og svi\u00f0i\u00f0.<a name=\"6\"><span class=\"versanumer\">6<\/span><\/a>Eins og menn n\u00fa\u2014svo segir Drottinn alvaldur\u2014fara me\u00f0 v\u00ednvi\u00f0inn jafnt og \u00f6nnur sk\u00f3gartr\u00e9, \u00feau er eg hefi \u00e6tla\u00f0 til eldsneytis, eins skal eg fara me\u00f0 innb\u00faa Jer\u00fasalemsborgar:<a name=\"7\"><span class=\"versanumer\">7<\/span><\/a>eg skal l\u00edta til \u00feeirra me\u00f0 rei\u00f0isvip; komist \u00feeir \u00far einum eldi, skulu \u00feeir \u00ed \u00f6\u00f0rum brenna. \u00de\u00e9r skulu\u00f0 \u00fe\u00e1 vi\u00f0urkenna, a\u00f0 eg em Drottinn, \u00feegar eg l\u00edt til \u00feeirra \u00ed rei\u00f0i minni;<a name=\"8\"><span class=\"versanumer\">8<\/span><\/a>eg skal gj\u00f6ra landi\u00f0 a\u00f0 au\u00f0n, s\u00f6kum \u00feess \u00feeir hafa st\u00f3rlega misbroti\u00f0, segir Drottinn alvaldur.<\/p>\n<div class=\"footnoteVidey\"><\/div>\n","protected":false},"excerpt":{"rendered":"<p>Esek\u00edel fyrirmyndar me\u00f0 einu v\u00edntr\u00e9 spillingu og sorgleg afdrif Jer\u00fasalems innbyggjenda. 1Drottinn tala\u00f0i til m\u00edn \u00feessum or\u00f0um:2hva\u00f0 hefir v\u00ednvi\u00f0urinn fram yfir annan vi\u00f0, \u00feessi teinungur me\u00f0al sk\u00f3gard\u00fdranna?3Ver\u00f0ur nokku\u00f0 af honum tekinn efnivi\u00f0ur til sm\u00ed\u00f0a? f\u00e6st nokku\u00f0 \u00far honum nagli, til a\u00f0 hengja eitthv\u00f6rt ambo\u00f0 upp \u00e1?4Nei, hann er haf\u00f0ur til eldsneytis. Hafi n\u00fa eldurinn brennt b\u00e1\u00f0a enda hans, og s\u00e9 mi\u00f0jan svi\u00f0nu\u00f0, hv\u00f6rt gagn er \u00fe\u00e1 a\u00f0 honum til efnivi\u00f0ar?5Me\u00f0an hann var enn \u00fe\u00e1 heill, var\u00f0 ekkert \u00far honum sm\u00ed\u00f0a\u00f0, \u00fev\u00ed s\u00ed\u00f0ur, a\u00f0 n\u00fa ver\u00f0i nokku\u00f0 \u00far honum gj\u00f6rt, \u00feegar eldurinn hefir brennt hann og svi\u00f0i\u00f0.6Eins og menn n\u00fa\u2014svo segir <a href=\"https:\/\/biblian.is\/videy\/esekiel-15-kafli\/\"> [&#8230;]<\/a><\/p>\n","protected":false},"author":1,"featured_media":0,"parent":0,"menu_order":0,"comment_status":"open","ping_status":"open","template":"bibliukaflar.php","meta":{"footnotes":""},"class_list":["post-21666","page","type-page","status-publish","hentry"],"_links":{"self":[{"href":"https:\/\/biblian.is\/videy\/wp-json\/wp\/v2\/pages\/21666","targetHints":{"allow":["GET"]}}],"collection":[{"href":"https:\/\/biblian.is\/videy\/wp-json\/wp\/v2\/pages"}],"about":[{"href":"https:\/\/biblian.is\/videy\/wp-json\/wp\/v2\/types\/page"}],"author":[{"embeddable":true,"href":"https:\/\/biblian.is\/videy\/wp-json\/wp\/v2\/users\/1"}],"replies":[{"embeddable":true,"href":"https:\/\/biblian.is\/videy\/wp-json\/wp\/v2\/comments?post=21666"}],"version-history":[{"count":0,"href":"https:\/\/biblian.is\/videy\/wp-json\/wp\/v2\/pages\/21666\/revisions"}],"wp:attachment":[{"href":"https:\/\/biblian.is\/videy\/wp-json\/wp\/v2\/media?parent=21666"}],"curies":[{"name":"wp","href":"https:\/\/api.w.org\/{rel}","templated":true}]}}