{"id":21663,"date":"2018-01-02T01:03:15","date_gmt":"2018-01-02T01:03:15","guid":{"rendered":"http:\/\/biblian.is\/videy\/esekiel-12-kafli\/"},"modified":"2018-01-02T01:03:15","modified_gmt":"2018-01-02T01:03:15","slug":"esekiel-12-kafli","status":"publish","type":"page","link":"https:\/\/biblian.is\/videy\/esekiel-12-kafli\/","title":{"rendered":"Esek\u00edel 12. kafli"},"content":{"rendered":"<div class=\"fyrirsognVidey\">Esek\u00edel bendir til , hv\u00f6rsu Sedek\u00edas konungur skyldi fl\u00fdja um n\u00f3tt fr\u00e1 Jer\u00fasalem, og Gy\u00f0ingar ver\u00f0a herleiddir, 1\u201316; afm\u00e1lar h\u00f6rmung og ney\u00f0 hinna umsetnu Gy\u00f0inga \u00e1 undan herlei\u00f0ingunni, 17\u201320; hrindir spotti hinna vantr\u00fau\u00f0u, sem h\u00e9ldu a\u00f0 Gu\u00f0s h\u00f3tanir mundu ekki r\u00e6tast, 21\u201328.<\/div>\n<p><a name=\"1\"><span class=\"versanumer\">1<\/span><\/a>Or\u00f0 Drottins \u00fatgekk til m\u00edn svol\u00e1tandi:<a name=\"2\"><span class=\"versanumer\">2<\/span><\/a>mannsins son, \u00fe\u00fa b\u00fdr \u00e1 me\u00f0al \u00feverm\u00f3\u00f0skufulls l\u00fd\u00f0s, sem hefir augu til a\u00f0 sj\u00e1 me\u00f0, en s\u00e9r \u00fe\u00f3 ekki, eyru til a\u00f0 heyra me\u00f0, en heyrir \u00fe\u00f3 ekki; svo \u00fever\u00fa\u00f0arfullur er \u00feessi l\u00fd\u00f0ur.<a name=\"3\"><span class=\"versanumer\">3<\/span><\/a>\u00de\u00fa mannsins son, halt \u00e1 b\u00fana\u00f0i \u00fe\u00ednum, og far af sta\u00f0 \u00ed augs\u00fdn \u00feeirra \u00e1 bj\u00f6rtum degi; \u00fe\u00fa skalt flytja burt \u00fea\u00f0an sem \u00fe\u00fa b\u00fdr, a\u00f0 \u00feeim \u00e1sj\u00e1endum, og fara eitthva\u00f0 anna\u00f0; \u00fev\u00ed vera m\u00e1, a\u00f0 \u00feeir vakni vi\u00f0 \u00feetta, \u00fe\u00f3 \u00feeir s\u00e9u \u00fever\u00fa\u00f0arfullir.<a name=\"4\"><span class=\"versanumer\">4<\/span><\/a>\u00de\u00fa skalt f\u00e6ra \u00fat f\u00f6ng \u00fe\u00edn, svo sem annan flutningsfarangur, \u00ed augs\u00fdn \u00feeirra \u00e1 bj\u00f6rtum degi, en sj\u00e1lfur skaltu fara \u00fat um kv\u00f6ldi\u00f0 a\u00f0 \u00feeim \u00e1sj\u00e1endum, eins og \u00fe\u00e1 \u00fatleg\u00f0armenn fl\u00fdja \u00far landi burt.<a name=\"5\"><span class=\"versanumer\">5<\/span><\/a>\u00de\u00fa skalt brj\u00f3ta hli\u00f0 \u00e1 vegginn \u00ed augs\u00fdn \u00feeirra, og f\u00e6ra f\u00f6ng \u00fe\u00edn \u00fear \u00fat um;<a name=\"6\"><span class=\"versanumer\">6<\/span><\/a>\u00fe\u00fa skalt lyfta \u00feeim \u00e1 bak \u00fe\u00e9r fyrir augum \u00feeirra, og bera \u00feau \u00fat \u00ed r\u00f6kkrinu; \u00fe\u00fa skalt byrgja fyrir andlit \u00feitt, svo \u00fe\u00fa sj\u00e1ir ekki landi\u00f0: \u00fev\u00ed eg hefi \u00e6tla\u00f0 \u00feig til a\u00f0 vera fyrirmyndarteikn fyrir \u00cdsraelsl\u00fd\u00f0.<a name=\"7\"><span class=\"versanumer\">7<\/span><\/a>Eg gj\u00f6r\u00f0i sem m\u00e9r var bo\u00f0i\u00f0: eg bar \u00fat f\u00f6ng m\u00edn, svo sem annan flutnings farangur, \u00e1 bj\u00f6rtum degi; um kv\u00f6ldi\u00f0 braut eg hli\u00f0 \u00e1 vegnum me\u00f0 hendi minni, og bar burt f\u00f6ng m\u00edn \u00ed r\u00f6kkrinu \u00e1 baki m\u00e9r fyrir allra augum.<a name=\"8\"><span class=\"versanumer\">8<\/span><\/a>Morguninn eftir \u00fat gekk or\u00f0 Drottins til m\u00edn svol\u00e1tandi:<a name=\"9\"><span class=\"versanumer\">9<\/span><\/a>\u00fe\u00fa mannsins son, hafa ekki \u00cdsraelsmenn, \u00feessi \u00feverbrotna kynsl\u00f3\u00f0, spurt \u00feig, hva\u00f0 \u00feetta eigi a\u00f0 \u00fe\u00fd\u00f0a?<a name=\"10\"><span class=\"versanumer\">10<\/span><\/a>\u00de\u00fa skalt svara \u00feeim: Svo segir Drottinn alvaldur: \u00feessi byr\u00f0i merkir h\u00f6f\u00f0ingjann \u00ed Jer\u00fasalem, og alla \u00cdsraelsmenn, sem \u00fear b\u00faa;<a name=\"11\"><span class=\"versanumer\">11<\/span><\/a>seg enn fremur: eg em fyrirmyndarteikn fyrir y\u00f0ur; \u00fea\u00f0 sem eg hefi h\u00e9r gj\u00f6rt, skal fram vi\u00f0 \u00fe\u00e1 koma: \u00feeir skulu fara \u00ed \u00fatleg\u00f0, sem herleiddir menn;<a name=\"12\"><span class=\"versanumer\">12<\/span><\/a>landsh\u00f6f\u00f0ingi \u00feeirra skal \u00fat fara \u00ed myrkri me\u00f0 bagga \u00e1 baki; hli\u00f0 skal broti\u00f0 ver\u00f0a \u00e1 vegginn, til a\u00f0 koma honum \u00fear \u00fat um: hann skal byrgja sitt andlit, svo hann ekki n\u00e1i a\u00f0 renna auga til landsins.<a name=\"13\"><span class=\"versanumer\">13<\/span><\/a>En eg mun kasta yfir hann neti m\u00ednu, svo hann skal veiddur ver\u00f0a \u00ed m\u00ednum vei\u00f0arf\u00e6rum; eg skal flytja hann til Babels \u00ed Kaldealandi, \u00fea\u00f0 land skal hann ekki sj\u00e1, og \u00fe\u00f3 skal hann \u00fear deyja <span class='VideyAth'>a)<\/span>;<a name=\"14\"><span class=\"versanumer\">14<\/span><\/a>\u00f6llum \u00feeim, sem eru \u00ed kringum hann, fulltingjurum hans og hans gj\u00f6rv\u00f6llum herflokkum mun eg tv\u00edstra \u00ed allar \u00e1ttir, og vera \u00e1 h\u00e6lum \u00feeim me\u00f0 brug\u00f0nu sver\u00f0i.<a name=\"15\"><span class=\"versanumer\">15<\/span><\/a>\u00deeir skulu \u00fe\u00e1 vi\u00f0kannast, a\u00f0 eg em Drottinn, \u00feegar eg tv\u00edstra \u00feeim me\u00f0al \u00fej\u00f3\u00f0anna, og dreifi \u00feeim \u00fat um l\u00f6ndin.<a name=\"16\"><span class=\"versanumer\">16<\/span><\/a>F\u00e1eina af \u00feeim vil eg l\u00e1ta undankomast undan sver\u00f0inu, hungrinu og dreps\u00f3ttinni, til \u00feess a\u00f0 \u00feeir kunngj\u00f6ri allar s\u00ednar sv\u00edvir\u00f0ingar me\u00f0al \u00feeirra \u00fej\u00f3\u00f0a, sem \u00feeir koma til, svo \u00fe\u00e6r vi\u00f0urkenni, a\u00f0 eg em Drottinn.<br \/><a name=\"17\"><span class=\"versanumer\">17<\/span><\/a>Ennfremur tala\u00f0i Drottinn til m\u00edn svol\u00e1tandi or\u00f0um:<a name=\"18\"><span class=\"versanumer\">18<\/span><\/a>\u00fe\u00fa mannsins son, et \u00feitt brau\u00f0 me\u00f0 hr\u00e6\u00f0slu, og drekk \u00feitt vatn me\u00f0 skj\u00e1lfta og angist,<a name=\"19\"><span class=\"versanumer\">19<\/span><\/a>og seg til f\u00f3lksins \u00ed landinu: Svo segir Drottinn alvaldur um \u00fe\u00e1 sem b\u00faa \u00ed Jer\u00fasalem \u00ed \u00cdsraelslandi: \u00feeir skulu eta brau\u00f0 sitt me\u00f0 hugarangri, og drekka sitt vatn me\u00f0 hryllingi; \u00fev\u00ed landi\u00f0 skal sviptast \u00f6llum s\u00ednum g\u00e6\u00f0um, fyrir sakir \u00feeirrar rangsleitni, er allir \u00feess innb\u00faar \u00ed frammi hafa;<a name=\"20\"><span class=\"versanumer\">20<\/span><\/a>bygg\u00f0ar borgir skulu \u00ed ey\u00f0i leggjast, og landi\u00f0 a\u00f0 \u00f6r\u00e6fum ver\u00f0a. \u00de\u00e1 skulu \u00feeir vi\u00f0kannast, a\u00f0 eg em Drottinn. <br \/><a name=\"21\"><span class=\"versanumer\">21<\/span><\/a>Ennfremur tala\u00f0i Drottinn til m\u00edn \u00feessum or\u00f0um:<a name=\"22\"><span class=\"versanumer\">22<\/span><\/a>\u00fe\u00fa mannsins son, hv\u00f6rt er \u00fea\u00f0 or\u00f0tak, sem \u00fe\u00e9r hafi\u00f0 um \u00cdsraelsland, er \u00fe\u00e9r segi\u00f0: t\u00edminn dregst, allir sp\u00e1d\u00f3mar eru marklausir?<a name=\"23\"><span class=\"versanumer\">23<\/span><\/a>Seg \u00fear fyrir til \u00feeirra: Svo segir Drottinn alvaldur: eg mun gj\u00f6ra enda \u00e1 \u00feessari sp\u00e9lni, og sl\u00edkt or\u00f0tak skal ekki framar sta\u00f0 hafa \u00ed \u00cdsrael. Seg \u00feeim \u00fear \u00ed m\u00f3ti: t\u00edminn er n\u00e1l\u00e6gur, sj\u00f3nirnar r\u00e6tast;<a name=\"24\"><span class=\"versanumer\">24<\/span><\/a>\u00fev\u00ed h\u00e9r eftir skal engin h\u00e9g\u00f3mas\u00fdn e\u00f0a hr\u00e6snissp\u00e1d\u00f3mur sta\u00f0 hafa me\u00f0al \u00cdsraelsmanna;<a name=\"25\"><span class=\"versanumer\">25<\/span><\/a>\u00fev\u00ed a\u00f0 eg Drottinn tala: \u00fea\u00f0 or\u00f0i\u00f0, sem eg tala, \u00fea\u00f0 skal r\u00e6tast, og \u00fear skal enginn frestur \u00e1 ver\u00f0a; j\u00e1, \u00e1 y\u00f0ar d\u00f6gum, \u00fe\u00fa m\u00f3tsn\u00fana kynsl\u00f3\u00f0, skal eg tala or\u00f0i\u00f0 og framkv\u00e6ma \u00fea\u00f0, segir Drottinn alvaldur.<a name=\"26\"><span class=\"versanumer\">26<\/span><\/a>En fremur tala\u00f0i Drottinn til m\u00edn \u00e1 \u00feessa lei\u00f0:<a name=\"27\"><span class=\"versanumer\">27<\/span><\/a>\u00fe\u00fa mannsins son, sj\u00e1! \u00cdsraelsmenn segja: h\u00fan \u00e1 s\u00e9r langan langan aldur, s\u00fa s\u00fdn, er \u00feessi ma\u00f0ur s\u00e9r, hann sp\u00e1ir langt fram \u00ed \u00f3komnar t\u00ed\u00f0ir.<a name=\"28\"><span class=\"versanumer\">28<\/span><\/a>\u00dear fyrir seg \u00feeim: Svo segir Drottinn alvaldur: \u00e1 \u00f6ngvu m\u00ednu or\u00f0i skal lengur frestur ver\u00f0a; \u00fea\u00f0 or\u00f0, sem eg tala, skal ver\u00f0a framgengt, segir Drottinn alvaldur.<\/p>\n<div class=\"footnoteVidey\">V. 13. a. Um \u00fea\u00f0, hv\u00f6rsu Sedek\u00edas J\u00fadak\u00f3ngur fl\u00fa\u00f0i \u00fat af borginni, var\u00f0 aftur handtekinn, blinda\u00f0ur og fluttur burt til Bab\u00fdlonar, sj\u00e1 Jer. 39,4\u20137.<\/div>\n","protected":false},"excerpt":{"rendered":"<p>Esek\u00edel bendir til , hv\u00f6rsu Sedek\u00edas konungur skyldi fl\u00fdja um n\u00f3tt fr\u00e1 Jer\u00fasalem, og Gy\u00f0ingar ver\u00f0a herleiddir, 1\u201316; afm\u00e1lar h\u00f6rmung og ney\u00f0 hinna umsetnu Gy\u00f0inga \u00e1 undan herlei\u00f0ingunni, 17\u201320; hrindir spotti hinna vantr\u00fau\u00f0u, sem h\u00e9ldu a\u00f0 Gu\u00f0s h\u00f3tanir mundu ekki r\u00e6tast, 21\u201328. 1Or\u00f0 Drottins \u00fatgekk til m\u00edn svol\u00e1tandi:2mannsins son, \u00fe\u00fa b\u00fdr \u00e1 me\u00f0al \u00feverm\u00f3\u00f0skufulls l\u00fd\u00f0s, sem hefir augu til a\u00f0 sj\u00e1 me\u00f0, en s\u00e9r \u00fe\u00f3 ekki, eyru til a\u00f0 heyra me\u00f0, en heyrir \u00fe\u00f3 ekki; svo \u00fever\u00fa\u00f0arfullur er \u00feessi l\u00fd\u00f0ur.3\u00de\u00fa mannsins son, halt \u00e1 b\u00fana\u00f0i \u00fe\u00ednum, og far af sta\u00f0 \u00ed augs\u00fdn \u00feeirra \u00e1 bj\u00f6rtum degi; \u00fe\u00fa skalt flytja burt <a href=\"https:\/\/biblian.is\/videy\/esekiel-12-kafli\/\"> [&#8230;]<\/a><\/p>\n","protected":false},"author":1,"featured_media":0,"parent":0,"menu_order":0,"comment_status":"open","ping_status":"open","template":"bibliukaflar.php","meta":{"footnotes":""},"class_list":["post-21663","page","type-page","status-publish","hentry"],"_links":{"self":[{"href":"https:\/\/biblian.is\/videy\/wp-json\/wp\/v2\/pages\/21663","targetHints":{"allow":["GET"]}}],"collection":[{"href":"https:\/\/biblian.is\/videy\/wp-json\/wp\/v2\/pages"}],"about":[{"href":"https:\/\/biblian.is\/videy\/wp-json\/wp\/v2\/types\/page"}],"author":[{"embeddable":true,"href":"https:\/\/biblian.is\/videy\/wp-json\/wp\/v2\/users\/1"}],"replies":[{"embeddable":true,"href":"https:\/\/biblian.is\/videy\/wp-json\/wp\/v2\/comments?post=21663"}],"version-history":[{"count":0,"href":"https:\/\/biblian.is\/videy\/wp-json\/wp\/v2\/pages\/21663\/revisions"}],"wp:attachment":[{"href":"https:\/\/biblian.is\/videy\/wp-json\/wp\/v2\/media?parent=21663"}],"curies":[{"name":"wp","href":"https:\/\/api.w.org\/{rel}","templated":true}]}}