{"id":21629,"date":"2018-01-02T01:03:01","date_gmt":"2018-01-02T01:03:01","guid":{"rendered":"http:\/\/biblian.is\/videy\/jeremia-35-kafli\/"},"modified":"2018-01-02T01:03:01","modified_gmt":"2018-01-02T01:03:01","slug":"jeremia-35-kafli","status":"publish","type":"page","link":"https:\/\/biblian.is\/videy\/jeremia-35-kafli\/","title":{"rendered":"Jerem\u00eda 35. kafli"},"content":{"rendered":"<div class=\"fyrirsognVidey\">Fagurt d\u00e6mi Rekabitanna sett til fyrirmyndar.<\/div>\n<p><a name=\"1\"><span class=\"versanumer\">1<\/span><\/a><span class='VideyAth'>(\u00deetta er)<\/span> \u00fea\u00f0 or\u00f0 sem kom til Jerem\u00eda fr\u00e1 Drottni \u00e1 t\u00edma J\u00f3jakims, J\u00f3s\u00edasonar, J\u00fadak\u00f3ngs, \u00fe\u00e1 er hann sag\u00f0i:<a name=\"2\"><span class=\"versanumer\">2<\/span><\/a>Gakk til Rekabita \u00e6ttarinnar og tala vi\u00f0 \u00fe\u00e1 og lei\u00f0 \u00fe\u00e1 \u00ed Drottins h\u00fas, \u00ed eina st\u00fakuna, og gef \u00feeim v\u00edn a\u00f0 drekka.<a name=\"3\"><span class=\"versanumer\">3<\/span><\/a>Og eg t\u00f3k Jasen\u00eda, son Jerem\u00eda, sonar Habasin\u00eda, og hans br\u00e6\u00f0ur, og alla hans syni, og alla \u00e6tt Rekab\u00edtanna,<a name=\"4\"><span class=\"versanumer\">4<\/span><\/a>og f\u00f3r me\u00f0 \u00fe\u00e1 \u00ed h\u00fas Drottins, \u00ed st\u00faku sona Hanans, sonar Jedal\u00eda, gu\u00f0smannsins, sem er hj\u00e1 st\u00faku h\u00f6f\u00f0ingjanna, fyrir ofan st\u00faku Maseia, sonar Sallums, dyrav\u00f6r\u00f0sins.<a name=\"5\"><span class=\"versanumer\">5<\/span><\/a>Og eg setti fyrir syni Rekabita \u00e6ttarinnar sk\u00e1lar, fullar af v\u00edni og staup, og sag\u00f0i vi\u00f0 \u00fe\u00e1: drekki\u00f0 v\u00edn!<a name=\"6\"><span class=\"versanumer\">6<\/span><\/a>og \u00feeir sv\u00f6ru\u00f0u: v\u00e9r drekkum ekkert v\u00edn; \u00fev\u00ed J\u00f3nadab, sonur Rekabs, vor \u00e6ttfa\u00f0ir, hefir bo\u00f0i\u00f0 oss og sagt: \u00fe\u00e9r skulu\u00f0 ekkert v\u00edn drekka, hv\u00f6rki \u00fe\u00e9r n\u00e9 y\u00f0ar synir a\u00f0 eil\u00edfu,<a name=\"7\"><span class=\"versanumer\">7<\/span><\/a>og ekkert h\u00fas skulu\u00f0 \u00fe\u00e9r byggja, og engu korns\u00e6\u00f0i s\u00e1, engan v\u00edngar\u00f0 planta og eiga; heldur skulu\u00f0 \u00fe\u00e9r b\u00faa \u00ed tj\u00f6ldum alla y\u00f0ar \u00e6vi, svo \u00fe\u00e9r lifi\u00f0 lengi \u00ed landinu hvar \u00fe\u00e9r b\u00fai\u00f0.<a name=\"8\"><span class=\"versanumer\">8<\/span><\/a>Og v\u00e9r hl\u00fd\u00f0um raust J\u00f3nadabs, sonar Rekabs, vors \u00e6ttf\u00f6\u00f0urs \u00ed \u00f6llu, sem hann bau\u00f0 oss, svo v\u00e9r drekkum ekkert v\u00edn, alla vora \u00e6vi, hv\u00f6rki v\u00e9r, n\u00e9 vorar konur, n\u00e9 vorir synir, n\u00e9 vorar d\u00e6tur,<a name=\"9\"><span class=\"versanumer\">9<\/span><\/a>svo a\u00f0 v\u00e9r ekkert h\u00fas byggjum oss til \u00edb\u00fa\u00f0ar, og h\u00f6fum hv\u00f6rki v\u00edngar\u00f0a n\u00e9 akurl\u00f6nd, n\u00e9 s\u00e1\u00f0.<a name=\"10\"><span class=\"versanumer\">10<\/span><\/a>Og v\u00e9r b\u00faum \u00ed tj\u00f6ldum, og hl\u00fd\u00f0um, og gj\u00f6rum allt, sem J\u00f3nadab, vor \u00e6ttfa\u00f0ir, bau\u00f0.<a name=\"11\"><span class=\"versanumer\">11<\/span><\/a>Og \u00fea\u00f0 ske\u00f0i, \u00fe\u00e1 Neb\u00fakadnesar k\u00f3ngur af Babel, kom inn \u00ed landi\u00f0, svo s\u00f6g\u00f0um v\u00e9r: komum, l\u00e1tum oss fl\u00fdja undan her Kaldeumanna og undan her s\u00fdrlenskra; og svo b\u00faum v\u00e9r \u00ed Jer\u00fasalem.<br \/><a name=\"12\"><span class=\"versanumer\">12<\/span><\/a>\u00de\u00e1 kom or\u00f0 Drottins til Jerem\u00eda og sag\u00f0i:<a name=\"13\"><span class=\"versanumer\">13<\/span><\/a>svo segir Drottinn herskaranna, \u00cdsraels Gu\u00f0: far og seg til J\u00fadamanna og til Jer\u00fasalems innb\u00faa: vilji\u00f0 \u00fe\u00e9r ekki bendingu taka <span class='VideyAth'>(h\u00e9r af)<\/span> a\u00f0 hl\u00fd\u00f0a m\u00ednum or\u00f0um? segir Drottinn.<a name=\"14\"><span class=\"versanumer\">14<\/span><\/a>Or\u00f0 J\u00f3nadabs, sonar Rekabs, eru haldin, \u00feau sem hann bau\u00f0 s\u00ednum sonum, ekkert v\u00edn a\u00f0 drekka, og \u00feeir drekka ekkert v\u00edn, allt til \u00feessa dags, \u00fev\u00ed \u00feeir hl\u00fd\u00f0a bo\u00f0um s\u00edns \u00e6ttf\u00f6\u00f0urs. Og eg hefi til y\u00f0ar tala\u00f0 fr\u00e1 \u00fev\u00ed snemma morguns og \u00fe\u00e9r hafi\u00f0 ekki hl\u00fdtt m\u00e9r.<a name=\"15\"><span class=\"versanumer\">15<\/span><\/a>Og eg sendi til y\u00f0ar alla m\u00edna \u00fej\u00f3na, sp\u00e1mennina, fr\u00e1 \u00fev\u00ed snemma morguns, og sag\u00f0i: sn\u00fai\u00f0 \u00fe\u00f3 hv\u00f6r einn fr\u00e1 s\u00ednum vonda vegi, og b\u00e6ti\u00f0 y\u00f0ar verk og gangi\u00f0 ei eftir \u00f6\u00f0rum gu\u00f0um, til a\u00f0 \u00fej\u00f3na \u00feeim, svo skulu\u00f0 \u00fe\u00e9r vera \u00ed landinu, sem eg hefi gefi\u00f0 y\u00f0ur og y\u00f0ar fe\u00f0rum; en \u00fe\u00e9r l\u00f6g\u00f0u\u00f0 ekki vi\u00f0 eyrun og heyr\u00f0u\u00f0 mig ekki.<a name=\"16\"><span class=\"versanumer\">16<\/span><\/a>J\u00e1, synir J\u00f3nadabs, sonar Rekabs, halda \u00fea\u00f0 bo\u00f0or\u00f0 s\u00edns \u00e6ttf\u00f6\u00f0urs, sem hann gaf \u00feeim, en \u00feetta f\u00f3lk hl\u00fd\u00f0ir m\u00e9r ekki.<a name=\"17\"><span class=\"versanumer\">17<\/span><\/a>\u00dear fyrir segir Drottinn svo, Gu\u00f0 herskaranna, \u00cdsraels Gu\u00f0: sj\u00e1! eg lei\u00f0i yfir J\u00fada og yfir Jer\u00fasalems innb\u00faa alla \u00fe\u00e1 \u00f3g\u00e6fu sem eg hefi tala\u00f0 \u00feeim til handa, af \u00fev\u00ed eg hefi tala\u00f0 til \u00feeirra, og \u00feeir hafa ekki gegnt, og kalla\u00f0 til \u00feeirra og \u00feeir hafa ekki ansa\u00f0.<br \/><a name=\"18\"><span class=\"versanumer\">18<\/span><\/a>Og vi\u00f0 Rekabita \u00e6ttina sag\u00f0i Jerem\u00edas: svo segir Drottinn herskaranna, \u00cdsraels Gu\u00f0: fyrir \u00fea\u00f0 a\u00f0 \u00fe\u00e9r hl\u00fdddu\u00f0 bo\u00f0i J\u00f3nadabs y\u00f0ar \u00e6ttf\u00f6\u00f0urs, og h\u00e9ldu\u00f0 \u00f6ll hans bo\u00f0or\u00f0, og gj\u00f6r\u00f0u\u00f0 eftir \u00f6llu sem hann y\u00f0ur bau\u00f0:<a name=\"19\"><span class=\"versanumer\">19<\/span><\/a>sakir \u00feess, segir Drottinn herskaranna, \u00cdsraels Gu\u00f0: J\u00f3nadab Rekabsson, skal aldrei vanta mann, sem fyrir m\u00e9r standi, alla t\u00edma.<\/p>\n<div class=\"footnoteVidey\"><\/div>\n","protected":false},"excerpt":{"rendered":"<p>Fagurt d\u00e6mi Rekabitanna sett til fyrirmyndar. 1(\u00deetta er) \u00fea\u00f0 or\u00f0 sem kom til Jerem\u00eda fr\u00e1 Drottni \u00e1 t\u00edma J\u00f3jakims, J\u00f3s\u00edasonar, J\u00fadak\u00f3ngs, \u00fe\u00e1 er hann sag\u00f0i:2Gakk til Rekabita \u00e6ttarinnar og tala vi\u00f0 \u00fe\u00e1 og lei\u00f0 \u00fe\u00e1 \u00ed Drottins h\u00fas, \u00ed eina st\u00fakuna, og gef \u00feeim v\u00edn a\u00f0 drekka.3Og eg t\u00f3k Jasen\u00eda, son Jerem\u00eda, sonar Habasin\u00eda, og hans br\u00e6\u00f0ur, og alla hans syni, og alla \u00e6tt Rekab\u00edtanna,4og f\u00f3r me\u00f0 \u00fe\u00e1 \u00ed h\u00fas Drottins, \u00ed st\u00faku sona Hanans, sonar Jedal\u00eda, gu\u00f0smannsins, sem er hj\u00e1 st\u00faku h\u00f6f\u00f0ingjanna, fyrir ofan st\u00faku Maseia, sonar Sallums, dyrav\u00f6r\u00f0sins.5Og eg setti fyrir syni Rekabita \u00e6ttarinnar sk\u00e1lar, fullar af v\u00edni <a href=\"https:\/\/biblian.is\/videy\/jeremia-35-kafli\/\"> [&#8230;]<\/a><\/p>\n","protected":false},"author":1,"featured_media":0,"parent":0,"menu_order":0,"comment_status":"open","ping_status":"open","template":"bibliukaflar.php","meta":{"footnotes":""},"class_list":["post-21629","page","type-page","status-publish","hentry"],"_links":{"self":[{"href":"https:\/\/biblian.is\/videy\/wp-json\/wp\/v2\/pages\/21629","targetHints":{"allow":["GET"]}}],"collection":[{"href":"https:\/\/biblian.is\/videy\/wp-json\/wp\/v2\/pages"}],"about":[{"href":"https:\/\/biblian.is\/videy\/wp-json\/wp\/v2\/types\/page"}],"author":[{"embeddable":true,"href":"https:\/\/biblian.is\/videy\/wp-json\/wp\/v2\/users\/1"}],"replies":[{"embeddable":true,"href":"https:\/\/biblian.is\/videy\/wp-json\/wp\/v2\/comments?post=21629"}],"version-history":[{"count":0,"href":"https:\/\/biblian.is\/videy\/wp-json\/wp\/v2\/pages\/21629\/revisions"}],"wp:attachment":[{"href":"https:\/\/biblian.is\/videy\/wp-json\/wp\/v2\/media?parent=21629"}],"curies":[{"name":"wp","href":"https:\/\/api.w.org\/{rel}","templated":true}]}}