{"id":21626,"date":"2018-01-02T01:03:01","date_gmt":"2018-01-02T01:03:01","guid":{"rendered":"http:\/\/biblian.is\/videy\/jeremia-32-kafli\/"},"modified":"2018-01-02T01:03:01","modified_gmt":"2018-01-02T01:03:01","slug":"jeremia-32-kafli","status":"publish","type":"page","link":"https:\/\/biblian.is\/videy\/jeremia-32-kafli\/","title":{"rendered":"Jerem\u00eda 32. kafli"},"content":{"rendered":"<div class=\"fyrirsognVidey\">Um akurkaupi\u00f0 og \u00feess merkingu.<\/div>\n<p><a name=\"1\"><span class=\"versanumer\">1<\/span><\/a>\u00deetta er \u00fea\u00f0 or\u00f0 sem kom til Jerem\u00edas fr\u00e1 Drottni, \u00e1 10da \u00e1ri Sedek\u00eda, J\u00fadak\u00f3ngs, \u00fea\u00f0 var hi\u00f0 18da \u00e1r Neb\u00fakadnesars.<a name=\"2\"><span class=\"versanumer\">2<\/span><\/a>En \u00fe\u00e1 sat her k\u00f3ngsins af Babel um Jer\u00fasalem, og Jerem\u00edas sp\u00e1ma\u00f0ur var inniloka\u00f0ur \u00ed forgar\u00f0i fangah\u00fassins, sem er \u00ed J\u00fadak\u00f3ngs h\u00fasi,<a name=\"3\"><span class=\"versanumer\">3<\/span><\/a>hvar Sedek\u00edas J\u00fadak\u00f3ngur haf\u00f0i hann inniloka\u00f0 me\u00f0 \u00feessum umm\u00e6lum: \u201e\u00fev\u00ed sp\u00e1ir \u00fe\u00fa og segir: Svo segir Drottinn: sj\u00e1! eg gef \u00feessa borg \u00ed h\u00f6nd k\u00f3ngsins af Babel, a\u00f0 hann vinni hana.<a name=\"4\"><span class=\"versanumer\">4<\/span><\/a>Og Sedek\u00edas J\u00fadak\u00f3ngur mun ekki sleppa Kaldeum\u00f6nnum \u00far hendi, heldur mun hann ver\u00f0a gefinn \u00ed h\u00f6nd k\u00f3ngsins af Babel, og hans munnur mun tala vi\u00f0 hans munn, og hans augu sj\u00e1 hans augu;<a name=\"5\"><span class=\"versanumer\">5<\/span><\/a>og til Babel mun hann flytja Sedek\u00eda, og hann mun \u00fear ver\u00f0a, \u00feanga\u00f0 til eg vitja hans, segir Drottinn. Ef \u00fe\u00e9r str\u00ed\u00f0i\u00f0 vi\u00f0 Kaldeumenn, munu\u00f0 \u00fe\u00e9r enga g\u00e6fu hafa.<a name=\"6\"><span class=\"versanumer\">6<\/span><\/a>\u00de\u00e1 m\u00e6lti Jerem\u00edas: or\u00f0 Drottins kom til m\u00edn, og sag\u00f0i:<a name=\"7\"><span class=\"versanumer\">7<\/span><\/a>Sj\u00e1! til \u00fe\u00edn mun koma Hanameel, sonur Sallums, f\u00f6\u00f0urbr\u00f3\u00f0ur \u00fe\u00edns, og segja: kaup \u00fe\u00fa minn akur \u00ed Anatot, \u00fev\u00ed \u00fe\u00fa hefir innlausnarr\u00e9ttinn, a\u00f0 kaupa.<a name=\"8\"><span class=\"versanumer\">8<\/span><\/a>Svo kom Hanameel, sonur f\u00f6\u00f0urbr\u00f3\u00f0ur m\u00edns til m\u00edn, eftir or\u00f0i Drottins, \u00ed forgar\u00f0 fangelsisins, og m\u00e6lti til m\u00edn: kaup akur minn \u00ed Anatot \u00ed Benjam\u00ednslandi, \u00fev\u00ed \u00fe\u00fa hefir erf\u00f0a og innlausnarr\u00e9ttinn, kaup handa \u00fe\u00e9r! \u00fe\u00e1 merkti eg a\u00f0 \u00fea\u00f0 var Drottins or\u00f0.<a name=\"9\"><span class=\"versanumer\">9<\/span><\/a>Og eg keypti akurinn af Hanameel syni f\u00f6\u00f0urbr\u00f3\u00f0ur m\u00edns \u00ed Anatot, og v\u00f3g honum \u00fat gjaldi\u00f0, 7 sikla <span class='VideyAth'>(gulls)<\/span> og 10 sikla silfurs.<a name=\"10\"><span class=\"versanumer\">10<\/span><\/a>Og skrifa\u00f0i \u00fea\u00f0 \u00e1 br\u00e9f, og innsigla\u00f0i \u00fea\u00f0, og t\u00f3k votta a\u00f0, og v\u00f3g gjaldi\u00f0 \u00fat \u00e1 vog.<a name=\"11\"><span class=\"versanumer\">11<\/span><\/a>Og eg t\u00f3k kaupbr\u00e9fi\u00f0 \u00fea\u00f0 innsigla\u00f0a eftir r\u00e9tti og si\u00f0um, og hi\u00f0 opna,<a name=\"12\"><span class=\"versanumer\">12<\/span><\/a>og f\u00e9kk kaupbr\u00e9fi\u00f0 Bar\u00fak, syni Ner\u00edas, sonar Mahaseia, fyrir augun Hanameels, fr\u00e6nda m\u00edns, og fyrir augum vottanna, sem skrifa\u00f0 h\u00f6f\u00f0u undir kaupbr\u00e9fi\u00f0, og fyrir augum allra J\u00fadamanna, sem s\u00e1tu \u00ed forgar\u00f0i fangah\u00fassins;<a name=\"13\"><span class=\"versanumer\">13<\/span><\/a>og bau\u00f0 Bar\u00fak fyrir augum hinna s\u00f6mu og m\u00e6lti:<a name=\"14\"><span class=\"versanumer\">14<\/span><\/a>svo segir Drottinn herskaranna, \u00cdsraels Gu\u00f0: tak \u00feessi br\u00e9f, \u00feetta innsigla\u00f0a br\u00e9f, og \u00fea\u00f0 opna br\u00e9f, og legg \u00feau \u00ed leirker svo \u00feau var\u00f0veitist lengi.<a name=\"15\"><span class=\"versanumer\">15<\/span><\/a>\u00dev\u00ed svo segir Drottinn herskarana, \u00cdsraels Gu\u00f0: enn n\u00fa skulu h\u00fas keypt ver\u00f0a \u00ed \u00feessu landi, og akrar og v\u00edngar\u00f0ar.<a name=\"16\"><span class=\"versanumer\">16<\/span><\/a>Og eg ba\u00f0 til Drottins, eftir a\u00f0 eg haf\u00f0i fengi\u00f0 Bar\u00fak, syni Ner\u00edas, kaupbr\u00e9fi\u00f0, og m\u00e6lti:<a name=\"17\"><span class=\"versanumer\">17<\/span><\/a>\u00c6! Herra Drottinn! sj\u00e1! \u00fe\u00fa hefir me\u00f0 \u00fe\u00ednum mikla m\u00e6tti gj\u00f6rt himin og j\u00f6r\u00f0, og me\u00f0 \u00fe\u00ednum \u00fatr\u00e9tta armi, og \u00fe\u00e9r er enginn hlutur um megn.<a name=\"18\"><span class=\"versanumer\">18<\/span><\/a>\u00de\u00fa gj\u00f6rir miskunn \u00e1 \u00fe\u00fasundum, og geldur skuld fe\u00f0ranna \u00ed skaut sonum \u00feeirra eftir \u00fe\u00e1. Mikli, voldugi Gu\u00f0, Drottinn herskaranna, er hans nafn,<a name=\"19\"><span class=\"versanumer\">19<\/span><\/a>mikill \u00ed r\u00e1\u00f0i og m\u00e1ttugur \u00ed verkum, \u00fe\u00fa, hv\u00f6rs augu standa opin yfir \u00f6llum vegum mannanna barna, til \u00feess a\u00f0 gjalda einum og s\u00e9rhv\u00f6rjum eftir hans breytni og eftir \u00e1vexti hans athafna,<a name=\"20\"><span class=\"versanumer\">20<\/span><\/a>\u00fe\u00fa sem gj\u00f6r\u00f0ir teikn og undur \u00ed Egyptalandi, allt til \u00feessa dags, vi\u00f0 \u00cdsrael og a\u00f0ra menn, og gj\u00f6r\u00f0ir \u00fe\u00e9r nafn eins og <span class='VideyAth'>(\u00fea\u00f0 er)<\/span> \u00e1 \u00feessum t\u00edma;<a name=\"21\"><span class=\"versanumer\">21<\/span><\/a>og hefir flutt \u00feitt f\u00f3lk \u00cdsrael \u00far Egyptalandi me\u00f0 teiknum og undrum og me\u00f0 styrkri h\u00f6nd og me\u00f0 \u00fatr\u00e9ttum armi og me\u00f0 miklum skelfingum,<a name=\"22\"><span class=\"versanumer\">22<\/span><\/a>og gafst \u00feeim \u00feetta land sem \u00fe\u00fa haf\u00f0ir svari\u00f0 \u00feeirra fe\u00f0rum, a\u00f0 gefa \u00feeim, land sem fl\u00fdtur \u00ed mj\u00f3lk og hunangi;<a name=\"23\"><span class=\"versanumer\">23<\/span><\/a>og \u00feeir komu og unnu \u00fea\u00f0, en \u00feeir hl\u00fdddu ei \u00feinni raust og gengu ei \u00ed \u00fe\u00ednu l\u00f6gm\u00e1li, allt sem \u00fe\u00fa bau\u00f0st \u00feeim a\u00f0 gj\u00f6ra, gj\u00f6r\u00f0u \u00feeir ekki: \u00fe\u00e1 l\u00e9stu \u00feeim m\u00e6ta alla \u00feessa \u00f3g\u00e6fu.<a name=\"24\"><span class=\"versanumer\">24<\/span><\/a>Sj\u00e1, hervirkin <span class='VideyAth'>(\u00f3vinanna)<\/span> eru \u00feegar komin a\u00f0 borginni, til a\u00f0 vinna hana, og h\u00fan mun gefin ver\u00f0a \u00ed h\u00f6nd Kaldeum\u00f6nnum, sem \u00e1 hana herja me\u00f0 sver\u00f0i og hungri og dreps\u00f3tt; og \u00fea\u00f0 sem \u00fe\u00fa hefir tala\u00f0, er ske\u00f0, og sj\u00e1, \u00fe\u00fa s\u00e9r \u00fea\u00f0.<a name=\"25\"><span class=\"versanumer\">25<\/span><\/a>Og samt hefir \u00fe\u00fa til m\u00edn sagt, Herra <span class='VideyAth'>(alvaldi)<\/span> Drottinn: kaup \u00fe\u00e9r akurinn fyrir peninga og tak votta a\u00f0, \u00fe\u00f3 a\u00f0 borgin ver\u00f0i gefin \u00ed h\u00f6nd Kaldeum\u00f6nnum.<br \/><a name=\"26\"><span class=\"versanumer\">26<\/span><\/a>\u00de\u00e1 kom or\u00f0 Drottins til Jerem\u00eda og sag\u00f0i:<a name=\"27\"><span class=\"versanumer\">27<\/span><\/a>Sj\u00e1, eg Drottinn er Gu\u00f0 alls holds, er m\u00e9r nokkur hlutur um megn?<a name=\"28\"><span class=\"versanumer\">28<\/span><\/a>\u00dev\u00ed segir Drottinn svo: sj\u00e1, eg gef \u00feessa borg \u00ed h\u00f6nd Kaldeumanna og \u00ed h\u00f6nd Neb\u00fakadnesars, k\u00f3ngsins af Babel, a\u00f0 hann vinni hana.<a name=\"29\"><span class=\"versanumer\">29<\/span><\/a>Og \u00feeir Kaldeumenn sem \u00e1 borgina herja, munu koma, og kveikja \u00ed borginni me\u00f0 eldi og brenna hana, og h\u00fasin, \u00e1 hv\u00f6rra \u00fe\u00f6kum \u00feeir gj\u00f6r\u00f0u Baal reyk, og offru\u00f0u drykkjarf\u00f3rn \u00f6\u00f0rum gu\u00f0um, til \u00feess a\u00f0 m\u00f3\u00f0ga mig.<a name=\"30\"><span class=\"versanumer\">30<\/span><\/a>\u00dev\u00ed \u00cdsraelssynir og J\u00fadasynir gj\u00f6r\u00f0u a\u00f0eins \u00fea\u00f0 sem illt var fyrir m\u00ednum augum, \u00ed fr\u00e1 \u00feeirra \u00e6sku\u00e1rum; \u00fev\u00ed \u00cdsraelssynir egnu\u00f0u mig einungis til me\u00f0 verkum sinna handa, segir Drottinn.<a name=\"31\"><span class=\"versanumer\">31<\/span><\/a>\u00dev\u00ed \u00feessi borg var m\u00e9r til rei\u00f0i og heiftar fr\u00e1 \u00feeim degi a\u00f0 h\u00fan var bygg\u00f0, allt til \u00feessa dags, svo eg vil hafa hana burt fr\u00e1 m\u00ednum augum,<a name=\"32\"><span class=\"versanumer\">32<\/span><\/a>sakir alls \u00feess illa, sem \u00cdsraelssynir og J\u00fadasynir hafa gj\u00f6rt m\u00e9r til m\u00f3\u00f0gunar, \u00feeir, \u00feeirra k\u00f3ngar, \u00feeirra h\u00f6f\u00f0ingjar, \u00feeirra prestar, \u00feeirra sp\u00e1menn, og J\u00fadamenn og Jer\u00fasalems innb\u00faar.<a name=\"33\"><span class=\"versanumer\">33<\/span><\/a>Og \u00feeir sneru vi\u00f0 m\u00e9r bakinu en ekki andlitinu; fr\u00e1 \u00fev\u00ed snemma morguns mennta\u00f0i eg \u00fe\u00e1, en \u00feeir heyr\u00f0u ekki, til a\u00f0 taka menntaninni.<a name=\"34\"><span class=\"versanumer\">34<\/span><\/a>Og \u00feeir settu sinn vi\u00f0bj\u00f3\u00f0 <span class='VideyAth'>(go\u00f0in)<\/span> \u00ed \u00fea\u00f0 h\u00fas, sem nefnt var eftir m\u00ednu nafni, til a\u00f0 saurga \u00fea\u00f0;<a name=\"35\"><span class=\"versanumer\">35<\/span><\/a>Og bygg\u00f0u Baal h\u00e6\u00f0ir \u00ed dal Hinnomssona, til a\u00f0 bl\u00f3ta M\u00f3lok sonum s\u00ednum og d\u00e6trum, sem eg haf\u00f0i ekki bo\u00f0i\u00f0 \u00feeim, og sem m\u00e9r haf\u00f0i ekki komi\u00f0 \u00ed hug, a\u00f0 menn a\u00f0hef\u00f0ust sl\u00edka sv\u00edvir\u00f0ing, til a\u00f0 t\u00e6la J\u00fada<span class='VideyAth'>(l\u00fd\u00f0)<\/span> til syndar.<br \/><a name=\"36\"><span class=\"versanumer\">36<\/span><\/a>Og n\u00fa segir \u00fev\u00ed Drottinn svo, \u00cdsraels Gu\u00f0, um \u00feennan sta\u00f0, um hv\u00f6rn \u00fe\u00e9r segi\u00f0: hann ver\u00f0ur gefinn \u00ed h\u00f6nd k\u00f3ngsins af Babel fyrir sver\u00f0, hungur og dreps\u00f3tt:<a name=\"37\"><span class=\"versanumer\">37<\/span><\/a>sj\u00e1, eg heimti \u00fe\u00e1 \u00far \u00f6llum \u00feeim l\u00f6ndum, hv\u00f6rt eg hefi hraki\u00f0 \u00fe\u00e1 \u00ed minni rei\u00f0i og \u00ed minni gl\u00f3\u00f0, og \u00ed minni mikilli grimmd, og lei\u00f0i \u00fe\u00e1 aftur \u00e1 \u00feennan sta\u00f0, og l\u00e6t \u00fe\u00e1 b\u00faa \u00f3hulta;<a name=\"38\"><span class=\"versanumer\">38<\/span><\/a>Og \u00feeir skulu vera mitt f\u00f3lk, og eg vil vera \u00feeirra Gu\u00f0.<a name=\"39\"><span class=\"versanumer\">39<\/span><\/a>Og eg gef \u00feeim \u00fea\u00f0 hjarta og \u00fe\u00e1 breytni, a\u00f0 \u00f3ttast mig \u00e6t\u00ed\u00f0, svo \u00feeim vegni vel, og sonum \u00feeirra eftir \u00fe\u00e1.<a name=\"40\"><span class=\"versanumer\">40<\/span><\/a>Og eg sem vi\u00f0 \u00fe\u00e1 eil\u00edfan s\u00e1ttm\u00e1la, a\u00f0 eg skal aldrei af l\u00e1ta a\u00f0 gj\u00f6ra \u00feeim gott; og minn \u00f3tta legg eg \u00ed \u00feeirra hjarta, a\u00f0 \u00feeir ekki fr\u00e1 m\u00e9r v\u00edki.<a name=\"41\"><span class=\"versanumer\">41<\/span><\/a>Og \u00fea\u00f0 skal vera m\u00edn gle\u00f0i a\u00f0 gj\u00f6ra \u00feeim gott, og tr\u00falega a\u00f0 gr\u00f3\u00f0ursetja \u00fe\u00e1 \u00ed \u00feessu landi, af \u00f6llu m\u00ednu hjarta og af allri minni s\u00e1lu.<a name=\"42\"><span class=\"versanumer\">42<\/span><\/a>\u00dev\u00ed svo segir Drottinn: eins og eg hefi leitt alla \u00feessa miklu \u00f3hamingju yfir \u00feetta f\u00f3lk, eins mun eg l\u00edka allt gott yfir \u00fea\u00f0 lei\u00f0a, sem eg hefi \u00fev\u00ed vi\u00f0v\u00edkjandi tala\u00f0.<a name=\"43\"><span class=\"versanumer\">43<\/span><\/a>Og akur mun ver\u00f0a keyptur \u00ed \u00feessu landi, um hv\u00f6rt \u00fe\u00e9r segi\u00f0: au\u00f0n er \u00fea\u00f0, manna og f\u00e9na\u00f0arlaust, \u00fea\u00f0 ver\u00f0ur gefi\u00f0 \u00ed h\u00f6nd Kaldeumanna.<a name=\"44\"><span class=\"versanumer\">44<\/span><\/a>Akra munu menn kaupa fyrir peninga, og skrifa \u00e1 br\u00e9f, og innsigla, og taka votta a\u00f0, \u00ed Benjam\u00ednslandi, og \u00ed kringum Jer\u00fasalem og \u00ed J\u00fada st\u00f6\u00f0um, og \u00ed st\u00f6\u00f0um fjallsins, og \u00ed st\u00f6\u00f0um l\u00e1glendisins, og \u00ed st\u00f6\u00f0unum su\u00f0ur fr\u00e1; \u00fev\u00ed eg mun flytja til baka \u00feeirra ena herteknu, segir Drottinn.<\/p>\n<div class=\"footnoteVidey\"><\/div>\n","protected":false},"excerpt":{"rendered":"<p>Um akurkaupi\u00f0 og \u00feess merkingu. 1\u00deetta er \u00fea\u00f0 or\u00f0 sem kom til Jerem\u00edas fr\u00e1 Drottni, \u00e1 10da \u00e1ri Sedek\u00eda, J\u00fadak\u00f3ngs, \u00fea\u00f0 var hi\u00f0 18da \u00e1r Neb\u00fakadnesars.2En \u00fe\u00e1 sat her k\u00f3ngsins af Babel um Jer\u00fasalem, og Jerem\u00edas sp\u00e1ma\u00f0ur var inniloka\u00f0ur \u00ed forgar\u00f0i fangah\u00fassins, sem er \u00ed J\u00fadak\u00f3ngs h\u00fasi,3hvar Sedek\u00edas J\u00fadak\u00f3ngur haf\u00f0i hann inniloka\u00f0 me\u00f0 \u00feessum umm\u00e6lum: \u201e\u00fev\u00ed sp\u00e1ir \u00fe\u00fa og segir: Svo segir Drottinn: sj\u00e1! eg gef \u00feessa borg \u00ed h\u00f6nd k\u00f3ngsins af Babel, a\u00f0 hann vinni hana.4Og Sedek\u00edas J\u00fadak\u00f3ngur mun ekki sleppa Kaldeum\u00f6nnum \u00far hendi, heldur mun hann ver\u00f0a gefinn \u00ed h\u00f6nd k\u00f3ngsins af Babel, og hans munnur mun tala <a href=\"https:\/\/biblian.is\/videy\/jeremia-32-kafli\/\"> [&#8230;]<\/a><\/p>\n","protected":false},"author":1,"featured_media":0,"parent":0,"menu_order":0,"comment_status":"open","ping_status":"open","template":"bibliukaflar.php","meta":{"footnotes":""},"class_list":["post-21626","page","type-page","status-publish","hentry"],"_links":{"self":[{"href":"https:\/\/biblian.is\/videy\/wp-json\/wp\/v2\/pages\/21626","targetHints":{"allow":["GET"]}}],"collection":[{"href":"https:\/\/biblian.is\/videy\/wp-json\/wp\/v2\/pages"}],"about":[{"href":"https:\/\/biblian.is\/videy\/wp-json\/wp\/v2\/types\/page"}],"author":[{"embeddable":true,"href":"https:\/\/biblian.is\/videy\/wp-json\/wp\/v2\/users\/1"}],"replies":[{"embeddable":true,"href":"https:\/\/biblian.is\/videy\/wp-json\/wp\/v2\/comments?post=21626"}],"version-history":[{"count":0,"href":"https:\/\/biblian.is\/videy\/wp-json\/wp\/v2\/pages\/21626\/revisions"}],"wp:attachment":[{"href":"https:\/\/biblian.is\/videy\/wp-json\/wp\/v2\/media?parent=21626"}],"curies":[{"name":"wp","href":"https:\/\/api.w.org\/{rel}","templated":true}]}}