{"id":21623,"date":"2018-01-02T01:03:01","date_gmt":"2018-01-02T01:03:01","guid":{"rendered":"http:\/\/biblian.is\/videy\/jeremia-29-kafli\/"},"modified":"2018-01-02T01:03:01","modified_gmt":"2018-01-02T01:03:01","slug":"jeremia-29-kafli","status":"publish","type":"page","link":"https:\/\/biblian.is\/videy\/jeremia-29-kafli\/","title":{"rendered":"Jerem\u00eda 29. kafli"},"content":{"rendered":"<div class=\"fyrirsognVidey\">Br\u00e9f til \u00feeirra herteknu. Falssp\u00e1ma\u00f0urinn Semaja.<\/div>\n<p><a name=\"1\"><span class=\"versanumer\">1<\/span><\/a>Og \u00feetta eru or\u00f0 br\u00e9fsins, sem Jerem\u00edas sp\u00e1ma\u00f0ur sendi fr\u00e1 Jer\u00fasalem, til \u00feeirra eftiror\u00f0nu \u00f6ldunga af \u00feeim herteknu, og til prestanna og til sp\u00e1mannanna, og til alls f\u00f3lksins, sem Neb\u00fakadnesar flutti fr\u00e1 Jer\u00fasalem til Babel,<a name=\"2\"><span class=\"versanumer\">2<\/span><\/a>eftir a\u00f0 Jekonia k\u00f3ngur og Drottningin, og hir\u00f0mennirnir, h\u00f6f\u00f0ingjar af J\u00fada og Jer\u00fasalem og tr\u00e9smi\u00f0ir og fangavaktarar f\u00f3ru fr\u00e1 Jer\u00fasalem,<a name=\"3\"><span class=\"versanumer\">3<\/span><\/a>me\u00f0 Eleasa, syni Safans, og Gemaria, syni Hilkia, sem Sedek\u00eda, J\u00fada konungur, sendi til Neb\u00fakadnesar, k\u00f3ngs \u00ed Babel, svol\u00e1tandi: <br \/><a name=\"4\"><span class=\"versanumer\">4<\/span><\/a>Svo segir Drottinn herskaranna, \u00cdsraels Gu\u00f0, \u00f6llum herteknum, sem eg flutti fr\u00e1 Jer\u00fasalem til Babel:<a name=\"5\"><span class=\"versanumer\">5<\/span><\/a>byggi\u00f0 h\u00fas, og b\u00fai\u00f0, s\u00e1i\u00f0 gar\u00f0a, og eti\u00f0 \u00feeirra \u00e1vexti.<a name=\"6\"><span class=\"versanumer\">6<\/span><\/a>Taki\u00f0 konur og afli\u00f0 sona og d\u00e6tra, og taki\u00f0 konur y\u00f0ar sonum, og gefi\u00f0 d\u00e6trum y\u00f0ar menn, a\u00f0 \u00fe\u00e6r ali syni og d\u00e6tur, og t\u00edmgist \u00fear og \u00f3t\u00edmgist ekki.<a name=\"7\"><span class=\"versanumer\">7<\/span><\/a>Efli\u00f0 heill sta\u00f0arins, \u00ed hv\u00f6rn eg flutti y\u00f0ur og bi\u00f0ji\u00f0 til Drottins fyrir honum; \u00fev\u00ed hans velgengni mun vera y\u00f0ar velgengni.<a name=\"8\"><span class=\"versanumer\">8<\/span><\/a>\u00dev\u00ed svo segir Drottinn herskaranna, \u00cdsraels Gu\u00f0: l\u00e1ti\u00f0 ei y\u00f0ar sp\u00e1menn t\u00e6la y\u00f0ur, \u00fe\u00e1 sem me\u00f0al y\u00f0ar eru, og y\u00f0ar sp\u00e1sagnamenn, og hlusti\u00f0 ekki \u00e1 y\u00f0ar drauma, sem y\u00f0ur dreymir.<a name=\"9\"><span class=\"versanumer\">9<\/span><\/a>\u00dev\u00ed lj\u00fagandi sp\u00e1 \u00feeir y\u00f0ur \u00ed m\u00ednu nafni, eg hefi ekki sent \u00fe\u00e1, segir Drottinn;<a name=\"10\"><span class=\"versanumer\">10<\/span><\/a>\u00fev\u00ed svo segir Drottinn: \u00feegar fullkomnu\u00f0 eru 70 \u00e1r fyrir Babel, svo skal eg vitja y\u00f0ar, og efna m\u00edn g\u00f3\u00f0u fyrirheit vi\u00f0 y\u00f0ur, a\u00f0 flytja y\u00f0ur til baka, \u00e1 \u00feennan sta\u00f0.<a name=\"11\"><span class=\"versanumer\">11<\/span><\/a>\u00dev\u00ed eg <span class='VideyAth'>(einn)<\/span> veit \u00fe\u00e6r r\u00e1\u00f0s\u00e1lyktanir, sem eg, y\u00f0ur vi\u00f0v\u00edkjandi, gj\u00f6ri, \u00e1lyktanir til heilla, en ekki til \u00f3heilla, a\u00f0 l\u00e1ta y\u00f0ur f\u00e1 \u00fatgang <span class='VideyAth'>(lausn)<\/span> og von.<a name=\"12\"><span class=\"versanumer\">12<\/span><\/a>Og \u00fe\u00e9r munu\u00f0 kalla til m\u00edn, og fara <span class='VideyAth'>(\u00e1n\u00e6g\u00f0ir)<\/span> og bi\u00f0ja mig, og eg mun heyra y\u00f0ur.<a name=\"13\"><span class=\"versanumer\">13<\/span><\/a>Og \u00fe\u00e9r munu\u00f0 leita m\u00edn og finna mig; \u00fev\u00ed \u00fe\u00e9r munu\u00f0 sn\u00faa y\u00f0ur til m\u00edn af \u00f6llu hjarta.<a name=\"14\"><span class=\"versanumer\">14<\/span><\/a>Og eg vil l\u00e1ta y\u00f0ur finna mig, segir Drottinn, og eg vil flytja y\u00f0ur f\u00f6ngu\u00f0 til baka, og safna y\u00f0ur fr\u00e1 \u00f6llum \u00fej\u00f3\u00f0um og \u00far \u00f6llum l\u00f6ndum, hv\u00f6rt eg rak y\u00f0ur, segir Drottinn; og vil flytja y\u00f0ur aftur \u00e1 \u00feann sta\u00f0, hva\u00f0an eg flutti y\u00f0ur.<a name=\"15\"><span class=\"versanumer\">15<\/span><\/a>\u00dear e\u00f0 \u00fe\u00e9r segi\u00f0: Drottinn hefir uppvaki\u00f0 oss sp\u00e1menn \u00ed Babel.<a name=\"16\"><span class=\"versanumer\">16<\/span><\/a>\u00dev\u00ed svo segir Drottinn um k\u00f3nginn sem situr \u00ed Dav\u00ed\u00f0s h\u00e1s\u00e6ti, og um allt f\u00f3lki\u00f0, sem b\u00fdr \u00ed \u00feessum sta\u00f0, y\u00f0ar br\u00e6\u00f0ur, sem ekki voru me\u00f0 y\u00f0ur fluttir \u00ed herlei\u00f0inguna;<a name=\"17\"><span class=\"versanumer\">17<\/span><\/a>svo segir Drottinn herskaranna: sj\u00e1! eg sendi me\u00f0al \u00feeirra sver\u00f0 og hungur og dreps\u00f3tt og gj\u00f6ri \u00fe\u00e1 l\u00edka \u00feeim <span class='VideyAth'>(24,2. fylg. v.)<\/span> lei\u00f0u f\u00edkjum, sem voru svo sl\u00e6mar, a\u00f0 menn g\u00e1tu ei eti\u00f0 \u00fe\u00e6r.<a name=\"18\"><span class=\"versanumer\">18<\/span><\/a>Og eg ofs\u00e6ki \u00fe\u00e1 me\u00f0 sver\u00f0i, hungri og dreps\u00f3tt, og framsel \u00fe\u00e1 til mis\u00feyrmingar \u00f6llum k\u00f3ngsr\u00edkjum jar\u00f0arinnar, til b\u00f6lvunar, og til vi\u00f0bj\u00f3\u00f0s, og til h\u00e1\u00f0ungar, og til skammar, me\u00f0al allra \u00fej\u00f3\u00f0a, hv\u00f6rt sem eg hrek \u00fe\u00e1:<a name=\"19\"><span class=\"versanumer\">19<\/span><\/a>fyrir \u00fea\u00f0, a\u00f0 \u00feeir hl\u00fdddu ekki m\u00ednum or\u00f0um, segir Drottinn, \u00feegar eg sendi til \u00feeirra m\u00edna \u00fej\u00f3na, sp\u00e1mennina, fr\u00e1 \u00fev\u00ed \u00e1rla dags, og \u00fe\u00e9r heyr\u00f0u\u00f0 ekki, segir Drottinn.<a name=\"20\"><span class=\"versanumer\">20<\/span><\/a>En \u00fe\u00e9r heyri\u00f0 or\u00f0 Drottins, allir burtfluttir, sem eg hefi sent fr\u00e1 Jer\u00fasalem til Babel. <br \/><a name=\"21\"><span class=\"versanumer\">21<\/span><\/a>Svo segir Drottinn herskaranna, \u00cdsraels Gu\u00f0, um Akab, Kolajason, og um Sedek\u00eda, Maesejason, sem pr\u00e9dika y\u00f0ur lygar \u00ed m\u00ednu nafni: sj\u00e1! eg gef \u00fe\u00e1 \u00ed h\u00f6nd Neb\u00fakadnesars, k\u00f3ngs af Babel, a\u00f0 hann vinni \u00e1 \u00feeim fyrir y\u00f0ar augum.<a name=\"22\"><span class=\"versanumer\">22<\/span><\/a>Og af \u00feeim munu \u00f3b\u00e6nir dregnar ver\u00f0a af \u00f6llum J\u00fada herteknu, sem \u00ed Babel eru, svo menn munu svo a\u00f0 or\u00f0i kve\u00f0a: \u201eDrottinn gj\u00f6ri \u00feig l\u00edkan Sedek\u00eda og Akab, sem Babelsk\u00f3ngur l\u00e9t steikja \u00e1 eldi\u201c.<a name=\"23\"><span class=\"versanumer\">23<\/span><\/a>S\u00f6kum \u00feess \u00feeir a\u00f0h\u00f6f\u00f0ust \u00f3d\u00e1\u00f0a verk \u00ed \u00cdsrael, og dr\u00fdg\u00f0u h\u00f3r me\u00f0 konum sinna n\u00e1unga, og t\u00f6lu\u00f0u lygi \u00ed m\u00ednu nafni, sem eg haf\u00f0i ei bo\u00f0i\u00f0 \u00feeim. En eg veit \u00fea\u00f0 og er \u00feess vottur, segir Drottinn.<br \/><a name=\"24\"><span class=\"versanumer\">24<\/span><\/a>Og til Semaja, Nehalam\u00edta, skaltu segja:<a name=\"25\"><span class=\"versanumer\">25<\/span><\/a>Svo segir Drottinn herskaranna, \u00cdsraels Gu\u00f0: s\u00f6kum \u00feess a\u00f0 \u00fe\u00fa \u00ed \u00fe\u00ednu nafni sendir br\u00e9f til alls f\u00f3lksins \u00ed Jer\u00fasalem, og til Sesam\u00eda, sonar Maese\u00eda, prestsins, og til allra prestanna, \u00feess innihalds:<a name=\"26\"><span class=\"versanumer\">26<\/span><\/a>Drottinn hefir sett \u00feig prest \u00ed sta\u00f0 J\u00f3jada prests, a\u00f0 \u00fe\u00fa skyldir vera umsj\u00f3narma\u00f0ur \u00ed h\u00fasi Drottins gegn \u00f6llum \u00f3\u00f0um og sp\u00e1andi, og skyldir setja \u00fe\u00e1 \u00ed fj\u00f6tra og fangelsi:<a name=\"27\"><span class=\"versanumer\">27<\/span><\/a>\u00fev\u00ed hefir \u00fe\u00fa ekki \u00e1v\u00edta\u00f0 Jerem\u00edas fr\u00e1 Anatot, sem sp\u00e1ir y\u00f0ur?<a name=\"28\"><span class=\"versanumer\">28<\/span><\/a>\u00dev\u00ed \u00feess vegna hefir hann skrifa\u00f0 oss til \u00ed Babel og sagt: \u00fea\u00f0 ver\u00f0ur langt! byggi\u00f0 h\u00fas og b\u00fai\u00f0, planti\u00f0 gar\u00f0a, og eti\u00f0 \u00feeirra \u00e1vexti.<a name=\"29\"><span class=\"versanumer\">29<\/span><\/a>Og Sefan\u00eda prestur, las \u00feetta br\u00e9f fyrir eyrum Jerem\u00edas sp\u00e1manns.<a name=\"30\"><span class=\"versanumer\">30<\/span><\/a>Og or\u00f0 Drottins kom til Jerem\u00edas og sag\u00f0i:<a name=\"31\"><span class=\"versanumer\">31<\/span><\/a>skrifa til allra hertekinna \u00feess innihalds: svo segir Drottinn um Semaja, Nehalam\u00edtann: s\u00f6kum \u00feess a\u00f0 Semaja sp\u00e1ir y\u00f0ur, og eg hefi \u00fe\u00f3 ekki sent hann, og hefir komi\u00f0 y\u00f0ur til a\u00f0 treysta lygi:<a name=\"32\"><span class=\"versanumer\">32<\/span><\/a>\u00de\u00e1 segir Drottinn svo: sj\u00e1! eg refsa Semaja, Nehalam\u00edta, og hans ni\u00f0jum; enginn ma\u00f0ur af honum <span class='VideyAth'>(kominn)<\/span> skal b\u00faa me\u00f0al \u00feessa f\u00f3lks, og skal ekki sj\u00e1 \u00fea\u00f0 g\u00f3\u00f0a, sem eg gj\u00f6ri m\u00ednu f\u00f3lki, segir Drottinn; \u00fev\u00ed fr\u00e1fall fr\u00e1 Drottni hefir hann tala\u00f0.<\/p>\n<div class=\"footnoteVidey\"><\/div>\n","protected":false},"excerpt":{"rendered":"<p>Br\u00e9f til \u00feeirra herteknu. Falssp\u00e1ma\u00f0urinn Semaja. 1Og \u00feetta eru or\u00f0 br\u00e9fsins, sem Jerem\u00edas sp\u00e1ma\u00f0ur sendi fr\u00e1 Jer\u00fasalem, til \u00feeirra eftiror\u00f0nu \u00f6ldunga af \u00feeim herteknu, og til prestanna og til sp\u00e1mannanna, og til alls f\u00f3lksins, sem Neb\u00fakadnesar flutti fr\u00e1 Jer\u00fasalem til Babel,2eftir a\u00f0 Jekonia k\u00f3ngur og Drottningin, og hir\u00f0mennirnir, h\u00f6f\u00f0ingjar af J\u00fada og Jer\u00fasalem og tr\u00e9smi\u00f0ir og fangavaktarar f\u00f3ru fr\u00e1 Jer\u00fasalem,3me\u00f0 Eleasa, syni Safans, og Gemaria, syni Hilkia, sem Sedek\u00eda, J\u00fada konungur, sendi til Neb\u00fakadnesar, k\u00f3ngs \u00ed Babel, svol\u00e1tandi: 4Svo segir Drottinn herskaranna, \u00cdsraels Gu\u00f0, \u00f6llum herteknum, sem eg flutti fr\u00e1 Jer\u00fasalem til Babel:5byggi\u00f0 h\u00fas, og b\u00fai\u00f0, s\u00e1i\u00f0 gar\u00f0a, og eti\u00f0 <a href=\"https:\/\/biblian.is\/videy\/jeremia-29-kafli\/\"> [&#8230;]<\/a><\/p>\n","protected":false},"author":1,"featured_media":0,"parent":0,"menu_order":0,"comment_status":"open","ping_status":"open","template":"bibliukaflar.php","meta":{"footnotes":""},"class_list":["post-21623","page","type-page","status-publish","hentry"],"_links":{"self":[{"href":"https:\/\/biblian.is\/videy\/wp-json\/wp\/v2\/pages\/21623","targetHints":{"allow":["GET"]}}],"collection":[{"href":"https:\/\/biblian.is\/videy\/wp-json\/wp\/v2\/pages"}],"about":[{"href":"https:\/\/biblian.is\/videy\/wp-json\/wp\/v2\/types\/page"}],"author":[{"embeddable":true,"href":"https:\/\/biblian.is\/videy\/wp-json\/wp\/v2\/users\/1"}],"replies":[{"embeddable":true,"href":"https:\/\/biblian.is\/videy\/wp-json\/wp\/v2\/comments?post=21623"}],"version-history":[{"count":0,"href":"https:\/\/biblian.is\/videy\/wp-json\/wp\/v2\/pages\/21623\/revisions"}],"wp:attachment":[{"href":"https:\/\/biblian.is\/videy\/wp-json\/wp\/v2\/media?parent=21623"}],"curies":[{"name":"wp","href":"https:\/\/api.w.org\/{rel}","templated":true}]}}