{"id":21616,"date":"2018-01-02T01:03:01","date_gmt":"2018-01-02T01:03:01","guid":{"rendered":"http:\/\/biblian.is\/videy\/jeremia-22-kafli\/"},"modified":"2018-01-02T01:03:01","modified_gmt":"2018-01-02T01:03:01","slug":"jeremia-22-kafli","status":"publish","type":"page","link":"https:\/\/biblian.is\/videy\/jeremia-22-kafli\/","title":{"rendered":"Jerem\u00eda 22. kafli"},"content":{"rendered":"<div class=\"fyrirsognVidey\">H\u00f3tanir og fyrirheit.<\/div>\n<p><a name=\"1\"><span class=\"versanumer\">1<\/span><\/a>Svo sag\u00f0i Drottinn: gakk \u00fe\u00fa \u00ed h\u00fas J\u00fadak\u00f3ngs og tala \u00fe\u00fa \u00fear \u00feessa t\u00f6lu,<a name=\"2\"><span class=\"versanumer\">2<\/span><\/a>og seg: heyr Drottins or\u00f0, J\u00fadak\u00f3ngur, \u00fe\u00fa sem situr \u00ed Dav\u00ed\u00f0s h\u00e1s\u00e6ti, \u00fe\u00fa og \u00fe\u00ednir \u00fej\u00f3nar og \u00feitt f\u00f3lk, allir \u00fe\u00e9r, sem inngangi\u00f0 um \u00feessar dyr!<a name=\"3\"><span class=\"versanumer\">3<\/span><\/a>Svo segir Drottinn: i\u00f0ki\u00f0 r\u00e9ttindi og r\u00e9ttv\u00edsi, og frelsi\u00f0 \u00feann r\u00e6nda af hendi undir\u00ferykkjarans, leggist ekki \u00e1 \u00fe\u00e1 \u00fatlendu, muna\u00f0arlausa og ekkjur, og gj\u00f6ri\u00f0 \u00feeim ei rangt, \u00fathelli\u00f0 ekki saklausu bl\u00f3\u00f0i \u00e1 \u00feessum sta\u00f0!<a name=\"4\"><span class=\"versanumer\">4<\/span><\/a>\u00fev\u00ed ef \u00fe\u00e9r gj\u00f6ri\u00f0, sem eg n\u00fa segi y\u00f0ur, svo munu innganga um dyr \u00feessa h\u00fass, k\u00f3ngarnir, sem \u00ed Dav\u00ed\u00f0s h\u00e1s\u00e6ti sitja, farandi \u00e1 v\u00f6gnum og hestum, \u00feeir og \u00feeirra \u00fej\u00f3nar og \u00feeirra f\u00f3lk.<a name=\"5\"><span class=\"versanumer\">5<\/span><\/a>En ef \u00fe\u00e9r hl\u00fd\u00f0nist ekki \u00feessu tali, svo sver eg vi\u00f0 mig, segir Drottinn, a\u00f0 \u00feetta h\u00fas skal ver\u00f0a a\u00f0 r\u00fastum.<a name=\"6\"><span class=\"versanumer\">6<\/span><\/a>\u00dev\u00ed svo segir Drottinn um J\u00fadak\u00f3ngs h\u00fas: \u00fe\u00fa ert m\u00e9r <span class='VideyAth'>(sem)<\/span> G\u00edlea\u00f0, sem tindur nokkur \u00e1 L\u00edbanon\u2014ef eg ekki gj\u00f6ri \u00feig a\u00f0 au\u00f0n, a\u00f0 \u00f3bygg\u00f0um st\u00f6\u00f0um, <span class='VideyAth'>(\u00fe\u00e1 er lengra til)<\/span>!<a name=\"7\"><span class=\"versanumer\">7<\/span><\/a>Og eg v\u00edgi m\u00f3ti \u00fe\u00e9r ey\u00f0ileggjara, hv\u00f6rn me\u00f0 s\u00ednum vopnum, og \u00feeir skulu h\u00f6ggva upp \u00feinn \u00fatvalda sedrusvi\u00f0, og kasta \u00e1 eld.<a name=\"8\"><span class=\"versanumer\">8<\/span><\/a>Og margar \u00fej\u00f3\u00f0ir munu ganga framhj\u00e1 \u00feessum sta\u00f0, og segja einn vi\u00f0 annan: \u00fev\u00ed hefir Drottinn svona fari\u00f0 me\u00f0 \u00feennan mikla sta\u00f0?<a name=\"9\"><span class=\"versanumer\">9<\/span><\/a>Og \u00fe\u00e1 mun svo svara\u00f0 ver\u00f0a: af \u00fev\u00ed \u00feeir yfirg\u00e1fu s\u00e1ttm\u00e1la Drottins \u00feeirra Gu\u00f0s, og tilb\u00e1\u00f0u a\u00f0ra gu\u00f0i, og \u00fej\u00f3nu\u00f0u \u00feeim. <br \/><a name=\"10\"><span class=\"versanumer\">10<\/span><\/a>Gr\u00e1ti\u00f0 ekki \u00feann dau\u00f0a, og aumki\u00f0 hann ekki, gr\u00e1ti\u00f0 miklu heldur \u00feann burtflutta! \u00fev\u00ed hann kemur ekki aftur, a\u00f0 sj\u00e1 sitt f\u00f6\u00f0urland.<a name=\"11\"><span class=\"versanumer\">11<\/span><\/a>\u00dev\u00ed svo segir Drottinn um Sallum <span class='VideyAth'>(J\u00f3akas)<\/span> son J\u00f3sia, J\u00fadak\u00f3ngs, sem var\u00f0 konungur \u00ed sta\u00f0 J\u00f3sia, f\u00f6\u00f0ur s\u00edns, og burt var fluttur \u00far \u00feessum sta\u00f0: hann mun ei hinga\u00f0 aftur koma;<a name=\"12\"><span class=\"versanumer\">12<\/span><\/a>heldur \u00e1 \u00feeim sta\u00f0, hv\u00f6rt \u00feeir hafa flutt hann hertekinn, mun hann deyja, og ekki framar sj\u00e1 \u00feetta land. <br \/><a name=\"13\"><span class=\"versanumer\">13<\/span><\/a>Vei \u00feeim sem byggir sitt h\u00fas me\u00f0 rangl\u00e6ti, og s\u00edn herbergi me\u00f0 rangindum, l\u00e6tur sinn n\u00e1unga vinna kauplaust, og f\u00e6r honum ekki s\u00edn laun;<a name=\"14\"><span class=\"versanumer\">14<\/span><\/a>sem segir: eg vil byggja m\u00e9r r\u00famgott h\u00fas og st\u00f3ra sali! h\u00f6ggur s\u00e9r glugga, \u00feiljar me\u00f0 sedrusvi\u00f0, og m\u00e1lar me\u00f0 rau\u00f0um farva!<a name=\"15\"><span class=\"versanumer\">15<\/span><\/a>\u00c6tlar \u00fe\u00fa, a\u00f0 \u00fe\u00fa s\u00e9rt k\u00f3ngur, \u00fe\u00f3tt \u00fe\u00fa metist vi\u00f0 a\u00f0ra me\u00f0 sedrusvi\u00f0i? Fa\u00f0ir \u00feinn, \u00e1t hann ekki og drakk? En\u2014hann i\u00f0ka\u00f0i r\u00e9tt og r\u00e9ttv\u00edsi, \u00fev\u00ed gekk honum vel:<a name=\"16\"><span class=\"versanumer\">16<\/span><\/a>hann t\u00f3k m\u00e1lsta\u00f0 hinna aumu og f\u00e1t\u00e6ku; \u00fev\u00ed vegna\u00f0i honum vel. Er \u00feetta ekki a\u00f0 \u00feekkja mig, segir Drottinn?<a name=\"17\"><span class=\"versanumer\">17<\/span><\/a>En \u00fe\u00edn augu og \u00feitt hjarta mi\u00f0ar ekki \u00e1 anna\u00f0, heldur en \u00e1bata og saklaust bl\u00f3\u00f0, a\u00f0 \u00fathella \u00fev\u00ed, og \u00e1 \u00fea\u00f0, a\u00f0 beita undirokun og ofbeldi. <br \/><a name=\"18\"><span class=\"versanumer\">18<\/span><\/a>\u00dev\u00ed segir Drottinn svo, um J\u00f3jakim, J\u00f3siason, J\u00fadak\u00f3ng: menn munu ekki harma hann: <span class='VideyAth'>(ekki segja)<\/span> \u00e6! minn br\u00f3\u00f0ir! og \u00e6! m\u00edn systir! menn munu ekki harma hann: <span class='VideyAth'>(og segja:)<\/span> \u00e6! herra! og \u00e6! hans d\u00fdr\u00f0!<a name=\"19\"><span class=\"versanumer\">19<\/span><\/a>Eins og menn jar\u00f0a asna, mun hann jar\u00f0a\u00f0ur ver\u00f0a, hann mun ver\u00f0a dreginn, og honum langt kasta\u00f0 fr\u00e1 Jer\u00fasalems portum.<br \/><a name=\"20\"><span class=\"versanumer\">20<\/span><\/a><span class='VideyAth'>(Jer\u00fasalem)<\/span>! st\u00edg upp \u00e1 L\u00edbanon og hlj\u00f3\u00f0a og l\u00e1t \u00fe\u00edna raust gjalla \u00ed Basan, og hlj\u00f3\u00f0a \u00fe\u00fa fr\u00e1 Abarim, \u00fev\u00ed \u00f6ll \u00fe\u00edn upp\u00e1h\u00f6ld <span class='VideyAth'>(hj\u00e1gu\u00f0ir)<\/span> eru sundurm\u00f6lu\u00f0.<a name=\"21\"><span class=\"versanumer\">21<\/span><\/a>Eg tala\u00f0i vi\u00f0 \u00feig \u00ed \u00feinni velgengni; \u00fe\u00fa sag\u00f0ir: eg vil ekki heyra: \u00fea\u00f0 var \u00fe\u00edn breytni fr\u00e1 \u00e6sku, \u00fe\u00fa vildir ei hl\u00fd\u00f0nast minni raust.<a name=\"22\"><span class=\"versanumer\">22<\/span><\/a>Alla \u00fe\u00edna hir\u00f0ara skal vindurinn f\u00e6\u00f0a, og \u00fe\u00ednir \u00e1stvinir munu fara herteknir burt; \u00fe\u00e1 muntu hafa sk\u00f6mm og sneypu fyrir alla \u00fe\u00edna vonsku.<a name=\"23\"><span class=\"versanumer\">23<\/span><\/a>\u00de\u00fa sem b\u00fdr \u00e1 L\u00edbanon, og hrei\u00f0rar \u00feig \u00ed sedrusvi\u00f0i, hv\u00f6rnig getur \u00fe\u00fa veri\u00f0 aumkunarver\u00f0, \u00feegar yfir \u00feig koma \u00fej\u00e1ningarnar, hr\u00ed\u00f0ir eins og yfir j\u00f3\u00f0sj\u00faka konu.<br \/><a name=\"24\"><span class=\"versanumer\">24<\/span><\/a>Svo sannarlega sem eg lifi, segir Drottinn, \u00fe\u00f3 <span class='VideyAth'>(\u00fe\u00fa)<\/span> Jekon\u00eda, sonur J\u00f3jakims, J\u00fadakonungur, v\u00e6rir signetshringur \u00e1 minni h\u00e6gri hendi, mundi eg samt r\u00edfa \u00feig \u00fea\u00f0an.<a name=\"25\"><span class=\"versanumer\">25<\/span><\/a>Og eg gef \u00feig \u00ed \u00feeirra h\u00f6nd, sem s\u00e6kjast eftir \u00fe\u00ednu l\u00edfi, og \u00ed \u00feeirra h\u00f6nd sem \u00fe\u00fa hr\u00e6\u00f0ist, og \u00ed h\u00f6nd Neb\u00fakadnesars, k\u00f3ngs \u00ed Babel, og \u00ed h\u00f6nd Kaldeumanna.<a name=\"26\"><span class=\"versanumer\">26<\/span><\/a>Og eg kasta \u00fe\u00e9r og m\u00f3\u00f0ur \u00feinni, sem \u00f3l \u00feig, burt \u00ed anna\u00f0 land, hvar \u00fei\u00f0 eru\u00f0 ekki f\u00e6dd, og \u00fear skulu\u00f0 \u00fei\u00f0 deyja;<a name=\"27\"><span class=\"versanumer\">27<\/span><\/a>og \u00fei\u00f0 skulu\u00f0 ei aftur koma \u00ed \u00fea\u00f0 land, sem ykkar hjarta langar til a\u00f0 komast \u00ed aftur. <br \/><a name=\"28\"><span class=\"versanumer\">28<\/span><\/a>\u201eEr \u00fe\u00e1 \u00feessi ma\u00f0ur Jekon\u00eda fyrirlitlegt, broti\u00f0 \u00edl\u00e1t, e\u00f0a er hann, \u00edl\u00e1t sem m\u00f6nnum ekki l\u00edkar? hv\u00f6rs vegna ver\u00f0ur honum og hans ni\u00f0jum \u00fatsk\u00fafa\u00f0 og burtkasta\u00f0, \u00ed land, sem \u00feeir ekki \u00feekkja?<a name=\"29\"><span class=\"versanumer\">29<\/span><\/a>\u00d3! land, land, land, heyr Drottins or\u00f0!<a name=\"30\"><span class=\"versanumer\">30<\/span><\/a>Svo segir Drottinn: skrifi\u00f0 \u00feenna mann sem \u00e1vaxtarlausan, sem mann, er engin \u00ferif hefir \u00ed s\u00ednu l\u00edfi! \u00fev\u00ed enginn af hans ni\u00f0jum, sem situr \u00ed Dav\u00ed\u00f0s h\u00e1s\u00e6ti og drottnar yfir J\u00fada framvegis, mun \u00fer\u00edfast.<\/p>\n<div class=\"footnoteVidey\">V. 6. G\u00edlea\u00f0 gr\u00f6sugt og frj\u00f3vsamt land, \u00e1 L\u00edbanonfjalli \u00e1g\u00e6tasti sk\u00f3gur.  V. 22. A\u00f0r: vindurinn burtflytja.<\/div>\n","protected":false},"excerpt":{"rendered":"<p>H\u00f3tanir og fyrirheit. 1Svo sag\u00f0i Drottinn: gakk \u00fe\u00fa \u00ed h\u00fas J\u00fadak\u00f3ngs og tala \u00fe\u00fa \u00fear \u00feessa t\u00f6lu,2og seg: heyr Drottins or\u00f0, J\u00fadak\u00f3ngur, \u00fe\u00fa sem situr \u00ed Dav\u00ed\u00f0s h\u00e1s\u00e6ti, \u00fe\u00fa og \u00fe\u00ednir \u00fej\u00f3nar og \u00feitt f\u00f3lk, allir \u00fe\u00e9r, sem inngangi\u00f0 um \u00feessar dyr!3Svo segir Drottinn: i\u00f0ki\u00f0 r\u00e9ttindi og r\u00e9ttv\u00edsi, og frelsi\u00f0 \u00feann r\u00e6nda af hendi undir\u00ferykkjarans, leggist ekki \u00e1 \u00fe\u00e1 \u00fatlendu, muna\u00f0arlausa og ekkjur, og gj\u00f6ri\u00f0 \u00feeim ei rangt, \u00fathelli\u00f0 ekki saklausu bl\u00f3\u00f0i \u00e1 \u00feessum sta\u00f0!4\u00fev\u00ed ef \u00fe\u00e9r gj\u00f6ri\u00f0, sem eg n\u00fa segi y\u00f0ur, svo munu innganga um dyr \u00feessa h\u00fass, k\u00f3ngarnir, sem \u00ed Dav\u00ed\u00f0s h\u00e1s\u00e6ti sitja, farandi \u00e1 v\u00f6gnum og <a href=\"https:\/\/biblian.is\/videy\/jeremia-22-kafli\/\"> [&#8230;]<\/a><\/p>\n","protected":false},"author":1,"featured_media":0,"parent":0,"menu_order":0,"comment_status":"open","ping_status":"open","template":"bibliukaflar.php","meta":{"footnotes":""},"class_list":["post-21616","page","type-page","status-publish","hentry"],"_links":{"self":[{"href":"https:\/\/biblian.is\/videy\/wp-json\/wp\/v2\/pages\/21616","targetHints":{"allow":["GET"]}}],"collection":[{"href":"https:\/\/biblian.is\/videy\/wp-json\/wp\/v2\/pages"}],"about":[{"href":"https:\/\/biblian.is\/videy\/wp-json\/wp\/v2\/types\/page"}],"author":[{"embeddable":true,"href":"https:\/\/biblian.is\/videy\/wp-json\/wp\/v2\/users\/1"}],"replies":[{"embeddable":true,"href":"https:\/\/biblian.is\/videy\/wp-json\/wp\/v2\/comments?post=21616"}],"version-history":[{"count":0,"href":"https:\/\/biblian.is\/videy\/wp-json\/wp\/v2\/pages\/21616\/revisions"}],"wp:attachment":[{"href":"https:\/\/biblian.is\/videy\/wp-json\/wp\/v2\/media?parent=21616"}],"curies":[{"name":"wp","href":"https:\/\/api.w.org\/{rel}","templated":true}]}}