{"id":21615,"date":"2018-01-02T01:03:01","date_gmt":"2018-01-02T01:03:01","guid":{"rendered":"http:\/\/biblian.is\/videy\/jeremia-21-kafli\/"},"modified":"2018-01-02T01:03:01","modified_gmt":"2018-01-02T01:03:01","slug":"jeremia-21-kafli","status":"publish","type":"page","link":"https:\/\/biblian.is\/videy\/jeremia-21-kafli\/","title":{"rendered":"Jerem\u00eda 21. kafli"},"content":{"rendered":"<div class=\"fyrirsognVidey\">Sta\u00f0urinn unninn.<\/div>\n<p><a name=\"1\"><span class=\"versanumer\">1<\/span><\/a>\u00dea\u00f0 or\u00f0 sem kom til Jerem\u00edas fr\u00e1 Drottni, \u00feegar k\u00f3ngur Sedekia, sendi Pash\u00far, Malkiason, og Sefania, Maeseiason, prestinn, til hans, og m\u00e6lti:<a name=\"2\"><span class=\"versanumer\">2<\/span><\/a>Spyr \u00fe\u00f3 Drottin fyrir oss; \u00fev\u00ed Neb\u00fakadnesar, Babels k\u00f3ngur, str\u00ed\u00f0ir vi\u00f0 oss: l\u00edklega gj\u00f6rir Drottinn vi\u00f0 oss eftir \u00f6llum s\u00ednum d\u00e1semdum, svo a\u00f0 hann <span class='VideyAth'>(Neb\u00fakadnesar)<\/span> hverfi fr\u00e1 oss.<br \/><a name=\"3\"><span class=\"versanumer\">3<\/span><\/a>\u00de\u00e1 sag\u00f0i Jerem\u00edas til \u00feeirra: segi\u00f0 svo Sedek\u00eda:<a name=\"4\"><span class=\"versanumer\">4<\/span><\/a>svo segir Drottinn, \u00cdsraels Gu\u00f0: sj\u00e1, eg sn\u00fd vi\u00f0 str\u00ed\u00f0svopnunum \u00ed y\u00f0ar h\u00f6ndum, me\u00f0 hv\u00f6rjum \u00fe\u00e9r berjist vi\u00f0 k\u00f3nginn af Babel og m\u00f3t Kaldeum\u00f6nnum, sem umsitja y\u00f0ur, fyrir utan m\u00farana, og flyt \u00fe\u00e1 saman inn \u00ed \u00feennan sta\u00f0,<a name=\"5\"><span class=\"versanumer\">5<\/span><\/a>og eg str\u00ed\u00f0i \u00e1 m\u00f3ti y\u00f0ur me\u00f0 \u00fatr\u00e9ttri h\u00f6nd og \u00f6flugum armi, og me\u00f0 rei\u00f0i og gl\u00f3\u00f0 og mikilli grimmd.<a name=\"6\"><span class=\"versanumer\">6<\/span><\/a>Og eg sl\u00e6 \u00ed hel innb\u00faa \u00feessa sta\u00f0ar, menn og f\u00e9na\u00f0; af mikilli dreps\u00f3tt skulu \u00feeir deyja.<a name=\"7\"><span class=\"versanumer\">7<\/span><\/a>Og \u00fear eftir mun eg gefa Sedek\u00eda J\u00fadak\u00f3ng, og hans \u00fej\u00f3na, og f\u00f3lki\u00f0, og \u00fe\u00e1, \u00ed \u00feessum sta\u00f0 eftiror\u00f0nu, eftir dreps\u00f3ttina, sver\u00f0i\u00f0 og hungri\u00f0, \u00ed h\u00f6nd Neb\u00fakadnesars, k\u00f3ngs \u00ed Babel, og \u00ed h\u00f6nd \u00feeirra \u00f3vina, og \u00ed h\u00f6nd \u00feeirra, sem s\u00e6kjast eftir \u00feeirra l\u00edfi, a\u00f0 hann drepi \u00fe\u00e1 me\u00f0 beittu sver\u00f0i, \u00e1n me\u00f0aumkunar vi\u00f0 \u00fe\u00e1, \u00e1n v\u00e6g\u00f0ar, miskunnarlaust. <br \/><a name=\"8\"><span class=\"versanumer\">8<\/span><\/a>Og vi\u00f0 \u00feetta f\u00f3lk skaltu segja: svo segir Drottinn: sj\u00e1, eg legg fyrir y\u00f0ur veg l\u00edfsins og veg dau\u00f0ans.<a name=\"9\"><span class=\"versanumer\">9<\/span><\/a>Hv\u00f6r sem ver\u00f0ur kyrr \u00ed \u00feessum sta\u00f0, hann mun deyja fyrir sver\u00f0i, hungri og dreps\u00f3tt; en hv\u00f6r sem gengur \u00fat, og fer til Kaldeumanna, sem y\u00f0ur umsitja, s\u00e1 heldur l\u00edfinu, og honum ver\u00f0ur hans s\u00e1l a\u00f0 hlutskipti.<a name=\"10\"><span class=\"versanumer\">10<\/span><\/a>\u00dev\u00ed eg sn\u00fd m\u00ednu andliti m\u00f3ti \u00feessum sta\u00f0, til ills, og ekki til g\u00f3\u00f0s, segir Drottinn; hann skal gefast \u00ed h\u00f6nd Babelsk\u00f3ngi, svo hann brenni hann \u00ed eldi.<br \/><a name=\"11\"><span class=\"versanumer\">11<\/span><\/a>Og vi\u00f0 h\u00fas J\u00fadak\u00f3ngs <span class='VideyAth'>(skaltu segja)<\/span>: heyri\u00f0 or\u00f0 Drottins,<a name=\"12\"><span class=\"versanumer\">12<\/span><\/a>Dav\u00ed\u00f0s h\u00fas! svo segir Drottinn, haldi\u00f0 \u00e1rla d\u00f3m, og frelsi\u00f0 \u00feann r\u00e6nda af hendi undir\u00ferykkjarans, a\u00f0 m\u00edn grimmd brj\u00f3tist ei \u00fat, sem eldur, og brenni \u00f3sl\u00f6kkanlega, sakir vonsku y\u00f0ar athafna!<br \/><a name=\"13\"><span class=\"versanumer\">13<\/span><\/a>Sj\u00e1, eg vil til y\u00f0ar <span class='VideyAth'>(koma)<\/span>, innb\u00faar dalsins, klettsins \u00e1 vellinum, segir Drottinn, til y\u00f0ar sem segi\u00f0: hv\u00f6r mun koma ni\u00f0ur til vor, og hv\u00f6r brj\u00f3tast inn \u00ed vora b\u00fasta\u00f0i?<a name=\"14\"><span class=\"versanumer\">14<\/span><\/a>Og eg skal finna y\u00f0ur, eftir \u00e1v\u00f6xtum y\u00f0ar athafna, segir Drottinn, og kveikja eld \u00ed y\u00f0ar sk\u00f3gi, a\u00f0 hann brenni allt sem \u00ed kringum y\u00f0ur er.<\/p>\n<div class=\"footnoteVidey\"><\/div>\n","protected":false},"excerpt":{"rendered":"<p>Sta\u00f0urinn unninn. 1\u00dea\u00f0 or\u00f0 sem kom til Jerem\u00edas fr\u00e1 Drottni, \u00feegar k\u00f3ngur Sedekia, sendi Pash\u00far, Malkiason, og Sefania, Maeseiason, prestinn, til hans, og m\u00e6lti:2Spyr \u00fe\u00f3 Drottin fyrir oss; \u00fev\u00ed Neb\u00fakadnesar, Babels k\u00f3ngur, str\u00ed\u00f0ir vi\u00f0 oss: l\u00edklega gj\u00f6rir Drottinn vi\u00f0 oss eftir \u00f6llum s\u00ednum d\u00e1semdum, svo a\u00f0 hann (Neb\u00fakadnesar) hverfi fr\u00e1 oss.3\u00de\u00e1 sag\u00f0i Jerem\u00edas til \u00feeirra: segi\u00f0 svo Sedek\u00eda:4svo segir Drottinn, \u00cdsraels Gu\u00f0: sj\u00e1, eg sn\u00fd vi\u00f0 str\u00ed\u00f0svopnunum \u00ed y\u00f0ar h\u00f6ndum, me\u00f0 hv\u00f6rjum \u00fe\u00e9r berjist vi\u00f0 k\u00f3nginn af Babel og m\u00f3t Kaldeum\u00f6nnum, sem umsitja y\u00f0ur, fyrir utan m\u00farana, og flyt \u00fe\u00e1 saman inn \u00ed \u00feennan sta\u00f0,5og eg str\u00ed\u00f0i \u00e1 m\u00f3ti y\u00f0ur <a href=\"https:\/\/biblian.is\/videy\/jeremia-21-kafli\/\"> [&#8230;]<\/a><\/p>\n","protected":false},"author":1,"featured_media":0,"parent":0,"menu_order":0,"comment_status":"open","ping_status":"open","template":"bibliukaflar.php","meta":{"footnotes":""},"class_list":["post-21615","page","type-page","status-publish","hentry"],"_links":{"self":[{"href":"https:\/\/biblian.is\/videy\/wp-json\/wp\/v2\/pages\/21615","targetHints":{"allow":["GET"]}}],"collection":[{"href":"https:\/\/biblian.is\/videy\/wp-json\/wp\/v2\/pages"}],"about":[{"href":"https:\/\/biblian.is\/videy\/wp-json\/wp\/v2\/types\/page"}],"author":[{"embeddable":true,"href":"https:\/\/biblian.is\/videy\/wp-json\/wp\/v2\/users\/1"}],"replies":[{"embeddable":true,"href":"https:\/\/biblian.is\/videy\/wp-json\/wp\/v2\/comments?post=21615"}],"version-history":[{"count":0,"href":"https:\/\/biblian.is\/videy\/wp-json\/wp\/v2\/pages\/21615\/revisions"}],"wp:attachment":[{"href":"https:\/\/biblian.is\/videy\/wp-json\/wp\/v2\/media?parent=21615"}],"curies":[{"name":"wp","href":"https:\/\/api.w.org\/{rel}","templated":true}]}}