{"id":21614,"date":"2018-01-02T01:03:01","date_gmt":"2018-01-02T01:03:01","guid":{"rendered":"http:\/\/biblian.is\/videy\/jeremia-20-kafli\/"},"modified":"2018-01-02T01:03:01","modified_gmt":"2018-01-02T01:03:01","slug":"jeremia-20-kafli","status":"publish","type":"page","link":"https:\/\/biblian.is\/videy\/jeremia-20-kafli\/","title":{"rendered":"Jerem\u00eda 20. kafli"},"content":{"rendered":"<div class=\"fyrirsognVidey\">Jerem\u00edas er settur \u00ed fangelsi af Pash\u00far presti.<\/div>\n<p><a name=\"1\"><span class=\"versanumer\">1<\/span><\/a>Og sem Pash\u00far prestur, sonur Immers prests, <span class='VideyAth'>(en hann var yfirumsj\u00f3narma\u00f0ur \u00ed Drottins h\u00fasi)<\/span> heyr\u00f0i Jerem\u00edas sp\u00e1 \u00feessum or\u00f0um:<a name=\"2\"><span class=\"versanumer\">2<\/span><\/a>\u00fe\u00e1 sl\u00f3 hann Jerem\u00edas sp\u00e1mann, og setti hann \u00ed fangelsi, sem var \u00ed \u00fev\u00ed h\u00e1a Benjam\u00ednsporti \u00ed Drottins h\u00fasi.<a name=\"3\"><span class=\"versanumer\">3<\/span><\/a>En \u00e1 \u00f6\u00f0rum degi l\u00e9t Pash\u00far Jerem\u00edas lausan \u00far fangelsinu. \u00de\u00e1 m\u00e6lti Jerem\u00edas til hans: Ekki nefnir Drottinn \u00feig Pash\u00far, <span class='VideyAth'>(frelsi allt um kring)<\/span> heldur Magor Missabib <span class='VideyAth'>(\u00f3tta allt um kring)<\/span>.<a name=\"4\"><span class=\"versanumer\">4<\/span><\/a>\u00dev\u00ed svo segir Drottinn: sj\u00e1! eg framsel \u00feig \u00f3ttanum, \u00feig og alla \u00fe\u00edna vini, og \u00feeir skulu falla fyrir sver\u00f0i \u00f3vinanna og \u00fe\u00edn augu skulu sj\u00e1 \u00fea\u00f0, og allt J\u00fadaf\u00f3lk gef eg \u00ed h\u00f6nd k\u00f3ngsins af Babel, a\u00f0 hann flyti \u00fe\u00e1 <span class='VideyAth'>(\u00fea\u00f0)<\/span> til Babel og vinni \u00e1 \u00feeim me\u00f0 sver\u00f0i.<a name=\"5\"><span class=\"versanumer\">5<\/span><\/a>Og eg gef allan au\u00f0 \u00feessa sta\u00f0ar, og \u00f6ll hans f\u00f6ng, og alla \u00feeirra d\u00fdrgripi, og alla fj\u00e1rsj\u00f3\u00f0u J\u00fadakonunga \u00ed h\u00f6nd \u00feeirra \u00f3vinum, a\u00f0 \u00feeir r\u00e6ni \u00fe\u00e1 og rupli og flytji til Babel.<a name=\"6\"><span class=\"versanumer\">6<\/span><\/a>Og \u00fe\u00fa, Pash\u00far! og allir sem eru \u00ed \u00fe\u00ednu h\u00fasi, munt ver\u00f0a hertekinn, og fluttur til Babel, og \u00fear muntu deyja, og \u00fear ver\u00f0a grafinn, \u00fe\u00fa og \u00fe\u00ednir vinir, sem \u00fe\u00fa hefir sp\u00e1\u00f0 lj\u00fagandi <span class='VideyAth'>(predika\u00f0 lygi)<\/span>.<br \/><a name=\"7\"><span class=\"versanumer\">7<\/span><\/a>\u201eDrottinn! \u00fe\u00fa hefir yfirtala\u00f0 mig, og eg l\u00e9t mig yfirtala; \u00fe\u00fa hefir or\u00f0i\u00f0 m\u00e9r of voldugur og unni\u00f0! en eg ver\u00f0 daglega a\u00f0 athl\u00e6gi; hv\u00f6r ma\u00f0ur d\u00e1rar mig.<a name=\"8\"><span class=\"versanumer\">8<\/span><\/a>\u00dev\u00ed svo oft sem eg tala, ver\u00f0 eg a\u00f0 hefja harmakl\u00f6gun, bo\u00f0a ofbeldi og tj\u00f3n; \u00fev\u00ed Drottins or\u00f0 ver\u00f0ur m\u00e9r daglega a\u00f0 fyrirlitning og athl\u00e1tri.<a name=\"9\"><span class=\"versanumer\">9<\/span><\/a>Og ef eg hugsa\u00f0i: eg skal ei framar hans <span class='VideyAth'>(Drottins)<\/span> geta, og ekki framar tala \u00ed hans nafni: svo var sem eldur brynni \u00ed m\u00ednu hjarta, innl\u00e6stur \u00ed m\u00edn bein; og eg \u00fereyttist a\u00f0 \u00feola \u00fea\u00f0, og gat \u00fea\u00f0 ei lengur.<a name=\"10\"><span class=\"versanumer\">10<\/span><\/a>\u00dev\u00ed eg heyri lastm\u00e6li margra, skelfingar allt um kring: \u201eklagi\u00f0 hann <span class='VideyAth'>(segja \u00feeir)<\/span>, v\u00e9r skulum klaga hann!\u201c Allir m\u00ednir vinir, sem standa m\u00e9r til hli\u00f0ar <span class='VideyAth'>(segja)<\/span>: \u201el\u00edklega l\u00e6tur hann sig afvegalei\u00f0a, a\u00f0 v\u00e9r ver\u00f0um honum yfirsterkari, og getum hefnst \u00e1 honum\u201c.<a name=\"11\"><span class=\"versanumer\">11<\/span><\/a>En Drottinn stendur hj\u00e1 m\u00e9r eins og geigv\u00e6nleg hetja: \u00fev\u00ed munu m\u00ednir ofs\u00f3knarmenn steypast og engu \u00e1orka; mj\u00f6g mega \u00feeir skammast s\u00edn, a\u00f0 \u00feeim hefir ekki tekist; eil\u00edf sk\u00f6mm er \u00fea\u00f0, sem ekki mun gleymast.<a name=\"12\"><span class=\"versanumer\">12<\/span><\/a>\u00dev\u00ed Drottinn herskaranna pr\u00f3far \u00fe\u00e1 r\u00e9ttl\u00e1tu, s\u00e9r n\u00fdru og hjarta; eg mun sj\u00e1 \u00fe\u00edna hefnd \u00e1 \u00feeim, \u00fev\u00ed \u00fe\u00e9r hefi eg tr\u00faa\u00f0 fyrir m\u00ednu m\u00e1lefni.<a name=\"13\"><span class=\"versanumer\">13<\/span><\/a>Syngi\u00f0 Drottni, lofi\u00f0 Drottin! \u00fev\u00ed hann frelsar s\u00e1l \u00feess sem \u00fej\u00e1ist af hendi vonskunnar!\u201c<a name=\"14\"><span class=\"versanumer\">14<\/span><\/a>\u201eB\u00f6lva\u00f0ur <span class='VideyAth'>(s\u00e9)<\/span> s\u00e1 dagur, \u00e1 hv\u00f6rjum eg f\u00e6ddist; s\u00e1 dagur, \u00e1 hv\u00f6rjum m\u00edn m\u00f3\u00f0ir \u00f3l mig, s\u00e9 ekki blessa\u00f0ur!<a name=\"15\"><span class=\"versanumer\">15<\/span><\/a>B\u00f6lva\u00f0ur s\u00e1 ma\u00f0ur, sem f\u00e6r\u00f0i f\u00f6\u00f0ur m\u00ednum bo\u00f0skapinn og m\u00e6lti: sonur er \u00fe\u00e9r f\u00e6ddur; hann gladdi hann miki\u00f0.<a name=\"16\"><span class=\"versanumer\">16<\/span><\/a>S\u00e1 hinn sami ma\u00f0ur, s\u00e9 l\u00edkur \u00feeim st\u00f6\u00f0um sem Drottinn kollvarpa\u00f0i og i\u00f0ra\u00f0ist ei eftir; hann heyri harmakvein \u00e1 morgnana og \u00f3p um mi\u00f0degi\u00f0.<a name=\"17\"><span class=\"versanumer\">17<\/span><\/a>Af \u00fev\u00ed hann deyddi mig ekki \u00ed m\u00f3\u00f0url\u00edfi, svo m\u00f3\u00f0ir m\u00edn hef\u00f0i or\u00f0i\u00f0 m\u00edn gr\u00f6f og hennar l\u00edf hef\u00f0i eil\u00edflega veri\u00f0 \u00feunga\u00f0.<a name=\"18\"><span class=\"versanumer\">18<\/span><\/a>\u00dev\u00ed kom eg \u00fe\u00f3 af m\u00f3\u00f0url\u00edfi til a\u00f0 sj\u00e1 \u00f3g\u00e6fu og eymd, og til \u00feess a\u00f0 m\u00ednir dagar eyddust \u00ed sk\u00f6mm?\u201c<\/p>\n<div class=\"footnoteVidey\"><\/div>\n","protected":false},"excerpt":{"rendered":"<p>Jerem\u00edas er settur \u00ed fangelsi af Pash\u00far presti. 1Og sem Pash\u00far prestur, sonur Immers prests, (en hann var yfirumsj\u00f3narma\u00f0ur \u00ed Drottins h\u00fasi) heyr\u00f0i Jerem\u00edas sp\u00e1 \u00feessum or\u00f0um:2\u00fe\u00e1 sl\u00f3 hann Jerem\u00edas sp\u00e1mann, og setti hann \u00ed fangelsi, sem var \u00ed \u00fev\u00ed h\u00e1a Benjam\u00ednsporti \u00ed Drottins h\u00fasi.3En \u00e1 \u00f6\u00f0rum degi l\u00e9t Pash\u00far Jerem\u00edas lausan \u00far fangelsinu. \u00de\u00e1 m\u00e6lti Jerem\u00edas til hans: Ekki nefnir Drottinn \u00feig Pash\u00far, (frelsi allt um kring) heldur Magor Missabib (\u00f3tta allt um kring).4\u00dev\u00ed svo segir Drottinn: sj\u00e1! eg framsel \u00feig \u00f3ttanum, \u00feig og alla \u00fe\u00edna vini, og \u00feeir skulu falla fyrir sver\u00f0i \u00f3vinanna og \u00fe\u00edn augu skulu sj\u00e1 <a href=\"https:\/\/biblian.is\/videy\/jeremia-20-kafli\/\"> [&#8230;]<\/a><\/p>\n","protected":false},"author":1,"featured_media":0,"parent":0,"menu_order":0,"comment_status":"open","ping_status":"open","template":"bibliukaflar.php","meta":{"footnotes":""},"class_list":["post-21614","page","type-page","status-publish","hentry"],"_links":{"self":[{"href":"https:\/\/biblian.is\/videy\/wp-json\/wp\/v2\/pages\/21614","targetHints":{"allow":["GET"]}}],"collection":[{"href":"https:\/\/biblian.is\/videy\/wp-json\/wp\/v2\/pages"}],"about":[{"href":"https:\/\/biblian.is\/videy\/wp-json\/wp\/v2\/types\/page"}],"author":[{"embeddable":true,"href":"https:\/\/biblian.is\/videy\/wp-json\/wp\/v2\/users\/1"}],"replies":[{"embeddable":true,"href":"https:\/\/biblian.is\/videy\/wp-json\/wp\/v2\/comments?post=21614"}],"version-history":[{"count":0,"href":"https:\/\/biblian.is\/videy\/wp-json\/wp\/v2\/pages\/21614\/revisions"}],"wp:attachment":[{"href":"https:\/\/biblian.is\/videy\/wp-json\/wp\/v2\/media?parent=21614"}],"curies":[{"name":"wp","href":"https:\/\/api.w.org\/{rel}","templated":true}]}}