{"id":21604,"date":"2018-01-02T01:02:54","date_gmt":"2018-01-02T01:02:54","guid":{"rendered":"http:\/\/biblian.is\/videy\/jeremia-10-kafli\/"},"modified":"2018-01-02T01:02:54","modified_gmt":"2018-01-02T01:02:54","slug":"jeremia-10-kafli","status":"publish","type":"page","link":"https:\/\/biblian.is\/videy\/jeremia-10-kafli\/","title":{"rendered":"Jerem\u00eda 10. kafli"},"content":{"rendered":"<div class=\"fyrirsognVidey\">D\u00e1raskapur s\u00e1 a\u00f0 d\u00fdrka hj\u00e1gu\u00f0i; Jer\u00fasalems ey\u00f0ilegging, hv\u00f6rttveggja h\u00e9r afm\u00e1la\u00f0.<\/div>\n<p><a name=\"1\"><span class=\"versanumer\">1<\/span><\/a>Heyri\u00f0 \u00fea\u00f0 or\u00f0, sem Drottinn til y\u00f0ar talar, \u00cdsraelsh\u00fas.<a name=\"2\"><span class=\"versanumer\">2<\/span><\/a>Svo segir Drottinn: venji\u00f0 y\u00f0ur ekki \u00e1 si\u00f0 \u00fej\u00f3\u00f0anna og veri\u00f0 ei hr\u00e6ddir vi\u00f0 himinteiknin, \u00fe\u00f3 a\u00f0 \u00fej\u00f3\u00f0irnar hr\u00e6\u00f0ist \u00feau.<a name=\"3\"><span class=\"versanumer\">3<\/span><\/a>\u00dev\u00ed a\u00f0 si\u00f0ir \u00fej\u00f3\u00f0anna <span class='VideyAth'>(hj\u00e1gu\u00f0irnir)<\/span> eru h\u00e9g\u00f3mi. Tr\u00e9 er \u00fea\u00f0 sem menn h\u00f6ggva \u00ed sk\u00f3gi, verk smi\u00f0sins handar, me\u00f0 \u00f6xinni.<a name=\"4\"><span class=\"versanumer\">4<\/span><\/a>Me\u00f0 silfri og gulli pr\u00fd\u00f0ir hann \u00fea\u00f0, me\u00f0 n\u00f6glum og me\u00f0 hamri festir hann \u00fea\u00f0, svo \u00fea\u00f0 detti ekki.<a name=\"5\"><span class=\"versanumer\">5<\/span><\/a>\u00deau skur\u00f0go\u00f0in eru rennd s\u00edv\u00f6l sem p\u00e1lmavi\u00f0ur og tala ekki; borin eru \u00feau, \u00fev\u00ed \u00feau kunna ekki a\u00f0 ganga. Veri\u00f0 ekki hr\u00e6ddir vi\u00f0 \u00feau, \u00fev\u00ed \u00feau geta ei ska\u00f0a\u00f0, og ekki eru \u00feau \u00feess umkomin a\u00f0 veita velgj\u00f6r\u00f0.<a name=\"6\"><span class=\"versanumer\">6<\/span><\/a>Enginn er \u00fe\u00e9r l\u00edkur, Drottinn, mikill ert \u00fe\u00fa, og miki\u00f0 \u00feitt nafn sakir veldisins.<a name=\"7\"><span class=\"versanumer\">7<\/span><\/a>Hv\u00f6r skyldi ei \u00f3ttast \u00feig, konungur \u00fej\u00f3\u00f0anna? \u00fev\u00ed \u00fe\u00fa ert \u00feess maklegur, \u00fev\u00ed me\u00f0al allra \u00fej\u00f3\u00f0anna spekinga og \u00ed \u00f6llum \u00feeirra k\u00f3ngsr\u00edkjum er enginn \u00fe\u00e9r l\u00edkur.<a name=\"8\"><span class=\"versanumer\">8<\/span><\/a>Og \u00ed einu lagi eru \u00feeir \u00f3skynsamir og f\u00e1v\u00edsir, einkisver\u00f0ur l\u00e6rd\u00f3mur, tr\u00e9 er \u00fea\u00f0! <span class='VideyAth'>(sem \u00feeir d\u00fdrka)<\/span>.<a name=\"9\"><span class=\"versanumer\">9<\/span><\/a>Silfurpl\u00f6tur eru fluttar fr\u00e1 Tarsis og gull fr\u00e1 Ufas, verk smi\u00f0sins, gullsmi\u00f0sins handa, bl\u00e1r og rau\u00f0ur purpuri er <span class='VideyAth'>(hj\u00e1gu\u00f0a)<\/span> \u00feeirra kl\u00e6\u00f0na\u00f0ur, verk hagleiksmanna eru \u00feeir allir.<a name=\"10\"><span class=\"versanumer\">10<\/span><\/a>En Gu\u00f0 Drottinn er sannleikurinn, <span class='VideyAth'>(sannur Gu\u00f0)<\/span>, hann er lifandi Gu\u00f0, og eil\u00edfur k\u00f3ngur; fyrir hans rei\u00f0i bifast j\u00f6r\u00f0in, og \u00fej\u00f3\u00f0irnar \u00feola ekki hans \u00f3gnan.<br \/><a name=\"11\"><span class=\"versanumer\">11<\/span><\/a>\u00deetta skulu\u00f0 \u00fe\u00e9r til \u00feeirra segja: \u00feeir gu\u00f0ir sem ekki hafa gj\u00f6rt himin og j\u00f6r\u00f0, munu hverfa af j\u00f6r\u00f0inni og undan himninum.<a name=\"12\"><span class=\"versanumer\">12<\/span><\/a>Hann <span class='VideyAth'>(Drottinn)<\/span> gj\u00f6r\u00f0i j\u00f6r\u00f0ina me\u00f0 s\u00ednum krafti, tilbj\u00f3 heiminn me\u00f0 s\u00ednum v\u00edsd\u00f3mi og me\u00f0 s\u00ednum skilningi \u00fat\u00feandi hann himininn.<a name=\"13\"><span class=\"versanumer\">13<\/span><\/a>\u00deegar hann \u00ferumar, er miki\u00f0 vatn \u00ed himninum, og hann dregur sk\u00fd \u00fear a\u00f0 fr\u00e1 endum jar\u00f0arinnar, eldingar tilrei\u00f0ir hann til regns, og tekur vindinn \u00far s\u00ednum hirslum.<a name=\"14\"><span class=\"versanumer\">14<\/span><\/a>\u00d3skynugur er hv\u00f6r s\u00e1 ma\u00f0ur \u00e1n <span class='VideyAth'>(\u00feessarar)<\/span> \u00feekkingar; til skammar ver\u00f0ur hv\u00f6r smi\u00f0ur fyrir b\u00edl\u00e6tin, \u00fev\u00ed t\u00e1l er hans sneypuverk, og enginn andi er \u00ed \u00fev\u00ed.<a name=\"15\"><span class=\"versanumer\">15<\/span><\/a>H\u00e9g\u00f3mi eru \u00feau, svikaverk, \u00e1 t\u00edma \u00feeirra hegningar munu \u00feau hverfa.<a name=\"16\"><span class=\"versanumer\">16<\/span><\/a>Ekki er s\u00e1 l\u00edkur \u00feessum, sem var\u00f0 Jakobs hlutdeild; heldur hefir hann skapa\u00f0 allt, og \u00cdsrael er \u00e6tt hans eignar, Drottinn herskaranna er hans nafn. <br \/><a name=\"17\"><span class=\"versanumer\">17<\/span><\/a>Haf\u00f0u saman \u00far landinu \u00fe\u00edna muni, \u00fev\u00ed \u00fe\u00fa ert umsetin!<a name=\"18\"><span class=\"versanumer\">18<\/span><\/a>\u00fev\u00ed svo segir Drottinn: sj\u00e1, eg vil \u00ed \u00feetta sinn burtkasta landsins innb\u00faum og \u00fer\u00f6ngva \u00feeim, svo \u00feeir finni <span class='VideyAth'>(\u00fea\u00f0)<\/span>.<a name=\"19\"><span class=\"versanumer\">19<\/span><\/a>\u201eVei m\u00e9r, sakir minnar \u00f3lukku! s\u00e1ri\u00f0 sv\u00ed\u00f0ur m\u00e9r! samt hugsa eg: gott og vel: \u00feetta er m\u00edn \u00fej\u00e1ning, sem eg ver\u00f0 a\u00f0 bera!<a name=\"20\"><span class=\"versanumer\">20<\/span><\/a>m\u00edn tjaldb\u00fa\u00f0 er ni\u00f0urfelld og \u00f6ll m\u00edn tjaldsl\u00f6g slitin; synir m\u00ednir eru fr\u00e1 m\u00e9r gengnir, eru farnir; enginn \u00fat\u00feenur aftur mitt tjald, og hengir upp m\u00edna <span class='VideyAth'>(tjald)<\/span>d\u00faka.<a name=\"21\"><span class=\"versanumer\">21<\/span><\/a>\u00dev\u00ed hir\u00f0ararnir voru \u00f3skynugir og leitu\u00f0u ekki Drottins: \u00feess vegna gat \u00feeim \u00fea\u00f0 ekki l\u00e1nast, og allri \u00feeirra hj\u00f6r\u00f0 var tv\u00edstra\u00f0\u201c.<a name=\"22\"><span class=\"versanumer\">22<\/span><\/a>Raust heyrist, sj\u00e1, h\u00fan kemur, <span class='VideyAth'>(f\u00e6rist n\u00e6r)<\/span>, og miki\u00f0 hark \u00far landinu nor\u00f0ur fr\u00e1, til a\u00f0 gj\u00f6ra J\u00fada sta\u00f0i a\u00f0 ey\u00f0im\u00f6rk, a\u00f0 \u00falfab\u00e6lum.<br \/><a name=\"23\"><span class=\"versanumer\">23<\/span><\/a>Eg veit, Drottinn, a\u00f0 mannsins vegur er ei \u00ed hans valdi, ekki \u00ed valdi fer\u00f0amannsins a\u00f0 <span class='VideyAth'>(stefna)<\/span> st\u00fdra s\u00ednum sporum.<a name=\"24\"><span class=\"versanumer\">24<\/span><\/a>Tyfta \u00fe\u00fa mig, Drottinn, \u00fe\u00f3 me\u00f0 m\u00e1ta, ekki \u00ed \u00feinni rei\u00f0i, a\u00f0 \u00fe\u00fa ekki gj\u00f6rir \u00fat af vi\u00f0 mig.<a name=\"25\"><span class=\"versanumer\">25<\/span><\/a>Hell \u00feinni rei\u00f0i yfir \u00fe\u00e6r \u00fej\u00f3\u00f0ir, sem ekki \u00feekkja \u00feig, og yfir \u00fe\u00e6r kynkv\u00edslir sem ekki \u00e1kalla \u00feitt nafn. \u00dev\u00ed \u00fe\u00e6r hafa uppsvelgt Jakob, uppsvelgt hann og uppeti\u00f0, og ey\u00f0ilagt hans b\u00fasta\u00f0.<\/p>\n<div class=\"footnoteVidey\"><\/div>\n","protected":false},"excerpt":{"rendered":"<p>D\u00e1raskapur s\u00e1 a\u00f0 d\u00fdrka hj\u00e1gu\u00f0i; Jer\u00fasalems ey\u00f0ilegging, hv\u00f6rttveggja h\u00e9r afm\u00e1la\u00f0. 1Heyri\u00f0 \u00fea\u00f0 or\u00f0, sem Drottinn til y\u00f0ar talar, \u00cdsraelsh\u00fas.2Svo segir Drottinn: venji\u00f0 y\u00f0ur ekki \u00e1 si\u00f0 \u00fej\u00f3\u00f0anna og veri\u00f0 ei hr\u00e6ddir vi\u00f0 himinteiknin, \u00fe\u00f3 a\u00f0 \u00fej\u00f3\u00f0irnar hr\u00e6\u00f0ist \u00feau.3\u00dev\u00ed a\u00f0 si\u00f0ir \u00fej\u00f3\u00f0anna (hj\u00e1gu\u00f0irnir) eru h\u00e9g\u00f3mi. Tr\u00e9 er \u00fea\u00f0 sem menn h\u00f6ggva \u00ed sk\u00f3gi, verk smi\u00f0sins handar, me\u00f0 \u00f6xinni.4Me\u00f0 silfri og gulli pr\u00fd\u00f0ir hann \u00fea\u00f0, me\u00f0 n\u00f6glum og me\u00f0 hamri festir hann \u00fea\u00f0, svo \u00fea\u00f0 detti ekki.5\u00deau skur\u00f0go\u00f0in eru rennd s\u00edv\u00f6l sem p\u00e1lmavi\u00f0ur og tala ekki; borin eru \u00feau, \u00fev\u00ed \u00feau kunna ekki a\u00f0 ganga. Veri\u00f0 ekki hr\u00e6ddir vi\u00f0 \u00feau, \u00fev\u00ed \u00feau <a href=\"https:\/\/biblian.is\/videy\/jeremia-10-kafli\/\"> [&#8230;]<\/a><\/p>\n","protected":false},"author":1,"featured_media":0,"parent":0,"menu_order":0,"comment_status":"open","ping_status":"open","template":"bibliukaflar.php","meta":{"footnotes":""},"class_list":["post-21604","page","type-page","status-publish","hentry"],"_links":{"self":[{"href":"https:\/\/biblian.is\/videy\/wp-json\/wp\/v2\/pages\/21604","targetHints":{"allow":["GET"]}}],"collection":[{"href":"https:\/\/biblian.is\/videy\/wp-json\/wp\/v2\/pages"}],"about":[{"href":"https:\/\/biblian.is\/videy\/wp-json\/wp\/v2\/types\/page"}],"author":[{"embeddable":true,"href":"https:\/\/biblian.is\/videy\/wp-json\/wp\/v2\/users\/1"}],"replies":[{"embeddable":true,"href":"https:\/\/biblian.is\/videy\/wp-json\/wp\/v2\/comments?post=21604"}],"version-history":[{"count":0,"href":"https:\/\/biblian.is\/videy\/wp-json\/wp\/v2\/pages\/21604\/revisions"}],"wp:attachment":[{"href":"https:\/\/biblian.is\/videy\/wp-json\/wp\/v2\/media?parent=21604"}],"curies":[{"name":"wp","href":"https:\/\/api.w.org\/{rel}","templated":true}]}}