{"id":21600,"date":"2018-01-02T01:02:54","date_gmt":"2018-01-02T01:02:54","guid":{"rendered":"http:\/\/biblian.is\/videy\/jeremia-6-kafli\/"},"modified":"2018-01-02T01:02:54","modified_gmt":"2018-01-02T01:02:54","slug":"jeremia-6-kafli","status":"publish","type":"page","link":"https:\/\/biblian.is\/videy\/jeremia-6-kafli\/","title":{"rendered":"Jerem\u00eda 6. kafli"},"content":{"rendered":"<div class=\"fyrirsognVidey\">Sama r\u00e6\u00f0a.<\/div>\n<p><a name=\"1\"><span class=\"versanumer\">1<\/span><\/a>Fl\u00fdi\u00f0 Benjam\u00ednssynir, \u00far Jer\u00fasalem, og bl\u00e1si\u00f0 \u00ed b\u00e1s\u00fanu \u00ed Tek\u00f3a, og reisi\u00f0 upp merki \u00ed Betkerem! \u00fev\u00ed \u00f3lukka ver\u00f0ur h\u00e9r inn nor\u00f0an a\u00f0, og miki\u00f0 tj\u00f3n.<a name=\"2\"><span class=\"versanumer\">2<\/span><\/a>\u00de\u00e1 fr\u00ed\u00f0u og t\u00e1plausu ni\u00f0urr\u00edf eg, S\u00edonsd\u00f3ttur!<a name=\"3\"><span class=\"versanumer\">3<\/span><\/a>Til hennar koma hir\u00f0arar me\u00f0 s\u00ednar hjar\u00f0ir, setja tj\u00f6ld allt \u00ed kringum hana, og hv\u00f6r einn l\u00e6tur sitt afmarka\u00f0a pl\u00e1ss uppb\u00edtast.<a name=\"4\"><span class=\"versanumer\">4<\/span><\/a>\u201eB\u00fai\u00f0 y\u00f0ur til str\u00ed\u00f0s m\u00f3ti henni! af sta\u00f0! l\u00e1tum oss um mi\u00f0degi komast upp! vei oss! \u00fev\u00ed degi hallar, kv\u00f6ldskuggarnir lengjast.<a name=\"5\"><span class=\"versanumer\">5<\/span><\/a>Af sta\u00f0! g\u00f6ngum upp \u00ed hana \u00ed n\u00f3tt og r\u00edfum ni\u00f0ur hennar hallir\u201c.<a name=\"6\"><span class=\"versanumer\">6<\/span><\/a>\u00dev\u00ed svo segir Drottinn herskaranna: felli\u00f0 tr\u00e9 og gj\u00f6ri\u00f0 vegg m\u00f3ti Jer\u00fasalem! H\u00fan er s\u00fa borg sem \u00e1 a\u00f0 refsa, h\u00fan er innra full rangl\u00e6tis.<a name=\"7\"><span class=\"versanumer\">7<\/span><\/a>\u00dev\u00ed eins og lind upp vellir vatni, svo uppvellir h\u00fan illsku. Ofbeldi og undir\u00ferykking heyrist \u00ed henni jafnan, frammi fyrir m\u00e9r, \u00e1verkar og dr\u00e1p.<a name=\"8\"><span class=\"versanumer\">8<\/span><\/a>B\u00e6t \u00fe\u00fa r\u00e1\u00f0 \u00feitt, Jer\u00fasalem, a\u00f0 m\u00edn s\u00e1l sl\u00edti sig ekki fr\u00e1 \u00fe\u00e9r, a\u00f0 eg gj\u00f6ri \u00feig ekki a\u00f0 au\u00f0n, a\u00f0 \u00f3bygg\u00f0u landi! <br \/><a name=\"9\"><span class=\"versanumer\">9<\/span><\/a>Svo segir Drottinn herskaranna: \u00feeir munu samanlesa \u00cdsraels leifar eftir\u00e1, eins og v\u00ednber. Flyt \u00fe\u00edna h\u00f6nd eins og s\u00e1 sem samanles v\u00ednber aftur og aftur a\u00f0 k\u00f6rfunni!<a name=\"10\"><span class=\"versanumer\">10<\/span><\/a>Vi\u00f0 hv\u00f6rn \u00e1 eg a\u00f0 tala og a\u00f0vara, a\u00f0 \u00feeir heyri? Sj\u00e1, \u00f3umskorin eru \u00feeirra eyru, og \u00feeir geta ei s\u00fdnt athygli. Sj\u00e1 Drottins or\u00f0 er or\u00f0i\u00f0 \u00feeim a\u00f0 h\u00e1\u00f0i, \u00feeir hafa enga lyst \u00e1 \u00fev\u00ed.<a name=\"11\"><span class=\"versanumer\">11<\/span><\/a>En eg em fullur af heitingum Drottins, er uppgefinn a\u00f0 halda \u00feeim <span class='VideyAth'>(hj\u00e1 m\u00e9r)<\/span>. Aus \u00feeim \u00fat yfir barni\u00f0 \u00e1 g\u00f6tunni, og yfir unglingah\u00f3pinn allan saman; \u00fev\u00ed ma\u00f0ur sem kona munu ver\u00f0a hertekin, gamlir og \u00f6rvasa.<a name=\"12\"><span class=\"versanumer\">12<\/span><\/a>Og \u00feeirra h\u00fas mun ver\u00f0a annarra eign, akrar og konur, alltsaman. \u00dev\u00ed eg mun \u00fatr\u00e9tta m\u00edna h\u00f6nd yfir innb\u00faa landsins, segir Drottinn.<a name=\"13\"><span class=\"versanumer\">13<\/span><\/a>\u00dev\u00ed allir eru s\u00f3lgnir \u00ed \u00e1bata, sm\u00e1ir og st\u00f3rir, og fr\u00e1 sp\u00e1m\u00f6nnum til prestanna, i\u00f0ka \u00feeir \u00f6ll svik.<a name=\"14\"><span class=\"versanumer\">14<\/span><\/a>\u00deeir l\u00e6kna s\u00e1r m\u00edns f\u00f3lks me\u00f0 h\u00e6gu m\u00f3ti <span class='VideyAth'>(gj\u00f6ra l\u00edti\u00f0 \u00far \u00feeim)<\/span>, segjandi: fri\u00f0ur! fri\u00f0ur! og \u00fe\u00f3 er enginn fri\u00f0ur.<a name=\"15\"><span class=\"versanumer\">15<\/span><\/a>\u00deeir ver\u00f0a til skammar, \u00fev\u00ed vi\u00f0urstygg\u00f0 a\u00f0hafast \u00feeir; ekki skammast \u00feeir s\u00edn samt; \u00feeir kunna \u00fea\u00f0 ekki; \u00fev\u00ed munu \u00feeir falla me\u00f0al \u00feeirra sem falla, og \u00feegar eg heims\u00e6ki \u00fe\u00e1, segir Drottinn, munu \u00feeir steypast. <br \/><a name=\"16\"><span class=\"versanumer\">16<\/span><\/a>Svo segir Drottinn: gangi\u00f0 \u00e1 veginn og litist um og spyrji\u00f0 a\u00f0 hinni g\u00f6mlu g\u00f6tu, hv\u00f6r a\u00f0 s\u00e9 s\u00e1 g\u00f3\u00f0i vegur, og gangi\u00f0 hann: svo munu\u00f0 \u00fe\u00e9r finna hv\u00edld y\u00f0ar s\u00e1lum.\u2014En \u00feeir segja: v\u00e9r viljum ekki fara hann.<a name=\"17\"><span class=\"versanumer\">17<\/span><\/a>Og eg hefi sett yfir y\u00f0ur vaktara <span class='VideyAth'>(segjandi)<\/span>: taki\u00f0 eftir b\u00e1s\u00fanuhlj\u00f3mnum! en \u00feeir segja: v\u00e9r viljum ekki eftir honum taka.<a name=\"18\"><span class=\"versanumer\">18<\/span><\/a>Heyri\u00f0 \u00fear fyrir \u00fej\u00f3\u00f0ir! fr\u00e9tti\u00f0 \u00fe\u00e9r samkomur! hva\u00f0 me\u00f0al \u00feeirra <span class='VideyAth'>(gj\u00f6rist)<\/span>.<a name=\"19\"><span class=\"versanumer\">19<\/span><\/a>Heyr \u00fea\u00f0 j\u00f6r\u00f0! sj\u00e1, eg lei\u00f0i \u00f3lukku yfir \u00feetta f\u00f3lk, \u00e1v\u00f6xt \u00feeirra hugsana; \u00fev\u00ed m\u00ednum or\u00f0um gefa \u00feeir ekki gaum, og mitt l\u00f6gm\u00e1l forsm\u00e1 \u00feeir. <br \/><a name=\"20\"><span class=\"versanumer\">20<\/span><\/a>Hva\u00f0 skeyti eg um reykelsi sem kemur fr\u00e1 Sabeu og um \u00feann g\u00f3\u00f0a kanelb\u00f6rk \u00far fj\u00e6rl\u00e6gu landi? y\u00f0ar brennif\u00f3rnir eru m\u00e9r ekki ge\u00f0felldar, og y\u00f0ar sl\u00e1turf\u00f3rnir l\u00edka m\u00e9r ekki.<a name=\"21\"><span class=\"versanumer\">21<\/span><\/a>\u00dev\u00ed segir Drottinn svo: sj\u00e1, eg legg \u00e1steytingu fyrir \u00feetta f\u00f3lk, \u00e1 hana skulu fa\u00f0ir og sonur reka sig hv\u00f6r me\u00f0 \u00f6\u00f0rum, og n\u00e1b\u00fainn og hans vinur, og fyrirfarast.<br \/><a name=\"22\"><span class=\"versanumer\">22<\/span><\/a>Svo segir Drottinn: sj\u00e1, f\u00f3lk kemur \u00far landi nor\u00f0ursins, og mikil \u00fej\u00f3\u00f0 r\u00eds upp utast \u00e1 j\u00f6r\u00f0unni.<a name=\"23\"><span class=\"versanumer\">23<\/span><\/a>\u00deeir bera boga og skotvopn, grimmir eru \u00feeir og miskunnarlausir, \u00feeirra raust dunar sem sj\u00f3rinn, og hestum r\u00ed\u00f0a \u00feeir, \u00fatb\u00fanir sem einn ma\u00f0ur til str\u00ed\u00f0s \u00e1 m\u00f3ti \u00fe\u00e9r, S\u00edonsd\u00f3ttir!<a name=\"24\"><span class=\"versanumer\">24<\/span><\/a>V\u00e9r fr\u00e9ttum til \u00feeirra; vorar h\u00f6ndur ver\u00f0a magnlausar, angist gr\u00edpur oss, s\u00f3tt, l\u00edka \u00feeirrar sem elur barn.<a name=\"25\"><span class=\"versanumer\">25<\/span><\/a>Far ekki \u00fat \u00e1 akurinn, gakk ekki um veginn! \u00fev\u00ed \u00f3tti fyrir \u00f3vina sver\u00f0i er allt um kring.<a name=\"26\"><span class=\"versanumer\">26<\/span><\/a>\u00c6! mitt f\u00f3lk, legg um \u00feig sekk og veltu \u00fe\u00e9r \u00ed \u00f6sku, harma \u00fe\u00fa eins og <span class='VideyAth'>(\u00fe\u00fa \u00e6ttir a\u00f0 syrgja)<\/span> einkason, biturlega! \u00fev\u00ed skyndilega yfirfellur ey\u00f0ileggjarinn oss. <br \/><a name=\"27\"><span class=\"versanumer\">27<\/span><\/a>Rannsakara m\u00edns f\u00f3lks hefi eg gj\u00f6rt \u00feig, sterkan kastala <span class='VideyAth'>a)<\/span>, a\u00f0 \u00fe\u00fa \u00feekkir og rannsakir \u00feeirra vegu.<a name=\"28\"><span class=\"versanumer\">28<\/span><\/a>Allir eru \u00feeir fr\u00e1fallnir og \u00ferj\u00f3skufullir illm\u00e6lendur, eir og j\u00e1rn; allir eru \u00feeir illgj\u00f6r\u00f0amenn.<a name=\"29\"><span class=\"versanumer\">29<\/span><\/a>Smi\u00f0jubelgurinn er brunninn, bl\u00fdi\u00f0 er br\u00e1\u00f0na\u00f0 \u00ed eldi, forgefins br\u00e6\u00f0a menn aftur og aftur, og \u00feeir vondu ver\u00f0a ei a\u00f0skildir <span class='VideyAth'>(fr\u00e1 hinum)<\/span>.<a name=\"30\"><span class=\"versanumer\">30<\/span><\/a>\u00d3n\u00fdtt silfur kalla menn \u00fe\u00e1, \u00fev\u00ed Drottinn hefir burtsk\u00fafa\u00f0 \u00feeim.<\/p>\n<div class=\"footnoteVidey\">V. 1. Tek\u00f3a og Betkerem, sta\u00f0ir \u00e1 h\u00e1lendi.  V. 3. Hir\u00f0arar etc. herk\u00f3ngar me\u00f0 her.  V. 27. a. Sem \u00fe\u00ednir m\u00f3tst\u00f6\u00f0umenn skulu ei vinna \u00e1.<\/div>\n","protected":false},"excerpt":{"rendered":"<p>Sama r\u00e6\u00f0a. 1Fl\u00fdi\u00f0 Benjam\u00ednssynir, \u00far Jer\u00fasalem, og bl\u00e1si\u00f0 \u00ed b\u00e1s\u00fanu \u00ed Tek\u00f3a, og reisi\u00f0 upp merki \u00ed Betkerem! \u00fev\u00ed \u00f3lukka ver\u00f0ur h\u00e9r inn nor\u00f0an a\u00f0, og miki\u00f0 tj\u00f3n.2\u00de\u00e1 fr\u00ed\u00f0u og t\u00e1plausu ni\u00f0urr\u00edf eg, S\u00edonsd\u00f3ttur!3Til hennar koma hir\u00f0arar me\u00f0 s\u00ednar hjar\u00f0ir, setja tj\u00f6ld allt \u00ed kringum hana, og hv\u00f6r einn l\u00e6tur sitt afmarka\u00f0a pl\u00e1ss uppb\u00edtast.4\u201eB\u00fai\u00f0 y\u00f0ur til str\u00ed\u00f0s m\u00f3ti henni! af sta\u00f0! l\u00e1tum oss um mi\u00f0degi komast upp! vei oss! \u00fev\u00ed degi hallar, kv\u00f6ldskuggarnir lengjast.5Af sta\u00f0! g\u00f6ngum upp \u00ed hana \u00ed n\u00f3tt og r\u00edfum ni\u00f0ur hennar hallir\u201c.6\u00dev\u00ed svo segir Drottinn herskaranna: felli\u00f0 tr\u00e9 og gj\u00f6ri\u00f0 vegg m\u00f3ti Jer\u00fasalem! H\u00fan er s\u00fa <a href=\"https:\/\/biblian.is\/videy\/jeremia-6-kafli\/\"> [&#8230;]<\/a><\/p>\n","protected":false},"author":1,"featured_media":0,"parent":0,"menu_order":0,"comment_status":"open","ping_status":"open","template":"bibliukaflar.php","meta":{"footnotes":""},"class_list":["post-21600","page","type-page","status-publish","hentry"],"_links":{"self":[{"href":"https:\/\/biblian.is\/videy\/wp-json\/wp\/v2\/pages\/21600","targetHints":{"allow":["GET"]}}],"collection":[{"href":"https:\/\/biblian.is\/videy\/wp-json\/wp\/v2\/pages"}],"about":[{"href":"https:\/\/biblian.is\/videy\/wp-json\/wp\/v2\/types\/page"}],"author":[{"embeddable":true,"href":"https:\/\/biblian.is\/videy\/wp-json\/wp\/v2\/users\/1"}],"replies":[{"embeddable":true,"href":"https:\/\/biblian.is\/videy\/wp-json\/wp\/v2\/comments?post=21600"}],"version-history":[{"count":0,"href":"https:\/\/biblian.is\/videy\/wp-json\/wp\/v2\/pages\/21600\/revisions"}],"wp:attachment":[{"href":"https:\/\/biblian.is\/videy\/wp-json\/wp\/v2\/media?parent=21600"}],"curies":[{"name":"wp","href":"https:\/\/api.w.org\/{rel}","templated":true}]}}