{"id":21591,"date":"2018-01-02T01:02:54","date_gmt":"2018-01-02T01:02:54","guid":{"rendered":"http:\/\/biblian.is\/videy\/jesaja-63-kafli\/"},"modified":"2018-01-02T01:02:54","modified_gmt":"2018-01-02T01:02:54","slug":"jesaja-63-kafli","status":"publish","type":"page","link":"https:\/\/biblian.is\/videy\/jesaja-63-kafli\/","title":{"rendered":"Jesaja 63. kafli"},"content":{"rendered":"<div class=\"fyrirsognVidey\">Sigur Drottins yfir \u00f3vinum s\u00ednum; lofs\u00f6ngur um Gu\u00f0s miskunnsemi og velgj\u00f6rninga.<\/div>\n<p><a name=\"1\"><span class=\"versanumer\">1<\/span><\/a>Hv\u00f6r er \u00feessi, sem kemur \u00ed rau\u00f0litu\u00f0um kl\u00e6\u00f0um fr\u00e1 Edomslandi, fr\u00e1 Bosraborg? \u00feessi hinn t\u00edguglega b\u00fani, sem treystir \u00e1 sinn mikla m\u00e1tt?\u2014Eg em hann, tr\u00fafastur \u00ed or\u00f0um og m\u00e1ttugur til a\u00f0 hj\u00e1lpa.<a name=\"2\"><span class=\"versanumer\">2<\/span><\/a>Hv\u00ed er b\u00faningur \u00feinn svo rau\u00f0ur \u00e1 lit, og kl\u00e6\u00f0i \u00fe\u00edn, eins og \u00feess, er tro\u00f0i\u00f0 hefir v\u00edn\u00fer\u00fagu?<a name=\"3\"><span class=\"versanumer\">3<\/span><\/a>Eg hefi tro\u00f0i\u00f0 v\u00edn\u00fer\u00faguna aleinn, enginn af landsf\u00f3lkinu var me\u00f0 m\u00e9r; eg tr\u00f3\u00f0 \u00fe\u00e1 <span class='VideyAth'>(\u00f3vinina)<\/span> \u00ed rei\u00f0i minni, og sundurmar\u00f0i \u00fe\u00e1 \u00ed heift minni; \u00fe\u00e1 hraut l\u00f6gur \u00feeirra \u00e1 kl\u00e6\u00f0i m\u00edn, og \u00fe\u00e1 verka\u00f0i eg kl\u00e6\u00f0na\u00f0 minn.<a name=\"4\"><span class=\"versanumer\">4<\/span><\/a>\u00dev\u00ed eg haf\u00f0i tilteki\u00f0 hefndardag, og \u00fea\u00f0 \u00e1r var komi\u00f0, \u00fe\u00e1 eg haf\u00f0i \u00e1sett m\u00e9r a\u00f0 frelsa minn l\u00fd\u00f0 <span class='VideyAth'>a)<\/span>.<a name=\"5\"><span class=\"versanumer\">5<\/span><\/a>Eg lita\u00f0ist um, og s\u00e1 engan hj\u00e1lparmann; mig undra\u00f0i st\u00f3rlega, a\u00f0 enginn skyldi a\u00f0sto\u00f0a mig. En minn armleggur hj\u00e1lpa\u00f0i m\u00e9r, og m\u00edn heift a\u00f0sto\u00f0a\u00f0i mig.<a name=\"6\"><span class=\"versanumer\">6<\/span><\/a>\u00deannig tr\u00f3\u00f0 eg \u00fej\u00f3\u00f0irnar \u00ed rei\u00f0i minni, gj\u00f6r\u00f0i \u00fe\u00e6r drukknar \u00ed br\u00e6\u00f0i minni, og l\u00e9t l\u00f6ginn af \u00feeim flj\u00f3ta til jar\u00f0ar. <br \/><a name=\"7\"><span class=\"versanumer\">7<\/span><\/a>Eg vil minnast \u00e1 velgj\u00f6rninga Drottins, og v\u00ed\u00f0fr\u00e6gja hans lof fyrir allt \u00fea\u00f0, er hann hefir gj\u00f6rt vi\u00f0 oss, fyrir \u00fe\u00e1 m\u00f6rgu velgj\u00f6rninga, sem hann hefir au\u00f0s\u00fdnt \u00cdsraels ni\u00f0jum af sinni miskunnsemi og mikilli g\u00f3\u00f0girni.<a name=\"8\"><span class=\"versanumer\">8<\/span><\/a>Hann sag\u00f0i: \u201e\u00feeir eru \u00fe\u00f3 mitt f\u00f3lk, \u00feeir eru b\u00f6rn m\u00edn, sem ekki \u00e6ttu a\u00f0 breg\u00f0ast m\u00e9r\u201c; og hann var \u00feeirra frelsari.<a name=\"9\"><span class=\"versanumer\">9<\/span><\/a>Aldrei voru \u00feeir svo \u00ed h\u00e1ska staddir, a\u00f0 \u00feeim yr\u00f0i mein a\u00f0; \u00fev\u00ed engill s\u00e1, sem stendur fyrir hans augliti, hj\u00e1lpa\u00f0i \u00feeim <span class='VideyAth'>(2 M\u00f3s. 23,20\u201323)<\/span>. Af elsku sinni og vorkunnsemi frelsa\u00f0i hann \u00fe\u00e1, t\u00f3k \u00fe\u00e1 upp og bar \u00fe\u00e1 alla daga hinna fyrri t\u00edmanna.<a name=\"10\"><span class=\"versanumer\">10<\/span><\/a>En \u00feeir gj\u00f6r\u00f0ust m\u00f3tsn\u00fanir, og hrelldu hans hinn helga anda; gj\u00f6r\u00f0ist hann \u00fe\u00e1 \u00f3vinur \u00feeirra, og bar\u00f0ist sj\u00e1lfur \u00ed m\u00f3ti \u00feeim.<a name=\"11\"><span class=\"versanumer\">11<\/span><\/a>N\u00fa minnist hans f\u00f3lk hinna fyrri t\u00ed\u00f0anna, \u00feegar M\u00f3sis var \u00e1 d\u00f6gum. Hvar er n\u00fa hann, sem l\u00e9t \u00fe\u00e1 st\u00edga upp af hafinu \u00e1samt me\u00f0 hir\u00f0i hjar\u00f0ar sinnar? Hvar er hann, sem l\u00e9t sinn helga anda b\u00faa mitt \u00e1 me\u00f0al \u00feeirra?<a name=\"12\"><span class=\"versanumer\">12<\/span><\/a>Hann, sem leiddi hina h\u00e6gri h\u00f6nd M\u00f3sis me\u00f0 hinum d\u00fdr\u00f0arsamlega armlegg s\u00ednum? Hann, sem sundurklauf vatni\u00f0 \u00ed augs\u00fdn \u00feeirra, til \u00feess a\u00f0 afreka s\u00e9r eil\u00edft nafn?<a name=\"13\"><span class=\"versanumer\">13<\/span><\/a>Hann, sem leiddi \u00fe\u00e1 \u00ed gegnum vatnageiminn, svo \u00feeir hnutu ekki heldur en hestur s\u00e1, er rennur yfir sl\u00e9tta sanda?<a name=\"14\"><span class=\"versanumer\">14<\/span><\/a>Andi Drottins f\u00e6r\u00f0i \u00fe\u00e1 til hv\u00edldar, eins og hj\u00f6r\u00f0 \u00fe\u00e1, er ofan gengur \u00ed dalinn: eins leiddir \u00fe\u00fa \u00feinn l\u00fd\u00f0, til \u00feess a\u00f0 afreka \u00fe\u00e9r d\u00fdr\u00f0arsamlegt nafn.<a name=\"15\"><span class=\"versanumer\">15<\/span><\/a>Horf n\u00fa af himni ofan, og l\u00edt ni\u00f0ur fr\u00e1 hinum heilaga og d\u00fdr\u00f0arsamlega b\u00fasta\u00f0 \u00fe\u00ednum! Hvar er n\u00fa \u00fe\u00edn vandl\u00e6ting og \u00feitt m\u00e1ttarveldi? Hefir hjartag\u00e6ska \u00fe\u00edn og miskunnsemi vi\u00f0 mig dregi\u00f0 sig \u00ed hl\u00e9?<a name=\"16\"><span class=\"versanumer\">16<\/span><\/a>\u00de\u00fa ert \u00fe\u00f3 vor fa\u00f0ir; \u00fev\u00ed Abraham skiptir s\u00e9r ekki af oss, og \u00cdsrael kannast ekki vi\u00f0 oss. \u00de\u00fa Drottinn, ert vor fa\u00f0ir, vor frelsari: \u00fea\u00f0 er \u00feitt nafn fr\u00e1 \u00f6rgamalli t\u00ed\u00f0.<a name=\"17\"><span class=\"versanumer\">17<\/span><\/a>Hv\u00ed l\u00e9st\u00fa oss, Drottinn, villast af vegum \u00fe\u00ednum? Hv\u00ed l\u00e9st\u00fa hjarta vort har\u00f0na, svo \u00fea\u00f0 \u00f3tta\u00f0ist \u00feig ekki? Sn\u00fa \u00fe\u00e9r, fyrir sakir \u00feinna \u00fej\u00f3nustumanna, fyrir sakir \u00e6ttkv\u00edsla arfleif\u00f0ar \u00feinnar!<a name=\"18\"><span class=\"versanumer\">18<\/span><\/a>Skamma stund sat \u00feitt heilaga f\u00f3lk \u00ed arfi s\u00ednum; \u00f3vinir vorir hafa ni\u00f0urtro\u00f0i\u00f0 \u00feinn helgid\u00f3m.<a name=\"19\"><span class=\"versanumer\">19<\/span><\/a>V\u00e9r h\u00f6fum \u00ed langa t\u00edma veri\u00f0, eins og \u00fe\u00fa hef\u00f0ir aldrei drottna\u00f0 yfir oss, og eins og v\u00e9r hef\u00f0um ekki veri\u00f0 nefndir eftir \u00fe\u00ednu nafni.<\/p>\n<div class=\"footnoteVidey\">V. 4. a. Hebr., og \u00e1r minna endurleystu var komi\u00f0.  V. 11. Hir\u00f0ir hjar\u00f0ar Gu\u00f0s; M\u00f3ses, lei\u00f0togi Gy\u00f0ingal\u00fd\u00f0s.  V. 14. Hv\u00edld, \u00f3hultur b\u00fasta\u00f0ur \u00ed Kanverjalandi.<\/div>\n","protected":false},"excerpt":{"rendered":"<p>Sigur Drottins yfir \u00f3vinum s\u00ednum; lofs\u00f6ngur um Gu\u00f0s miskunnsemi og velgj\u00f6rninga. 1Hv\u00f6r er \u00feessi, sem kemur \u00ed rau\u00f0litu\u00f0um kl\u00e6\u00f0um fr\u00e1 Edomslandi, fr\u00e1 Bosraborg? \u00feessi hinn t\u00edguglega b\u00fani, sem treystir \u00e1 sinn mikla m\u00e1tt?\u2014Eg em hann, tr\u00fafastur \u00ed or\u00f0um og m\u00e1ttugur til a\u00f0 hj\u00e1lpa.2Hv\u00ed er b\u00faningur \u00feinn svo rau\u00f0ur \u00e1 lit, og kl\u00e6\u00f0i \u00fe\u00edn, eins og \u00feess, er tro\u00f0i\u00f0 hefir v\u00edn\u00fer\u00fagu?3Eg hefi tro\u00f0i\u00f0 v\u00edn\u00fer\u00faguna aleinn, enginn af landsf\u00f3lkinu var me\u00f0 m\u00e9r; eg tr\u00f3\u00f0 \u00fe\u00e1 (\u00f3vinina) \u00ed rei\u00f0i minni, og sundurmar\u00f0i \u00fe\u00e1 \u00ed heift minni; \u00fe\u00e1 hraut l\u00f6gur \u00feeirra \u00e1 kl\u00e6\u00f0i m\u00edn, og \u00fe\u00e1 verka\u00f0i eg kl\u00e6\u00f0na\u00f0 minn.4\u00dev\u00ed eg haf\u00f0i tilteki\u00f0 hefndardag, <a href=\"https:\/\/biblian.is\/videy\/jesaja-63-kafli\/\"> [&#8230;]<\/a><\/p>\n","protected":false},"author":1,"featured_media":0,"parent":0,"menu_order":0,"comment_status":"open","ping_status":"open","template":"bibliukaflar.php","meta":{"footnotes":""},"class_list":["post-21591","page","type-page","status-publish","hentry"],"_links":{"self":[{"href":"https:\/\/biblian.is\/videy\/wp-json\/wp\/v2\/pages\/21591","targetHints":{"allow":["GET"]}}],"collection":[{"href":"https:\/\/biblian.is\/videy\/wp-json\/wp\/v2\/pages"}],"about":[{"href":"https:\/\/biblian.is\/videy\/wp-json\/wp\/v2\/types\/page"}],"author":[{"embeddable":true,"href":"https:\/\/biblian.is\/videy\/wp-json\/wp\/v2\/users\/1"}],"replies":[{"embeddable":true,"href":"https:\/\/biblian.is\/videy\/wp-json\/wp\/v2\/comments?post=21591"}],"version-history":[{"count":0,"href":"https:\/\/biblian.is\/videy\/wp-json\/wp\/v2\/pages\/21591\/revisions"}],"wp:attachment":[{"href":"https:\/\/biblian.is\/videy\/wp-json\/wp\/v2\/media?parent=21591"}],"curies":[{"name":"wp","href":"https:\/\/api.w.org\/{rel}","templated":true}]}}