{"id":21588,"date":"2018-01-02T01:02:48","date_gmt":"2018-01-02T01:02:48","guid":{"rendered":"http:\/\/biblian.is\/videy\/jesaja-60-kafli\/"},"modified":"2018-01-02T01:02:48","modified_gmt":"2018-01-02T01:02:48","slug":"jesaja-60-kafli","status":"publish","type":"page","link":"https:\/\/biblian.is\/videy\/jesaja-60-kafli\/","title":{"rendered":"Jesaja 60. kafli"},"content":{"rendered":"<div class=\"fyrirsognVidey\">S\u00e6ldarhagur Gy\u00f0ingal\u00fd\u00f0s, \u00feegar Frelsarinn k\u00e6mi.<\/div>\n<p><a name=\"1\"><span class=\"versanumer\">1<\/span><\/a>Statt upp, og tak vi\u00f0 birtunni! \u00fev\u00ed \u00feitt lj\u00f3s kemur, og d\u00fdr\u00f0in Drottins rennur upp yfir \u00fe\u00e9r.<a name=\"2\"><span class=\"versanumer\">2<\/span><\/a>Sj\u00e1, myrkur er yfir j\u00f6r\u00f0inni, og dimma yfir \u00fej\u00f3\u00f0unum; en yfir \u00fe\u00e9r upp rennur Drottinn, og uppi yfir \u00fe\u00e9r opinberast hans d\u00fdr\u00f0.<a name=\"3\"><span class=\"versanumer\">3<\/span><\/a>Hei\u00f0ingjarnir munu stefna \u00e1 lj\u00f3s \u00feitt, og konungarnir \u00e1 lj\u00f3mann, sem upp rennur yfir \u00fe\u00e9r.<a name=\"4\"><span class=\"versanumer\">4<\/span><\/a>Hef upp augu \u00fe\u00edn, og litast um! \u00feeir koma allir flokkum saman til \u00fe\u00edn; synir \u00fe\u00ednir koma af fjarl\u00e6gum l\u00f6ndum, og d\u00e6tur \u00fe\u00ednar eru bornar \u00e1 armleggjum.<a name=\"5\"><span class=\"versanumer\">5<\/span><\/a>Vi\u00f0 \u00fe\u00e1 s\u00fdn muntu gle\u00f0jast, hjarta \u00feitt mun komast vi\u00f0, og \u00fe\u00e9r mun r\u00famt ver\u00f0a innanbrj\u00f3sts, \u00feegar au\u00f0leg\u00f0 sj\u00e1varins hverfur til \u00fe\u00edn, og fj\u00e1rafli \u00fej\u00f3\u00f0anna kemur undir \u00feig.<a name=\"6\"><span class=\"versanumer\">6<\/span><\/a>Merg\u00f0 \u00falfalda, hinir ungu \u00falfaldarnir fr\u00e1 Mid\u00edanslandi og Effalandi, munu hylja \u00feig; allir Sabamenn munu koma, f\u00e6randi gull og reykelsi, og kunngj\u00f6ra lof Drottins.<a name=\"7\"><span class=\"versanumer\">7<\/span><\/a>Allar hjar\u00f0ir Kedaringa <span class='VideyAth'>(42,11)<\/span> munu safnast til \u00fe\u00edn, og hr\u00fatar Nebajotsmanna standa \u00fear til rei\u00f0u; \u00feeir munu f\u00f3rnf\u00e6r\u00f0ir ver\u00f0a \u00e1 altari m\u00ednu til \u00fe\u00e6gilegrar f\u00f3rnar, og eg mun pr\u00fd\u00f0a minn hinn d\u00fdr\u00f0lega b\u00fasta\u00f0.<a name=\"8\"><span class=\"versanumer\">8<\/span><\/a>Hv\u00f6rjir eru \u00feessir, er koma flj\u00fagandi, sem sk\u00fd, og sem d\u00fafur til d\u00fafnab\u00fara?<a name=\"9\"><span class=\"versanumer\">9<\/span><\/a>\u00dea\u00f0 eru fjarl\u00e6gir strandbyggjar, sem langar \u00e1 minn fund; \u00e1 undan \u00feeim koma skip fr\u00e1 Tarsisborg, sem f\u00e6ra \u00fe\u00e9r sonu \u00fe\u00edna \u00far fjarl\u00e6gum lands\u00e1lfum; \u00feeir hafa me\u00f0 s\u00e9r silfur sitt og gull sitt, Drottni Gu\u00f0i \u00fe\u00ednum til vegs, og hinum heilaga Gu\u00f0i \u00cdsraels: \u00fev\u00ed \u00fea\u00f0 er hann, sem gj\u00f6rir \u00feig vegsamlega.<a name=\"10\"><span class=\"versanumer\">10<\/span><\/a>Synir \u00fatlendra \u00fej\u00f3\u00f0a munu hla\u00f0a upp borgarveggi \u00fe\u00edna, og konungar \u00feeirra munu \u00fej\u00f3na \u00fe\u00e9r; \u00fev\u00ed eins og eg sl\u00f3 \u00feig, \u00fe\u00e1 eg var rei\u00f0ur, eins miskunna eg \u00fe\u00e9r, \u00fe\u00e1 eg er l\u00edknsamur.<a name=\"11\"><span class=\"versanumer\">11<\/span><\/a>\u00c1vallt skulu borgarhli\u00f0 \u00fe\u00edn opin standa, hv\u00f6rki skulu \u00feau dag n\u00e9 n\u00f3tt aftur l\u00e1tin ver\u00f0a, svo a\u00f0 herskarar hei\u00f0ingjanna og hinir a\u00f0fluttu <span class='VideyAth'>(herteknu)<\/span> konungar \u00feeirra ver\u00f0i inn l\u00e1tnir.<a name=\"12\"><span class=\"versanumer\">12<\/span><\/a>\u00dev\u00ed s\u00fa \u00fej\u00f3\u00f0 og \u00fea\u00f0 r\u00edki, sem ekki vill \u00fej\u00f3na \u00fe\u00e9r, skal undir lok l\u00ed\u00f0a, og \u00fe\u00e6r \u00fej\u00f3\u00f0ir skulu ey\u00f0ilag\u00f0ar ver\u00f0a.<a name=\"13\"><span class=\"versanumer\">13<\/span><\/a>Fegur\u00f0arpr\u00fd\u00f0in L\u00edbanonsfjalls skal til \u00fe\u00edn koma, furan, beyki\u00f0, b\u00fassvi\u00f0urinn, hva\u00f0 me\u00f0 \u00f6\u00f0ru, til a\u00f0 pr\u00fd\u00f0a minn helgid\u00f3mssta\u00f0; \u00fev\u00ed eg mun vegsamlegan gj\u00f6ra \u00feann sta\u00f0inn, er f\u00e6tur m\u00ednir \u00e1 standa.<a name=\"14\"><span class=\"versanumer\">14<\/span><\/a>Synir \u00feeirra, sem \u00e1\u00f0ur k\u00fagu\u00f0u \u00feig, munu koma til \u00fe\u00edn, og hneigja sig fyrir \u00fe\u00e9r; allir \u00feeir, sem \u00e1\u00f0ur sm\u00e1nu\u00f0u \u00feig, munu fleygja s\u00e9r fl\u00f6tum ni\u00f0ur fyrir f\u00e6tur \u00fe\u00e9r; \u00feeir munu kalla \u00feig borg Drottins, S\u00edonsborg hins heilaga \u00cdsraels Gu\u00f0s.<a name=\"15\"><span class=\"versanumer\">15<\/span><\/a>\u00cd sta\u00f0 \u00feess a\u00f0 \u00fe\u00fa \u00e1\u00f0ur varst yfirgefin, h\u00f6tu\u00f0 og \u00f3bygg\u00f0, skal eg gj\u00f6ra \u00feig a\u00f0 b\u00fasta\u00f0 \u00e6varandi vegsemdar og fagna\u00f0ar um aldur og \u00e6vi.<a name=\"16\"><span class=\"versanumer\">16<\/span><\/a>\u00de\u00fa skalt drekka mj\u00f3lk hei\u00f0ingjanna, og sj\u00faga brj\u00f3st konunganna; og \u00fe\u00fa skalt vi\u00f0urkenna, a\u00f0 eg Drottinn er \u00feinn frelsari, og hinn voldugi Jakobs Gu\u00f0 \u00feinn endurlausnari.<a name=\"17\"><span class=\"versanumer\">17<\/span><\/a>Eg skal f\u00e6ra \u00fe\u00e9r gull \u00ed sta\u00f0 eirs, silfur \u00ed sta\u00f0 j\u00e1rns, eir fyrir tr\u00e9, j\u00e1rn fyrir grj\u00f3t; eg set \u00fe\u00e9r fri\u00f0inn fyrir forstj\u00f3ra, og r\u00e9ttl\u00e6ti\u00f0 fyrir valdsmann.<a name=\"18\"><span class=\"versanumer\">18<\/span><\/a>\u00cd landi \u00fe\u00ednu skal ekki framar heyrast geti\u00f0 um ofr\u00edki, og ekki um nokkurt tj\u00f3n e\u00f0a ey\u00f0ilegging innan \u00feinna landamerkja. \u00de\u00ednir borgarveggir skulu kallast \u201eHj\u00e1lpr\u00e6\u00f0i\u201c, og \u00fe\u00edn borgarhli\u00f0 \u201evegsemd\u201c.<a name=\"19\"><span class=\"versanumer\">19<\/span><\/a>\u00de\u00fa skalt ekki framar hafa s\u00f3lina til a\u00f0 l\u00fdsa \u00fe\u00e9r um daga, og tungli\u00f0 skal ekki sk\u00edna til a\u00f0 gefa \u00fe\u00e9r birtu. Drottinn skal vera \u00fe\u00e9r eil\u00edft lj\u00f3s, og \u00feinn Gu\u00f0 skal vera \u00fe\u00edn birta.<a name=\"20\"><span class=\"versanumer\">20<\/span><\/a>\u00de\u00e1 mun s\u00f3l \u00fe\u00edn ekki framar ni\u00f0ur renna, og tungl \u00feitt ekki hverfa; \u00fev\u00ed Drottinn skal vera \u00fe\u00e9r eil\u00edft lj\u00f3s, og \u00fe\u00ednir h\u00f6rmungardagar skulu enda taka.<a name=\"21\"><span class=\"versanumer\">21<\/span><\/a>Allur \u00feinn l\u00fd\u00f0ur skal vera r\u00e9ttl\u00e1tur, og eiga landi\u00f0 eil\u00edflega, \u00fev\u00ed hann er s\u00e1 kvistur, sem eg hefi gr\u00f3\u00f0ursett, hann er verk minna handa, me\u00f0 hv\u00f6rju eg hefi mig vegsamlegan gj\u00f6rt.<a name=\"22\"><span class=\"versanumer\">22<\/span><\/a>Af hinum minnsta skulu ver\u00f0a \u00fe\u00fasund, og af hinum l\u00edtilm\u00f3tlegasta skal koma voldug \u00fej\u00f3\u00f0. Eg Drottinn mun sl\u00edku flj\u00f3tt til vegar koma \u00e1 s\u00ednum t\u00edma.<\/p>\n<div class=\"footnoteVidey\"><\/div>\n","protected":false},"excerpt":{"rendered":"<p>S\u00e6ldarhagur Gy\u00f0ingal\u00fd\u00f0s, \u00feegar Frelsarinn k\u00e6mi. 1Statt upp, og tak vi\u00f0 birtunni! \u00fev\u00ed \u00feitt lj\u00f3s kemur, og d\u00fdr\u00f0in Drottins rennur upp yfir \u00fe\u00e9r.2Sj\u00e1, myrkur er yfir j\u00f6r\u00f0inni, og dimma yfir \u00fej\u00f3\u00f0unum; en yfir \u00fe\u00e9r upp rennur Drottinn, og uppi yfir \u00fe\u00e9r opinberast hans d\u00fdr\u00f0.3Hei\u00f0ingjarnir munu stefna \u00e1 lj\u00f3s \u00feitt, og konungarnir \u00e1 lj\u00f3mann, sem upp rennur yfir \u00fe\u00e9r.4Hef upp augu \u00fe\u00edn, og litast um! \u00feeir koma allir flokkum saman til \u00fe\u00edn; synir \u00fe\u00ednir koma af fjarl\u00e6gum l\u00f6ndum, og d\u00e6tur \u00fe\u00ednar eru bornar \u00e1 armleggjum.5Vi\u00f0 \u00fe\u00e1 s\u00fdn muntu gle\u00f0jast, hjarta \u00feitt mun komast vi\u00f0, og \u00fe\u00e9r mun r\u00famt ver\u00f0a innanbrj\u00f3sts, \u00feegar au\u00f0leg\u00f0 <a href=\"https:\/\/biblian.is\/videy\/jesaja-60-kafli\/\"> [&#8230;]<\/a><\/p>\n","protected":false},"author":1,"featured_media":0,"parent":0,"menu_order":0,"comment_status":"open","ping_status":"open","template":"bibliukaflar.php","meta":{"footnotes":""},"class_list":["post-21588","page","type-page","status-publish","hentry"],"_links":{"self":[{"href":"https:\/\/biblian.is\/videy\/wp-json\/wp\/v2\/pages\/21588","targetHints":{"allow":["GET"]}}],"collection":[{"href":"https:\/\/biblian.is\/videy\/wp-json\/wp\/v2\/pages"}],"about":[{"href":"https:\/\/biblian.is\/videy\/wp-json\/wp\/v2\/types\/page"}],"author":[{"embeddable":true,"href":"https:\/\/biblian.is\/videy\/wp-json\/wp\/v2\/users\/1"}],"replies":[{"embeddable":true,"href":"https:\/\/biblian.is\/videy\/wp-json\/wp\/v2\/comments?post=21588"}],"version-history":[{"count":0,"href":"https:\/\/biblian.is\/videy\/wp-json\/wp\/v2\/pages\/21588\/revisions"}],"wp:attachment":[{"href":"https:\/\/biblian.is\/videy\/wp-json\/wp\/v2\/media?parent=21588"}],"curies":[{"name":"wp","href":"https:\/\/api.w.org\/{rel}","templated":true}]}}