{"id":21586,"date":"2018-01-02T01:02:48","date_gmt":"2018-01-02T01:02:48","guid":{"rendered":"http:\/\/biblian.is\/videy\/jesaja-58-kafli\/"},"modified":"2018-01-02T01:02:48","modified_gmt":"2018-01-02T01:02:48","slug":"jesaja-58-kafli","status":"publish","type":"page","link":"https:\/\/biblian.is\/videy\/jesaja-58-kafli\/","title":{"rendered":"Jesaja 58. kafli"},"content":{"rendered":"<div class=\"fyrirsognVidey\">S\u00f6nn gu\u00f0s\u00fej\u00f3nusta er ekki innifalin \u00ed f\u00f6stu, heldur \u00ed s\u00f6nnum Gu\u00f0s \u00f3tta og mannk\u00e6rleik.<\/div>\n<p><a name=\"1\"><span class=\"versanumer\">1<\/span><\/a>Kalla \u00fe\u00fa af megni, og drag ekki af! Hef upp raust \u00fe\u00edna, sem b\u00e1s\u00fana, og kunngj\u00f6r m\u00ednu f\u00f3lki \u00feess misgj\u00f6r\u00f0ir, og afsprengi Jakobs \u00feess syndir!<a name=\"2\"><span class=\"versanumer\">2<\/span><\/a>\u00deeir leita m\u00edn dag fr\u00e1 degi, og vilja gjarna \u00feekkja m\u00edna vegu. \u00deeir krefja mig r\u00e9ttra laga, eins og v\u00e6ru \u00feeir s\u00fa \u00fej\u00f3\u00f0, sem gj\u00f6rir hva\u00f0 r\u00e9tt er og v\u00edkur eigi fr\u00e1 l\u00f6gm\u00e1li Gu\u00f0s, og vilja \u00fev\u00ed gjarna \u00fereyta l\u00f6g vi\u00f0 Gu\u00f0.<a name=\"3\"><span class=\"versanumer\">3<\/span><\/a>\u201eHvar fyrir f\u00f6stum v\u00e9r <span class='VideyAth'>(segja \u00feeir)<\/span>, og \u00fe\u00fa g\u00e6tir \u00feess ekki? hv\u00ed \u00fej\u00e1um v\u00e9r oss, og \u00fe\u00fa skeytir \u00fev\u00ed ekki\u201c?\u2014Sj\u00e1i\u00f0! \u00feegar \u00fe\u00e9r fasti\u00f0, \u00fe\u00e1 f\u00e1i\u00f0 \u00fe\u00e9r y\u00f0varn vilja, og k\u00fagi\u00f0 alla skuldamenn y\u00f0ar.<a name=\"4\"><span class=\"versanumer\">4<\/span><\/a>Sj\u00e1i\u00f0! \u00fe\u00e9r fasti\u00f0, til \u00feess a\u00f0 vekja deilur og \u00fer\u00e6tur, og sl\u00e1st upp \u00e1 a\u00f0ra me\u00f0 hnefah\u00f6ggum fyrir enga s\u00f6k. Fasti\u00f0 eigi, eins og \u00fe\u00e9r n\u00fa gj\u00f6ri\u00f0, a\u00f0 h\u00e1reysti y\u00f0ar heyrist upp \u00ed h\u00e6\u00f0irnar.<a name=\"5\"><span class=\"versanumer\">5<\/span><\/a>Mun \u00fev\u00edl\u00edk fasta vera s\u00fa fasta, sem m\u00e9r l\u00edkar, a\u00f0 ma\u00f0ur meinl\u00e6ti sj\u00e1lfum s\u00e9r, hengi ni\u00f0ur h\u00f6fu\u00f0i\u00f0, sem sef, og liggi \u00e1 h\u00e1rkl\u00e6\u00f0i og \u00ed \u00f6sku? Viltu kalla sl\u00edkt f\u00f6stu og \u00feakkn\u00e6milegan dag fyrir Drottni?<a name=\"6\"><span class=\"versanumer\">6<\/span><\/a>Nei, \u00feetta er s\u00fa fasta, sem m\u00e9r l\u00edkar: a\u00f0 \u00fe\u00fa leysir fj\u00f6tra rangsleitninnar, l\u00e1tir rakna b\u00f6nd oksins, gefir frj\u00e1lsa hina k\u00fagu\u00f0u, og sundurbrj\u00f3tir s\u00e9rhv\u00f6rt ok,<a name=\"7\"><span class=\"versanumer\">7<\/span><\/a>deilir brau\u00f0 \u00feitt me\u00f0 hinum hungra\u00f0a, h\u00fdsir b\u00e1gstadda, ofs\u00f3tta <span class='VideyAth'>(h\u00e6lislausa)<\/span> menn. Ef \u00fe\u00fa s\u00e9r mann kl\u00e6\u00f0lausan, og kl\u00e6\u00f0ir \u00fe\u00fa hann, og firrist hann eigi, af \u00fev\u00ed hann s\u00e9 ma\u00f0ur eins og \u00fe\u00fa:<a name=\"8\"><span class=\"versanumer\">8<\/span><\/a>\u00fe\u00e1 skal hamingja \u00fe\u00edn upprenna, sem morgunro\u00f0i, og heill \u00fe\u00edn br\u00e1\u00f0lega fram spretta; \u00fe\u00e1 mun \u00feitt r\u00e9ttl\u00e6ti fara fyrir \u00fe\u00e9r, og d\u00fdr\u00f0in Drottins fylgja \u00e1 eftir \u00fe\u00e9r.<a name=\"9\"><span class=\"versanumer\">9<\/span><\/a>\u00de\u00e1 muntu \u00e1kalla Drottin, og hann mun b\u00e6nheyra; \u00fe\u00fa munt kalla, og hann mun svara: \u201eSj\u00e1! h\u00e9r em eg\u201c. Ef \u00fe\u00fa heldur \u00fe\u00e9r fr\u00e1 alls konar undirokun, spotti og syndsamlegum or\u00f0um:<a name=\"10\"><span class=\"versanumer\">10<\/span><\/a>ef \u00fe\u00fa r\u00e9ttir hinum hungra\u00f0a bitann fr\u00e1 munni \u00fe\u00ednum, og se\u00f0ur svo \u00feann, sem b\u00e1gt \u00e1, \u00fe\u00e1 mun lj\u00f3s upp renna fyrir \u00fe\u00e9r \u00ed myrkrinu, og dimma ver\u00f0a \u00fe\u00e9r sem h\u00e1degi dags.<a name=\"11\"><span class=\"versanumer\">11<\/span><\/a>Drottinn mun \u00e1vallt lei\u00f0a \u00feig, og se\u00f0ja \u00feig og styrkja, \u00fe\u00f3 \u00fe\u00fa s\u00e9rt staddur \u00e1 vatnslausum st\u00f6\u00f0um; \u00fe\u00fa munt ver\u00f0a sem v\u00f6kva\u00f0ur aldingar\u00f0ur, og sem uppsprettulind, \u00fear er aldrei bregst vatn.<a name=\"12\"><span class=\"versanumer\">12<\/span><\/a>Afkomendur \u00fe\u00ednir munu upp byggja \u00fe\u00e6r enar fornu borgarr\u00fastirnar, og \u00fe\u00fa munt aftur vi\u00f0reisa \u00fea\u00f0, sem vi\u00f0 velli hefir legi\u00f0 um marga mannsaldra; og um \u00feig mun sagt ver\u00f0a, a\u00f0 \u00fe\u00fa hafir hla\u00f0i\u00f0 upp \u00ed veggjask\u00f6r\u00f0in, og endurb\u00e6tt \u00fej\u00f3\u00f0veguna, svo landi\u00f0 yr\u00f0i byggilegt.<a name=\"13\"><span class=\"versanumer\">13<\/span><\/a>Ef \u00fe\u00fa varast a\u00f0 vanhelga hv\u00edldardaginn, og gj\u00f6rir eigi hva\u00f0 \u00feig sj\u00e1lfan lystir til \u00e1 \u00feeim degi, sem m\u00e9r er helga\u00f0ur, heldur \u00e1l\u00edtur hv\u00edldardaginn sem feginsdag, helga\u00f0an Drottni og hei\u00f0ursver\u00f0an: ef \u00fe\u00fa vir\u00f0ir hann svo, a\u00f0 \u00fe\u00fa fer ekki fram eigin hug\u00fe\u00f3tta \u00fe\u00ednum, og gj\u00f6rir ekki allt hva\u00f0 \u00feig lystir, n\u00e9 talar h\u00e9g\u00f3maor\u00f0:<a name=\"14\"><span class=\"versanumer\">14<\/span><\/a>\u00de\u00e1 muntu gle\u00f0jast \u00ed Drottni, og \u00fe\u00e1 skal eg l\u00e1ta \u00feig fram bruna \u00e1 h\u00e6\u00f0um landsins, og nj\u00f3ta arfleif\u00f0ar Jakobs, f\u00f6\u00f0ur \u00fe\u00edns. \u00dev\u00ed Drottins atkv\u00e6\u00f0i hefir svo skipa\u00f0.<\/p>\n<div class=\"footnoteVidey\"><\/div>\n","protected":false},"excerpt":{"rendered":"<p>S\u00f6nn gu\u00f0s\u00fej\u00f3nusta er ekki innifalin \u00ed f\u00f6stu, heldur \u00ed s\u00f6nnum Gu\u00f0s \u00f3tta og mannk\u00e6rleik. 1Kalla \u00fe\u00fa af megni, og drag ekki af! Hef upp raust \u00fe\u00edna, sem b\u00e1s\u00fana, og kunngj\u00f6r m\u00ednu f\u00f3lki \u00feess misgj\u00f6r\u00f0ir, og afsprengi Jakobs \u00feess syndir!2\u00deeir leita m\u00edn dag fr\u00e1 degi, og vilja gjarna \u00feekkja m\u00edna vegu. \u00deeir krefja mig r\u00e9ttra laga, eins og v\u00e6ru \u00feeir s\u00fa \u00fej\u00f3\u00f0, sem gj\u00f6rir hva\u00f0 r\u00e9tt er og v\u00edkur eigi fr\u00e1 l\u00f6gm\u00e1li Gu\u00f0s, og vilja \u00fev\u00ed gjarna \u00fereyta l\u00f6g vi\u00f0 Gu\u00f0.3\u201eHvar fyrir f\u00f6stum v\u00e9r (segja \u00feeir), og \u00fe\u00fa g\u00e6tir \u00feess ekki? hv\u00ed \u00fej\u00e1um v\u00e9r oss, og \u00fe\u00fa skeytir \u00fev\u00ed ekki\u201c?\u2014Sj\u00e1i\u00f0! \u00feegar <a href=\"https:\/\/biblian.is\/videy\/jesaja-58-kafli\/\"> [&#8230;]<\/a><\/p>\n","protected":false},"author":1,"featured_media":0,"parent":0,"menu_order":0,"comment_status":"open","ping_status":"open","template":"bibliukaflar.php","meta":{"footnotes":""},"class_list":["post-21586","page","type-page","status-publish","hentry"],"_links":{"self":[{"href":"https:\/\/biblian.is\/videy\/wp-json\/wp\/v2\/pages\/21586","targetHints":{"allow":["GET"]}}],"collection":[{"href":"https:\/\/biblian.is\/videy\/wp-json\/wp\/v2\/pages"}],"about":[{"href":"https:\/\/biblian.is\/videy\/wp-json\/wp\/v2\/types\/page"}],"author":[{"embeddable":true,"href":"https:\/\/biblian.is\/videy\/wp-json\/wp\/v2\/users\/1"}],"replies":[{"embeddable":true,"href":"https:\/\/biblian.is\/videy\/wp-json\/wp\/v2\/comments?post=21586"}],"version-history":[{"count":0,"href":"https:\/\/biblian.is\/videy\/wp-json\/wp\/v2\/pages\/21586\/revisions"}],"wp:attachment":[{"href":"https:\/\/biblian.is\/videy\/wp-json\/wp\/v2\/media?parent=21586"}],"curies":[{"name":"wp","href":"https:\/\/api.w.org\/{rel}","templated":true}]}}