{"id":21583,"date":"2018-01-02T01:02:48","date_gmt":"2018-01-02T01:02:48","guid":{"rendered":"http:\/\/biblian.is\/videy\/jesaja-55-kafli\/"},"modified":"2018-01-02T01:02:48","modified_gmt":"2018-01-02T01:02:48","slug":"jesaja-55-kafli","status":"publish","type":"page","link":"https:\/\/biblian.is\/videy\/jesaja-55-kafli\/","title":{"rendered":"Jesaja 55. kafli"},"content":{"rendered":"<div class=\"fyrirsognVidey\">Upphvatning til yfirb\u00f3tar; Gu\u00f0s r\u00e1\u00f0st\u00f6fun, \u00e6\u00f0ri \u00f6llum mannlegum skilningi, og hans fyrirheit \u00f3brig\u00f0ul.<\/div>\n<p><a name=\"1\"><span class=\"versanumer\">1<\/span><\/a>Heyri\u00f0, allir \u00fe\u00e9r sem \u00feyrstir eru\u00f0, gangi\u00f0 til vatnsins! \u00fe\u00e9r, sem ekkert silfur hafi\u00f0, komi\u00f0 og kaupi\u00f0 f\u00e6\u00f0slu! komi\u00f0 og kaupi\u00f0, \u00e1n silfurs og \u00f3keypis, b\u00e6\u00f0i v\u00edn og mj\u00f3lk!<a name=\"2\"><span class=\"versanumer\">2<\/span><\/a>Hv\u00ed rei\u00f0i\u00f0 \u00fe\u00e9r silfur fyrir \u00fea\u00f0, sem ekki er matur? og l\u00e1ti\u00f0 atvinnu y\u00f0ra fyrir \u00fea\u00f0, sem ekki er til sa\u00f0nings? Heyri\u00f0 m\u00e9r, neyti\u00f0 \u00feess sem gott er, og l\u00e1ti\u00f0 y\u00f0ra s\u00e1lu una vi\u00f0 \u00fea\u00f0, sem feitt er.<a name=\"3\"><span class=\"versanumer\">3<\/span><\/a>Hneigi\u00f0 hinga\u00f0 eyru y\u00f0ar, og komi\u00f0 til m\u00edn; heyri\u00f0! \u00fe\u00e1 skal y\u00f0ar s\u00e1la lifa. Eg vil gj\u00f6ra vi\u00f0 y\u00f0ur eil\u00edfan s\u00e1ttm\u00e1la, Dav\u00ed\u00f0s sta\u00f0fasta l\u00edknars\u00e1ttm\u00e1la.<a name=\"4\"><span class=\"versanumer\">4<\/span><\/a>Sj\u00e1, eg setti hann sem vitnismann fyrir \u00fej\u00f3\u00f0irnar, og gj\u00f6r\u00f0i hann a\u00f0 h\u00f6f\u00f0ingja og l\u00f6ggjafa \u00fej\u00f3\u00f0anna.<a name=\"5\"><span class=\"versanumer\">5<\/span><\/a>Sj\u00e1, \u00fe\u00fa skalt kalla til \u00fe\u00edn \u00fe\u00e6r \u00fej\u00f3\u00f0ir, sem \u00fe\u00fa \u00feekkir ekki, og \u00fe\u00e6r \u00fej\u00f3\u00f0ir, sem ekki \u00feekkja \u00feig, skulu hra\u00f0a s\u00e9r til \u00fe\u00edn, vegna Drottins, \u00fe\u00edns Gu\u00f0s, og hins heilaga \u00cdsraels Gu\u00f0s, \u00fev\u00ed hann gj\u00f6rir \u00feig vegsamlega.<a name=\"6\"><span class=\"versanumer\">6<\/span><\/a>Leiti\u00f0 Drottins, me\u00f0an hann er a\u00f0 finna! Kalli\u00f0 \u00e1 hann, me\u00f0an hann er n\u00e1l\u00e6gur!<a name=\"7\"><span class=\"versanumer\">7<\/span><\/a>Hinn \u00f3gu\u00f0legi l\u00e1ti af sinni breytni, og illvirkinn af sinni hugsan, og sn\u00fai s\u00e9r til Drottins, \u00fe\u00e1 mun hann miskunna honum, og til vors Gu\u00f0s, \u00fev\u00ed hann er f\u00fas \u00e1 a\u00f0 fyrirgefa.<a name=\"8\"><span class=\"versanumer\">8<\/span><\/a>M\u00ednar hugsanir eru ekki y\u00f0ar hugsanir, og y\u00f0ar vegir ekki m\u00ednir vegir, segir Drottinn;<a name=\"9\"><span class=\"versanumer\">9<\/span><\/a>heldur, svo miklu sem himinninn er h\u00e6rri en j\u00f6r\u00f0in, svo miklu h\u00e6rri eru m\u00ednir vegir y\u00f0rum vegum, og m\u00ednar hugsanir y\u00f0rum hugsunum.<a name=\"10\"><span class=\"versanumer\">10<\/span><\/a>\u00dev\u00ed eins og regn og snj\u00f3r fellur af himni ofan, og hverfur ei \u00feanga\u00f0 aftur, heldur v\u00f6kvar j\u00f6r\u00f0ina, gj\u00f6rir hana frj\u00f3vsama og gr\u00f3andi; og gefur fr\u00e6 til f\u00e6\u00f0is og brau\u00f0 til f\u00e6\u00f0slu:<a name=\"11\"><span class=\"versanumer\">11<\/span><\/a>eins er mitt or\u00f0, \u00fea\u00f0 er \u00fat gengur af munni m\u00ednum; \u00fea\u00f0 hverfur ekki t\u00f3mt aftur til m\u00edn, heldur framkv\u00e6mir \u00fea\u00f0, sem m\u00e9r vel l\u00edkar, og kemur \u00fev\u00ed grei\u00f0ilega til vegar, sem eg hefi til \u00e6tlast.<a name=\"12\"><span class=\"versanumer\">12<\/span><\/a>J\u00e1, me\u00f0 gle\u00f0i skulu\u00f0 \u00fe\u00e9r \u00fat fara, og \u00ed fri\u00f0i \u00fatleiddir ver\u00f0a. Fj\u00f6ll og h\u00e1lsar skulu upp hefja fagna\u00f0ars\u00f6ng fyrir y\u00f0ur, og \u00f6ll sk\u00f3gartr\u00e9n klappa lof \u00ed l\u00f3fa.<a name=\"13\"><span class=\"versanumer\">13<\/span><\/a>\u00cd sta\u00f0 \u00feyrna skal fura upp vaxa, \u00ed sta\u00f0 \u00feistla myrtusvi\u00f0ur; og \u00feetta skal ver\u00f0a Drottni til lofs og eil\u00edfrar minningar, sem aldrei mun afm\u00e1\u00f0 ver\u00f0a.<\/p>\n<div class=\"footnoteVidey\"><\/div>\n","protected":false},"excerpt":{"rendered":"<p>Upphvatning til yfirb\u00f3tar; Gu\u00f0s r\u00e1\u00f0st\u00f6fun, \u00e6\u00f0ri \u00f6llum mannlegum skilningi, og hans fyrirheit \u00f3brig\u00f0ul. 1Heyri\u00f0, allir \u00fe\u00e9r sem \u00feyrstir eru\u00f0, gangi\u00f0 til vatnsins! \u00fe\u00e9r, sem ekkert silfur hafi\u00f0, komi\u00f0 og kaupi\u00f0 f\u00e6\u00f0slu! komi\u00f0 og kaupi\u00f0, \u00e1n silfurs og \u00f3keypis, b\u00e6\u00f0i v\u00edn og mj\u00f3lk!2Hv\u00ed rei\u00f0i\u00f0 \u00fe\u00e9r silfur fyrir \u00fea\u00f0, sem ekki er matur? og l\u00e1ti\u00f0 atvinnu y\u00f0ra fyrir \u00fea\u00f0, sem ekki er til sa\u00f0nings? Heyri\u00f0 m\u00e9r, neyti\u00f0 \u00feess sem gott er, og l\u00e1ti\u00f0 y\u00f0ra s\u00e1lu una vi\u00f0 \u00fea\u00f0, sem feitt er.3Hneigi\u00f0 hinga\u00f0 eyru y\u00f0ar, og komi\u00f0 til m\u00edn; heyri\u00f0! \u00fe\u00e1 skal y\u00f0ar s\u00e1la lifa. Eg vil gj\u00f6ra vi\u00f0 y\u00f0ur eil\u00edfan s\u00e1ttm\u00e1la, Dav\u00ed\u00f0s <a href=\"https:\/\/biblian.is\/videy\/jesaja-55-kafli\/\"> [&#8230;]<\/a><\/p>\n","protected":false},"author":1,"featured_media":0,"parent":0,"menu_order":0,"comment_status":"open","ping_status":"open","template":"bibliukaflar.php","meta":{"footnotes":""},"class_list":["post-21583","page","type-page","status-publish","hentry"],"_links":{"self":[{"href":"https:\/\/biblian.is\/videy\/wp-json\/wp\/v2\/pages\/21583","targetHints":{"allow":["GET"]}}],"collection":[{"href":"https:\/\/biblian.is\/videy\/wp-json\/wp\/v2\/pages"}],"about":[{"href":"https:\/\/biblian.is\/videy\/wp-json\/wp\/v2\/types\/page"}],"author":[{"embeddable":true,"href":"https:\/\/biblian.is\/videy\/wp-json\/wp\/v2\/users\/1"}],"replies":[{"embeddable":true,"href":"https:\/\/biblian.is\/videy\/wp-json\/wp\/v2\/comments?post=21583"}],"version-history":[{"count":0,"href":"https:\/\/biblian.is\/videy\/wp-json\/wp\/v2\/pages\/21583\/revisions"}],"wp:attachment":[{"href":"https:\/\/biblian.is\/videy\/wp-json\/wp\/v2\/media?parent=21583"}],"curies":[{"name":"wp","href":"https:\/\/api.w.org\/{rel}","templated":true}]}}