{"id":21582,"date":"2018-01-02T01:02:48","date_gmt":"2018-01-02T01:02:48","guid":{"rendered":"http:\/\/biblian.is\/videy\/jesaja-54-kafli\/"},"modified":"2018-01-02T01:02:48","modified_gmt":"2018-01-02T01:02:48","slug":"jesaja-54-kafli","status":"publish","type":"page","link":"https:\/\/biblian.is\/videy\/jesaja-54-kafli\/","title":{"rendered":"Jesaja 54. kafli"},"content":{"rendered":"<div class=\"fyrirsognVidey\">Hv\u00f6rsu Gy\u00f0inga\u00fej\u00f3\u00f0 skyldi eflast og \u00fatbrei\u00f0ast, og um miskunnsemi og g\u00e6sku Gu\u00f0s vi\u00f0 sitt f\u00f3lk.<\/div>\n<p><a name=\"1\"><span class=\"versanumer\">1<\/span><\/a>Vert gl\u00f6\u00f0, \u00fe\u00fa \u00f3byrja, sem ekki hefir f\u00e6tt! Hef upp fagna\u00f0ars\u00f6ng, \u00fe\u00fa sem ekki hefir barn ali\u00f0! \u00fev\u00ed b\u00f6rn hinnar yfirgefnu eru fleiri, en hinnar, sem manni er gift, segir Drottinn.<a name=\"2\"><span class=\"versanumer\">2<\/span><\/a>R\u00fdmka \u00fe\u00fa \u00fat tjaldb\u00fa\u00f0 \u00fe\u00edna, f\u00e6r \u00fat b\u00fa\u00f0artj\u00f6ld \u00fe\u00edn, og drag ekki af, teyg tjaldst\u00f6gin langt \u00fat, og rek fast h\u00e6lana!<a name=\"3\"><span class=\"versanumer\">3<\/span><\/a>\u00dev\u00ed \u00fe\u00fa skalt f\u00e6ra \u00feig \u00fat til h\u00e6gri og vinstri handar, og afsprengi \u00feitt skal eignast l\u00f6nd hei\u00f0ingjanna, og byggja hinar eyddu borgir.<a name=\"4\"><span class=\"versanumer\">4<\/span><\/a>\u00d3ttast eigi, \u00fev\u00ed \u00fe\u00fa skalt eigi til skammar ver\u00f0a! vert eigi blj\u00fag, \u00fev\u00ed \u00fe\u00fa skalt eigi a\u00f0 spotti ver\u00f0a; \u00fe\u00fa skalt gleyma vanvir\u00f0u \u00fe\u00edns meyd\u00f3ms <span class='VideyAth'>a)<\/span>, og ekki minnast framar \u00e1 sv\u00edvir\u00f0ingu \u00fe\u00edns ekkjud\u00f3ms <span class='VideyAth'>b)<\/span>;<a name=\"5\"><span class=\"versanumer\">5<\/span><\/a>\u00fev\u00ed hann sem sk\u00f3p \u00feig, hann er eiginma\u00f0ur \u00feinn: Drottinn allsherjar er hans nafn; hinn heilagi \u00cdsraels Gu\u00f0 er \u00feinn frelsari; hann heitir Gu\u00f0 gj\u00f6rvallrar veraldar.<a name=\"6\"><span class=\"versanumer\">6<\/span><\/a>Drottinn \u00e1l\u00edtur \u00feig sem yfirgefna og harm\u00ferungna kvinnu, sem konu \u00fe\u00e1, er gifst hefir ung, en veri\u00f0 s\u00ed\u00f0an ein l\u00e1tin, segir \u00feinn Gu\u00f0.<a name=\"7\"><span class=\"versanumer\">7<\/span><\/a>Um skammrar stundar sakir yfirgaf eg \u00feig, en me\u00f0 st\u00f3rri miskunnsemi vil eg \u00feig aftur a\u00f0 m\u00e9r taka.<a name=\"8\"><span class=\"versanumer\">8<\/span><\/a>Eg byrg\u00f0a mitt auglit fyrir \u00fe\u00e9r um stund, \u00ed ofurrei\u00f0i minni, en me\u00f0 eil\u00edfri l\u00edkn vil eg miskunna \u00fe\u00e9r, segir Drottinn, \u00feinn endurlausnari.<a name=\"9\"><span class=\"versanumer\">9<\/span><\/a>Eg vil n\u00fa gj\u00f6ra, eins og eg gj\u00f6r\u00f0i \u00ed N\u00f3afl\u00f3\u00f0i: eins og eg s\u00f3r \u00fe\u00e1, a\u00f0 N\u00f3a fl\u00f3\u00f0 skyldi ekki framar yfir j\u00f6r\u00f0ina ganga, eins sver eg n\u00fa, a\u00f0 eg skal ekki rei\u00f0ast vi\u00f0 \u00feig og ekki \u00f3gna \u00fe\u00e9r.<a name=\"10\"><span class=\"versanumer\">10<\/span><\/a>Fj\u00f6llin f\u00e6rast \u00far sta\u00f0, og h\u00e1lsarnir ri\u00f0a, en m\u00edn miskunnsemi vi\u00f0 \u00feig skal ekki \u00far sta\u00f0 f\u00e6rast, og minn fri\u00f0ars\u00e1ttm\u00e1li ekki raskast, segir Drottinn, \u00feinn miskunnari.<a name=\"11\"><span class=\"versanumer\">11<\/span><\/a>\u00de\u00fa ves\u00e6la, hrj\u00e1\u00f0a og huggunarlausa borg! Sj\u00e1 \u00fe\u00fa! eg vil l\u00edma g\u00f3lfsteina \u00fe\u00edna me\u00f0 augnati, og leggja grundv\u00f6ll \u00feinn af saffirsteinum;<a name=\"12\"><span class=\"versanumer\">12<\/span><\/a>eg vil gj\u00f6ra m\u00fartinda \u00fe\u00edna af r\u00fab\u00ednum, borgarhli\u00f0 \u00fe\u00edn af gl\u00f3steinum, og \u00f6ll umm\u00f6rk \u00fe\u00edn af d\u00fdrum gimsteinum.<a name=\"13\"><span class=\"versanumer\">13<\/span><\/a>\u00d6ll b\u00f6rn \u00fe\u00edn skulu menntu\u00f0 vera af Drottni, og nj\u00f3ta g\u00f3\u00f0s fri\u00f0ar.<a name=\"14\"><span class=\"versanumer\">14<\/span><\/a>Fyrir r\u00e9ttl\u00e6ti\u00f0 skaltu st\u00f6\u00f0ug standa, firr\u00f0 \u00f6llu ofr\u00edki, sem \u00fe\u00fa eigi skalt \u00feurfa a\u00f0 \u00f3ttast, og allri skelfingu sem eigi skal n\u00e1lgast \u00feig.<a name=\"15\"><span class=\"versanumer\">15<\/span><\/a>Sj\u00e1 \u00fe\u00fa! vilji nokkur \u00e1reita \u00feig, \u00fe\u00e1 skal s\u00e1 a\u00f0 engu ver\u00f0a gj\u00f6r\u00f0ur af m\u00e9r; s\u00e1 sem ofs\u00e6kir \u00feig, skal falla fyrir \u00fe\u00e9r.<a name=\"16\"><span class=\"versanumer\">16<\/span><\/a>Sj\u00e1! eg skapa smi\u00f0inn, sem bl\u00e6s a\u00f0 kolaeldinum, og \u00fatlei\u00f0ir \u00fea\u00f0an vopnin me\u00f0 hagleik s\u00ednum; eg skapa l\u00edka styrjaldarmanninn til a\u00f0 ey\u00f0ileggja <span class='VideyAth'>(beita vopnunum til ey\u00f0ileggingar)<\/span>.<a name=\"17\"><span class=\"versanumer\">17<\/span><\/a>Engi vopn, sem sm\u00ed\u00f0u\u00f0 ver\u00f0a m\u00f3ti \u00fe\u00e9r, skulu ver\u00f0a sigurv\u00e6nleg, og allar tungur, sem upp r\u00edsa gegn \u00fe\u00e9r, skalt\u00fa \u00ed d\u00f3minum sigra. \u00deetta er hlutfall \u00fej\u00f3na Drottins, og \u00feau laun, sem \u00feeir f\u00e1 hj\u00e1 m\u00e9r, segir Drottinn.<\/p>\n<div class=\"footnoteVidey\">V. 4. a. \u00c1nau\u00f0 Gy\u00f0inga \u00ed Egyptalandi. b. Babels herlei\u00f0ingu.<\/div>\n","protected":false},"excerpt":{"rendered":"<p>Hv\u00f6rsu Gy\u00f0inga\u00fej\u00f3\u00f0 skyldi eflast og \u00fatbrei\u00f0ast, og um miskunnsemi og g\u00e6sku Gu\u00f0s vi\u00f0 sitt f\u00f3lk. 1Vert gl\u00f6\u00f0, \u00fe\u00fa \u00f3byrja, sem ekki hefir f\u00e6tt! Hef upp fagna\u00f0ars\u00f6ng, \u00fe\u00fa sem ekki hefir barn ali\u00f0! \u00fev\u00ed b\u00f6rn hinnar yfirgefnu eru fleiri, en hinnar, sem manni er gift, segir Drottinn.2R\u00fdmka \u00fe\u00fa \u00fat tjaldb\u00fa\u00f0 \u00fe\u00edna, f\u00e6r \u00fat b\u00fa\u00f0artj\u00f6ld \u00fe\u00edn, og drag ekki af, teyg tjaldst\u00f6gin langt \u00fat, og rek fast h\u00e6lana!3\u00dev\u00ed \u00fe\u00fa skalt f\u00e6ra \u00feig \u00fat til h\u00e6gri og vinstri handar, og afsprengi \u00feitt skal eignast l\u00f6nd hei\u00f0ingjanna, og byggja hinar eyddu borgir.4\u00d3ttast eigi, \u00fev\u00ed \u00fe\u00fa skalt eigi til skammar ver\u00f0a! vert eigi blj\u00fag, \u00fev\u00ed <a href=\"https:\/\/biblian.is\/videy\/jesaja-54-kafli\/\"> [&#8230;]<\/a><\/p>\n","protected":false},"author":1,"featured_media":0,"parent":0,"menu_order":0,"comment_status":"open","ping_status":"open","template":"bibliukaflar.php","meta":{"footnotes":""},"class_list":["post-21582","page","type-page","status-publish","hentry"],"_links":{"self":[{"href":"https:\/\/biblian.is\/videy\/wp-json\/wp\/v2\/pages\/21582","targetHints":{"allow":["GET"]}}],"collection":[{"href":"https:\/\/biblian.is\/videy\/wp-json\/wp\/v2\/pages"}],"about":[{"href":"https:\/\/biblian.is\/videy\/wp-json\/wp\/v2\/types\/page"}],"author":[{"embeddable":true,"href":"https:\/\/biblian.is\/videy\/wp-json\/wp\/v2\/users\/1"}],"replies":[{"embeddable":true,"href":"https:\/\/biblian.is\/videy\/wp-json\/wp\/v2\/comments?post=21582"}],"version-history":[{"count":0,"href":"https:\/\/biblian.is\/videy\/wp-json\/wp\/v2\/pages\/21582\/revisions"}],"wp:attachment":[{"href":"https:\/\/biblian.is\/videy\/wp-json\/wp\/v2\/media?parent=21582"}],"curies":[{"name":"wp","href":"https:\/\/api.w.org\/{rel}","templated":true}]}}