{"id":21579,"date":"2018-01-02T01:02:48","date_gmt":"2018-01-02T01:02:48","guid":{"rendered":"http:\/\/biblian.is\/videy\/jesaja-51-kafli\/"},"modified":"2018-01-02T01:02:48","modified_gmt":"2018-01-02T01:02:48","slug":"jesaja-51-kafli","status":"publish","type":"page","link":"https:\/\/biblian.is\/videy\/jesaja-51-kafli\/","title":{"rendered":"Jesaja 51. kafli"},"content":{"rendered":"<div class=\"fyrirsognVidey\">D\u00e6mi Abrahams; alm\u00e1ttur Drottins; frelsun Gu\u00f0s f\u00f3lks undan ofurvaldi Babelsmanna.<\/div>\n<p><a name=\"1\"><span class=\"versanumer\">1<\/span><\/a>Heyri\u00f0 m\u00e9r, sem s\u00e6kist eftir r\u00e9ttl\u00e6tinu, \u00fe\u00e9r sem leiti\u00f0 Drottins! L\u00edti\u00f0 \u00e1 \u00fea\u00f0 hellubjargi\u00f0, sem \u00fe\u00e9r eru\u00f0 af h\u00f6ggnir, \u00e1 \u00fe\u00e1 bjargskoruna, sem \u00fe\u00e9r eru\u00f0 \u00far grafnir.<a name=\"2\"><span class=\"versanumer\">2<\/span><\/a>L\u00edti\u00f0 \u00e1 Abraham, y\u00f0varn f\u00f6\u00f0ur, og \u00e1 S\u00f6ru, sem \u00f3l y\u00f0ur! \u00dev\u00ed barnlausan kalla\u00f0i eg hann, eg blessa\u00f0i hann og j\u00f3k kyn hans.<a name=\"3\"><span class=\"versanumer\">3<\/span><\/a>Eins mun Drottinn l\u00edkna S\u00edonsborg, og miskunna sig yfir allar hennar ni\u00f0urbrotnu borgarr\u00fastir; hann mun gj\u00f6ra hennar au\u00f0n sem Eden, og hennar \u00f3bygg\u00f0 sem aldingar\u00f0 Drottins; f\u00f6gnu\u00f0ur og gle\u00f0i, lofs\u00f6ngur og fagna\u00f0ar raust skal finnast \u00ed henni.<a name=\"4\"><span class=\"versanumer\">4<\/span><\/a>Gef gaum a\u00f0 m\u00e9r, mitt f\u00f3lk! Hlusta til, minn l\u00fd\u00f0ur! \u00fev\u00ed fr\u00e1 m\u00e9r mun l\u00f6gm\u00e1l \u00fatganga, og eg mun setja m\u00edn bo\u00f0or\u00f0 til lj\u00f3ss fyrir \u00fej\u00f3\u00f0irnar.<a name=\"5\"><span class=\"versanumer\">5<\/span><\/a>Mitt r\u00e9ttl\u00e6ti er n\u00e1l\u00e6gt, mitt hj\u00e1lpr\u00e6\u00f0i er \u00e1 lei\u00f0inni; m\u00ednir armleggir munu \u00far m\u00e1lum skera milli \u00fej\u00f3\u00f0anna: fjarl\u00e6gar lands\u00e1lfur v\u00e6nta m\u00edn, og b\u00ed\u00f0a eftir m\u00ednum armlegg.<a name=\"6\"><span class=\"versanumer\">6<\/span><\/a>Hefji\u00f0 y\u00f0ar augu til himins, og l\u00edti\u00f0 \u00e1 j\u00f6r\u00f0ina h\u00e9r ni\u00f0ri! Himinninn, hann hverfur sem reykur: j\u00f6r\u00f0in fyrnist sem kl\u00e6\u00f0i, og \u00feeir sem \u00e1 henni b\u00faa, deyja sem m\u00fd; en mitt hj\u00e1lpr\u00e6\u00f0i varir eil\u00edflega, og mitt r\u00e9ttl\u00e6ti mun aldrei linna.<a name=\"7\"><span class=\"versanumer\">7<\/span><\/a>Heyri\u00f0 m\u00e9r, \u00fe\u00e9r sem \u00feekki\u00f0 r\u00e9ttl\u00e6ti\u00f0, \u00fe\u00e9r l\u00fd\u00f0ir, sem leggi\u00f0 mitt l\u00f6gm\u00e1l y\u00f0ur \u00e1 hjarta! \u00d3ttist eigi spott manna, og hr\u00e6\u00f0ist eigi sm\u00e1naryr\u00f0i \u00feeirra;<a name=\"8\"><span class=\"versanumer\">8<\/span><\/a>\u00fev\u00ed m\u00f6lurinn mun eta \u00fe\u00e1, sem kl\u00e6\u00f0i, og ma\u00f0kurinn, eins og ull; en mitt r\u00e9ttl\u00e6ti varir a\u00f0 eil\u00edfu, og mitt hj\u00e1lpr\u00e6\u00f0i fr\u00e1 einni kynsl\u00f3\u00f0 til annarrar.<br \/><a name=\"9\"><span class=\"versanumer\">9<\/span><\/a>Hef \u00feig upp, hef \u00feig upp, \u00edkl\u00e6\u00f0 \u00feig styrkleika, \u00fe\u00fa armleggur Drottins! Hef \u00feig upp, eins og for\u00f0um daga, eins og \u00ed fyrndinni! Ert\u00fa \u00fea\u00f0 ekki, sem ey\u00f0ilag\u00f0ir Rahabsland <span class='VideyAth'>a)<\/span>, og bana\u00f0ir vatnsskr\u00edmslinu <span class='VideyAth'>b)<\/span>?<a name=\"10\"><span class=\"versanumer\">10<\/span><\/a>Ert\u00fa \u00fea\u00f0 ekki, sem upp\u00feurrka\u00f0ir hafi\u00f0, v\u00f6tn hins st\u00f3ra sj\u00e1vargeims, og gj\u00f6r\u00f0ir sj\u00e1vardj\u00fapi\u00f0 a\u00f0 f\u00e6rum vegi fyrir hina frelsu\u00f0u? <br \/><a name=\"11\"><span class=\"versanumer\">11<\/span><\/a>Hinir endurleystu Drottins skulu aftur hverfa, og koma me\u00f0 fagna\u00f0i til S\u00edonsborgar; eil\u00edf gle\u00f0i skal leika yfir h\u00f6f\u00f0i \u00feeim, f\u00f6gnu\u00f0ur og k\u00e6ti skal leika yfir h\u00f6f\u00f0i \u00feeim, f\u00f6gnu\u00f0ur og k\u00e6ti skal falla \u00ed \u00feeirra skaut, en hrygg\u00f0 og andvarpan \u00e1 burtu v\u00edkja.<a name=\"12\"><span class=\"versanumer\">12<\/span><\/a>Eg, eg er s\u00e1, sem hugga y\u00f0ur. Hv\u00f6r ert\u00fa \u00fe\u00e1, a\u00f0 \u00fe\u00fa skulir hr\u00e6dd vera vi\u00f0 mennina, sem eiga a\u00f0 deyja, og mannanna b\u00f6rn, sem ver\u00f0a eins og grasi\u00f0;<a name=\"13\"><span class=\"versanumer\">13<\/span><\/a>a\u00f0 \u00fe\u00fa skulir gleyma Drottni, sem sk\u00f3p \u00feig, honum sem \u00fat\u00feandi himininn og grundvalla\u00f0i j\u00f6r\u00f0ina; a\u00f0 \u00fe\u00fa skulir \u00e1vallt hv\u00f6rn dag vera skj\u00e1lfandi fyrir heift k\u00fagarans, \u00feegar hann b\u00fdr sig til hro\u00f0averkanna? En hva\u00f0 ver\u00f0ur \u00far heift ofr\u00edkismannsins?<a name=\"14\"><span class=\"versanumer\">14<\/span><\/a>Br\u00e1\u00f0um skulu hinir nau\u00f0beyg\u00f0u lausir ver\u00f0a; \u00feeir skulu ekki deyja \u00ed d\u00fdflissunni, og engan skort hafa \u00e1 f\u00e6\u00f0slu.<a name=\"15\"><span class=\"versanumer\">15<\/span><\/a>\u00dev\u00ed eg em Drottinn, \u00feinn Gu\u00f0, sem \u00e6si sj\u00e1varhafi\u00f0, svo a\u00f0 \u00feess bylgjur \u00fej\u00f3ta; Drottinn allsherjar er hans nafn.<a name=\"16\"><span class=\"versanumer\">16<\/span><\/a>Eg legg m\u00edn or\u00f0 \u00ed munn \u00fe\u00e9r, og sk\u00fdli \u00fe\u00e9r undir skugganum minnar handar, til \u00feess a\u00f0 \u00fat\u00feenja <span class='VideyAth'>(n\u00fdjan)<\/span> himin og grundvalla <span class='VideyAth'>(n\u00fdja)<\/span> j\u00f6r\u00f0, og segja til S\u00edonsborgar: \u201e\u00fe\u00fa ert minn l\u00fd\u00f0ur\u201c.<br \/><a name=\"17\"><span class=\"versanumer\">17<\/span><\/a>Vakna \u00fe\u00fa, vakna \u00fe\u00fa! r\u00eds upp, Jer\u00fasalemsborg, \u00fe\u00fa sem af Drottins hendi me\u00f0t\u00f3kst hans rei\u00f0ibikar, og drakkst hann, \u00fe\u00fa sem berg\u00f0ir \u00e1 hinum v\u00ed\u00f0a ofdrykkjubikarnum, og drakkst hann \u00ed botn!<a name=\"18\"><span class=\"versanumer\">18<\/span><\/a>Af \u00f6llum \u00feeim sonum, sem \u00fe\u00fa haf\u00f0ir ali\u00f0, var ekki nokkur einn, sem leiddi \u00feig; af \u00f6llum \u00feeim sonum, sem \u00fe\u00fa haf\u00f0ir uppf\u00e6tt, var enginn, sem t\u00e6ki \u00ed h\u00f6nd \u00fe\u00edna:<a name=\"19\"><span class=\"versanumer\">19<\/span><\/a>\u00feetta hv\u00f6rttveggja henti \u00feig! Hv\u00f6r aumka\u00f0i \u00feig?\u2014Enn ey\u00f0ileggingin og umturnunin og hungri\u00f0 og sver\u00f0i\u00f0!\u2014Hv\u00f6rsu f\u00e6 eg hugga\u00f0 \u00feig?<a name=\"20\"><span class=\"versanumer\">20<\/span><\/a>Synir \u00fe\u00ednir li\u00f0u \u00ed \u00f3megin, og l\u00e1gu \u00e1 \u00f6llum str\u00e6tam\u00f3tum, eins og sk\u00f3garuxi \u00ed neti, fullir af rei\u00f0i Drottins og \u00f3gnaror\u00f0um \u00fe\u00edns Gu\u00f0s.<a name=\"21\"><span class=\"versanumer\">21<\/span><\/a>\u00dear fyrir heyr \u00fe\u00fa n\u00fa, \u00fe\u00fa hin ves\u00e6la borg, \u00fe\u00fa sem ert drukkin, enn \u00fe\u00f3tt ekki af v\u00edni:<a name=\"22\"><span class=\"versanumer\">22<\/span><\/a>Svo segir Drottinn, \u00feinn alvaldur, og \u00feinn Gu\u00f0, sem r\u00e9ttir hlut s\u00edns f\u00f3lks: Sj\u00e1 \u00fe\u00fa, eg tek \u00far hendi \u00feinni ofdrykkjubikarinn, \u00feann hinn v\u00ed\u00f0a rei\u00f0ibikar minn; \u00fe\u00fa skalt ekki framar \u00e1 honum bergja.<a name=\"23\"><span class=\"versanumer\">23<\/span><\/a>Eg f\u00e6 hann \u00ed hendur \u00feeim, sem angra \u00feig, \u00feeim er s\u00f6g\u00f0u til \u00fe\u00edn: \u201evarpa \u00fe\u00e9r ni\u00f0ur, svo v\u00e9r getum gengi\u00f0 \u00e1 \u00fe\u00e9r!\u201c Og \u00fe\u00e1 gj\u00f6r\u00f0ir \u00fe\u00fa hrygg \u00feinn a\u00f0 sl\u00e9ttri grund og a\u00f0 g\u00f6tu til a\u00f0 ganga \u00e1.<\/p>\n<div class=\"footnoteVidey\">V. 9. a. Rahabsland, Egyptaland, b. vatnsskr\u00edmsli\u00f0, kr\u00f3k\u00f3d\u00edlinn \u00ed \u00e1nni N\u00edl, \u00fe. e. fara\u00f3, sj\u00e1 Esek. 29.  V. 17. \u00deegar si\u00f0aspillingin ver\u00f0ur svo megn \u00ed heiminum, a\u00f0 heil r\u00edki og l\u00f6nd fyrir \u00fe\u00e1 skuld ver\u00f0a \u00ed ey\u00f0i l\u00f6g\u00f0, og \u00fej\u00f3\u00f0irnar a\u00f0 engu gj\u00f6r\u00f0ar, \u00fe\u00e1 hafa sp\u00e1mennirnir \u00fea\u00f0 or\u00f0atilt\u00e6ki a\u00f0 Gu\u00f0 gefi \u00fej\u00f3\u00f0unum sinn rei\u00f0ibikar a\u00f0 drekka, og gj\u00f6ri \u00fe\u00e6r drukknar og r\u00e1\u00f0lausar, og \u00fev\u00ed kalla \u00feeir \u00feenna rei\u00f0ibikar Gu\u00f0s, ofdrykkju- (vitleysu e\u00f0a r\u00e1\u00f0leysu-) bikar, Jer. 25,15.16.  V. 6. Mitt nafn, mitt alm\u00e6tti, minn m\u00e1tt til a\u00f0 frelsa \u00fej\u00f3\u00f0ina \u00far \u00e1nau\u00f0.<\/div>\n","protected":false},"excerpt":{"rendered":"<p>D\u00e6mi Abrahams; alm\u00e1ttur Drottins; frelsun Gu\u00f0s f\u00f3lks undan ofurvaldi Babelsmanna. 1Heyri\u00f0 m\u00e9r, sem s\u00e6kist eftir r\u00e9ttl\u00e6tinu, \u00fe\u00e9r sem leiti\u00f0 Drottins! L\u00edti\u00f0 \u00e1 \u00fea\u00f0 hellubjargi\u00f0, sem \u00fe\u00e9r eru\u00f0 af h\u00f6ggnir, \u00e1 \u00fe\u00e1 bjargskoruna, sem \u00fe\u00e9r eru\u00f0 \u00far grafnir.2L\u00edti\u00f0 \u00e1 Abraham, y\u00f0varn f\u00f6\u00f0ur, og \u00e1 S\u00f6ru, sem \u00f3l y\u00f0ur! \u00dev\u00ed barnlausan kalla\u00f0i eg hann, eg blessa\u00f0i hann og j\u00f3k kyn hans.3Eins mun Drottinn l\u00edkna S\u00edonsborg, og miskunna sig yfir allar hennar ni\u00f0urbrotnu borgarr\u00fastir; hann mun gj\u00f6ra hennar au\u00f0n sem Eden, og hennar \u00f3bygg\u00f0 sem aldingar\u00f0 Drottins; f\u00f6gnu\u00f0ur og gle\u00f0i, lofs\u00f6ngur og fagna\u00f0ar raust skal finnast \u00ed henni.4Gef gaum a\u00f0 m\u00e9r, mitt f\u00f3lk! <a href=\"https:\/\/biblian.is\/videy\/jesaja-51-kafli\/\"> [&#8230;]<\/a><\/p>\n","protected":false},"author":1,"featured_media":0,"parent":0,"menu_order":0,"comment_status":"open","ping_status":"open","template":"bibliukaflar.php","meta":{"footnotes":""},"class_list":["post-21579","page","type-page","status-publish","hentry"],"_links":{"self":[{"href":"https:\/\/biblian.is\/videy\/wp-json\/wp\/v2\/pages\/21579","targetHints":{"allow":["GET"]}}],"collection":[{"href":"https:\/\/biblian.is\/videy\/wp-json\/wp\/v2\/pages"}],"about":[{"href":"https:\/\/biblian.is\/videy\/wp-json\/wp\/v2\/types\/page"}],"author":[{"embeddable":true,"href":"https:\/\/biblian.is\/videy\/wp-json\/wp\/v2\/users\/1"}],"replies":[{"embeddable":true,"href":"https:\/\/biblian.is\/videy\/wp-json\/wp\/v2\/comments?post=21579"}],"version-history":[{"count":0,"href":"https:\/\/biblian.is\/videy\/wp-json\/wp\/v2\/pages\/21579\/revisions"}],"wp:attachment":[{"href":"https:\/\/biblian.is\/videy\/wp-json\/wp\/v2\/media?parent=21579"}],"curies":[{"name":"wp","href":"https:\/\/api.w.org\/{rel}","templated":true}]}}